000
CDUS41 KALY 200624
CLIPOU


CLIMATE REPORT
NATIONAL WEATHER SERVICE ALBANY NY
223 AM EDT SAT JUN 20 2015


...................................

...THE POUGHKEEPSIE NY CLIMATE SUMMARY FOR JUNE 19 2015...

CLIMATE NORMAL PERIOD 1981 TO 2010
CLIMATE RECORD PERIOD 1949 TO 2015


WEATHER ITEM   OBSERVED TIME   RECORD YEAR NORMAL DEPARTURE LAST
                VALUE   (LST)  VALUE       VALUE  FROM      YEAR
                                                  NORMAL
..................................................................
TEMPERATURE (F)
 YESTERDAY
  MAXIMUM         84    443 PM  91    1957  81      3       83
  MINIMUM         65   1159 PM  40    1956  57      8       56
  AVERAGE         75                        69      6       70

PRECIPITATION (IN)
  YESTERDAY        0.00          1.22 1972   0.14  -0.14     0.24
  MONTH TO DATE    2.31                      2.98  -0.67     1.83
  SINCE JUN 1      2.31                      2.98  -0.67     1.83
  SINCE JAN 1     12.98                     20.48  -7.50    15.86

DEGREE DAYS
 HEATING
  YESTERDAY        0                         1     -1        0
  MONTH TO DATE   40                        41     -1        6
  SINCE JUN 1     40                        41     -1        6
  SINCE JUL 1   6285                      6203     82     6350

 COOLING
  YESTERDAY       10                         5      5        5
  MONTH TO DATE   79                        64     15       66
  SINCE JUN 1     79                        64     15       66
  SINCE JAN 1    192                       100     92       99
..................................................................


WIND (MPH)
  HIGHEST WIND SPEED    14   HIGHEST WIND DIRECTION     N (20)
  HIGHEST GUST SPEED    20   HIGHEST GUST DIRECTION    NE (30)
  AVERAGE WIND SPEED     4.5


SKY COVER
  AVERAGE SKY COVER 0.6



RELATIVE HUMIDITY (PERCENT)
 HIGHEST    93           400 AM
 LOWEST     47           300 PM
 AVERAGE    70

..........................................................


THE POUGHKEEPSIE NY CLIMATE NORMALS FOR TODAY
                         NORMAL    RECORD    YEAR
 MAXIMUM TEMPERATURE (F)   81        96      2012
 MINIMUM TEMPERATURE (F)   57        45      1959


SUNRISE AND SUNSET
JUNE 20 2015..........SUNRISE   521 AM EDT   SUNSET   833 PM EDT
JUNE 21 2015..........SUNRISE   521 AM EDT   SUNSET   833 PM EDT


-  INDICATES NEGATIVE NUMBERS.
R  INDICATES RECORD WAS SET OR TIED.
MM INDICATES DATA IS MISSING.
T  INDICATES TRACE AMOUNT.




RECORDS FOR KPOU DATE BACK TO 1949...
HOWEVER...DATA IS MISSING FROM JANUARY 1993 - JULY 2000.
$$
