000
CDUS41 KALY 072041
CLIPOU


CLIMATE REPORT
NATIONAL WEATHER SERVICE ALBANY NY
440 PM EDT THU JUL 7 2016


...................................

...THE POUGHKEEPSIE NY CLIMATE SUMMARY FOR JULY 7 2016...
VALID TODAY AS OF 0400 PM LOCAL TIME.

CLIMATE NORMAL PERIOD 1981 TO 2010
CLIMATE RECORD PERIOD 1949 TO 2016


WEATHER ITEM   OBSERVED TIME   RECORD YEAR NORMAL DEPARTURE LAST
                VALUE   (LST)  VALUE       VALUE  FROM      YEAR
                                                  NORMAL
..................................................................
TEMPERATURE (F)
 TODAY
  MAXIMUM         90   1110 AM 101    2010  84      6       89
  MINIMUM         70    500 AM  44    1979  60     10       69
  AVERAGE         80                        72      8       79

PRECIPITATION (IN)
  TODAY            0.16          2.09 1976   0.13   0.03     0.05
  MONTH TO DATE    2.02                      0.92   1.10     0.50
  SINCE JUN 1      4.05                      5.35  -1.30     4.63
  SINCE JAN 1     16.21                     22.85  -6.64    15.30

DEGREE DAYS
 HEATING
  TODAY            0                         0      0        0
  MONTH TO DATE    0                         0      0        0
  SINCE JUN 1      8                        49    -41       46
  SINCE JUL 1      0                         0      0        0

 COOLING
  TODAY           15                         7      8       14
  MONTH TO DATE   68                        49     19       41
  SINCE JUN 1    239                       176     63      174
  SINCE JAN 1    320                       212    108      287
..................................................................


WIND (MPH)
  HIGHEST WIND SPEED    18   HIGHEST WIND DIRECTION    SW (230)
  HIGHEST GUST SPEED    27   HIGHEST GUST DIRECTION    SW (230)
  AVERAGE WIND SPEED     1.9


SKY COVER
  AVERAGE SKY COVER 0.0



RELATIVE HUMIDITY (PERCENT)
 HIGHEST    90           200 AM
 LOWEST     56          1100 AM
 AVERAGE    73

..........................................................


THE POUGHKEEPSIE NY CLIMATE NORMALS FOR TOMORROW
                         NORMAL    RECORD    YEAR
 MAXIMUM TEMPERATURE (F)   84        96      1988
 MINIMUM TEMPERATURE (F)   60        49      1979


SUNRISE AND SUNSET
JULY  7 2016..........SUNRISE   529 AM EDT   SUNSET   832 PM EDT
JULY  8 2016..........SUNRISE   530 AM EDT   SUNSET   832 PM EDT


-  INDICATES NEGATIVE NUMBERS.
R  INDICATES RECORD WAS SET OR TIED.
MM INDICATES DATA IS MISSING.
T  INDICATES TRACE AMOUNT.




RECORDS FOR KPOU DATE BACK TO 1949...
HOWEVER...DATA IS MISSING FROM JANUARY 1993 - JULY 2000.
$$
