000
CDUS41 KALY 230628
CLIPOU


CLIMATE REPORT
NATIONAL WEATHER SERVICE ALBANY NY
128 AM EST THU NOV 23 2017


...................................

...THE POUGHKEEPSIE NY CLIMATE SUMMARY FOR NOVEMBER 22 2017...

CLIMATE NORMAL PERIOD 1981 TO 2010
CLIMATE RECORD PERIOD 1949 TO 2017


WEATHER ITEM   OBSERVED TIME   RECORD YEAR NORMAL DEPARTURE LAST
                VALUE   (LST)  VALUE       VALUE  FROM      YEAR
                                                  NORMAL
..................................................................
TEMPERATURE (F)
 YESTERDAY
  MAXIMUM         47    221 PM  65    2007  50     -3       40
  MINIMUM         31   1220 AM  14    1984  30      1       31
                                      1972
  AVERAGE         39                        40     -1       36

PRECIPITATION (IN)
  YESTERDAY        0.03          1.74 1991   0.12  -0.09     0.00
  MONTH TO DATE    0.73                      2.52  -1.79     2.71
  SINCE SEP 1      6.35                     11.27  -4.92     6.18
  SINCE JAN 1     35.45                     42.05  -6.60    28.50

DEGREE DAYS
 HEATING
  YESTERDAY       26                        25      1       29
  MONTH TO DATE  527                       485     42      476
  SINCE SEP 1    844                      1044   -200      936
  SINCE JUL 1    864                      1061   -197      938

 COOLING
  YESTERDAY        0                         0      0        0
  MONTH TO DATE    0                         0      0        0
  SINCE SEP 1    144                        68     76      111
  SINCE JAN 1    718                       672     46     1053
..................................................................


WIND (MPH)
  HIGHEST WIND SPEED    20   HIGHEST WIND DIRECTION    NW (320)
  HIGHEST GUST SPEED    27   HIGHEST GUST DIRECTION    NW (320)
  AVERAGE WIND SPEED     5.4


SKY COVER
  AVERAGE SKY COVER 0.5



RELATIVE HUMIDITY (PERCENT)
 HIGHEST    93          1000 AM
 LOWEST     49           400 PM
 AVERAGE    71

..........................................................


THE POUGHKEEPSIE NY CLIMATE NORMALS FOR TODAY
                         NORMAL    RECORD    YEAR
 MAXIMUM TEMPERATURE (F)   49        69      1992
 MINIMUM TEMPERATURE (F)   29         9      1989


SUNRISE AND SUNSET
NOVEMBER 23 2017......SUNRISE   654 AM EST   SUNSET   429 PM EST
NOVEMBER 24 2017......SUNRISE   655 AM EST   SUNSET   429 PM EST


-  INDICATES NEGATIVE NUMBERS.
R  INDICATES RECORD WAS SET OR TIED.
MM INDICATES DATA IS MISSING.
T  INDICATES TRACE AMOUNT.




RECORDS FOR KPOU DATE BACK TO 1949...
HOWEVER...DATA IS MISSING FROM JANUARY 1993 - JULY 2000.
$$
