000
CDUS41 KALY 292046
CLIPOU


CLIMATE REPORT
NATIONAL WEATHER SERVICE ALBANY NY
445 PM EDT FRI MAY 29 2015


...................................

...THE POUGHKEEPSIE NY CLIMATE SUMMARY FOR MAY 29 2015...
VALID TODAY AS OF 0400 PM LOCAL TIME.

CLIMATE NORMAL PERIOD 1981 TO 2010
CLIMATE RECORD PERIOD 1949 TO 2015


WEATHER ITEM   OBSERVED TIME   RECORD YEAR NORMAL DEPARTURE LAST
                VALUE   (LST)  VALUE       VALUE  FROM      YEAR
                                                  NORMAL
..................................................................
TEMPERATURE (F)
 TODAY
  MAXIMUM         84    228 PM  96    1969  75      9       72
  MINIMUM         53    433 AM  35    2008  51      2       43
  AVERAGE         69                        63      6       58

PRECIPITATION (IN)
  TODAY            0.00          3.71 1984   0.16  -0.16     0.00
  MONTH TO DATE    1.41                      4.10  -2.69     2.55
  SINCE MAR 1      5.81                     11.45  -5.64     9.73
  SINCE JAN 1     10.11                     17.19  -7.08    14.01

DEGREE DAYS
 HEATING
  TODAY            0                         4     -4        7
  MONTH TO DATE   94                       215   -121      133
  SINCE MAR 1   1560                      1583    -23     1634
  SINCE JUL 1   6245                      6154     91     6337

 COOLING
  TODAY            4                         2      2        0
  MONTH TO DATE  104                        28     76       27
  SINCE MAR 1    104                        33     71       33
  SINCE JAN 1    104                        33     71       33
..................................................................


WIND (MPH)
  HIGHEST WIND SPEED    12   HIGHEST WIND DIRECTION    SW (240)
  HIGHEST GUST SPEED    14   HIGHEST GUST DIRECTION    SW (240)
  AVERAGE WIND SPEED     2.9


SKY COVER
  AVERAGE SKY COVER 0.0



RELATIVE HUMIDITY (PERCENT)
 HIGHEST    93           500 AM
 LOWEST     33           300 PM
 AVERAGE    63

..........................................................


THE POUGHKEEPSIE NY CLIMATE NORMALS FOR TOMORROW
                         NORMAL    RECORD    YEAR
 MAXIMUM TEMPERATURE (F)   75        92      1987
 MINIMUM TEMPERATURE (F)   51        36      1965


SUNRISE AND SUNSET
MAY 29 2015...........SUNRISE   525 AM EDT   SUNSET   821 PM EDT
MAY 30 2015...........SUNRISE   525 AM EDT   SUNSET   822 PM EDT


-  INDICATES NEGATIVE NUMBERS.
R  INDICATES RECORD WAS SET OR TIED.
MM INDICATES DATA IS MISSING.
T  INDICATES TRACE AMOUNT.




RECORDS FOR KPOU DATE BACK TO 1949...
HOWEVER...DATA IS MISSING FROM JANUARY 1993 - JULY 2000.
$$
