691
CDUS41 KALY 260624
CLIPOU


CLIMATE REPORT
NATIONAL WEATHER SERVICE ALBANY NY
223 AM EDT WED APR 26 2017


...................................

...THE POUGHKEEPSIE NY CLIMATE SUMMARY FOR APRIL 25 2017...

CLIMATE NORMAL PERIOD 1981 TO 2010
CLIMATE RECORD PERIOD 1949 TO 2017


WEATHER ITEM   OBSERVED TIME   RECORD YEAR NORMAL DEPARTURE LAST
                VALUE   (LST)  VALUE       VALUE  FROM      YEAR
                                                  NORMAL
..................................................................
TEMPERATURE (F)
 YESTERDAY
  MAXIMUM         57    305 PM  90    2009  65     -8       70
  MINIMUM         48    806 AM  23    1956  40      8       49
  AVERAGE         53                        52      1       60

PRECIPITATION (IN)
  YESTERDAY        0.33          1.27 1952   0.12   0.21     0.00
  MONTH TO DATE    2.35                      3.13  -0.78     1.52
  SINCE MAR 1      7.66                      6.70   0.96     2.56
  SINCE JAN 1     12.53                     12.44   0.09     8.24

DEGREE DAYS
 HEATING
  YESTERDAY       12                        13     -1        5
  MONTH TO DATE  345                       433    -88      406
  SINCE MAR 1   1340                      1307     33      989
  SINCE JUL 1   5382                      5878   -496     4521

 COOLING
  YESTERDAY        0                         0      0        0
  MONTH TO DATE    4                         0      4        4
  SINCE MAR 1      4                         0      4        4
  SINCE JAN 1      4                         0      4        4
..................................................................


WIND (MPH)
  HIGHEST WIND SPEED    14   HIGHEST WIND DIRECTION    NE (50)
  HIGHEST GUST SPEED    19   HIGHEST GUST DIRECTION    NE (30)
  AVERAGE WIND SPEED     5.9


SKY COVER
  AVERAGE SKY COVER 1.0



RELATIVE HUMIDITY (PERCENT)
 HIGHEST    93           900 AM
 LOWEST     43          1200 AM
 AVERAGE    68

..........................................................


THE POUGHKEEPSIE NY CLIMATE NORMALS FOR TODAY
                         NORMAL    RECORD    YEAR
 MAXIMUM TEMPERATURE (F)   65        90      2009
 MINIMUM TEMPERATURE (F)   40        26      1963


SUNRISE AND SUNSET
APRIL 26 2017.........SUNRISE   559 AM EDT   SUNSET   748 PM EDT
APRIL 27 2017.........SUNRISE   557 AM EDT   SUNSET   749 PM EDT


-  INDICATES NEGATIVE NUMBERS.
R  INDICATES RECORD WAS SET OR TIED.
MM INDICATES DATA IS MISSING.
T  INDICATES TRACE AMOUNT.




RECORDS FOR KPOU DATE BACK TO 1949...
HOWEVER...DATA IS MISSING FROM JANUARY 1993 - JULY 2000.
$$
