000
CDUS41 KALY 030625
CLIPOU


CLIMATE REPORT
NATIONAL WEATHER SERVICE ALBANY NY
124 AM EST SUN DEC 3 2017


...................................

...THE POUGHKEEPSIE NY CLIMATE SUMMARY FOR DECEMBER 2 2017...

CLIMATE NORMAL PERIOD 1981 TO 2010
CLIMATE RECORD PERIOD 1949 TO 2017


WEATHER ITEM   OBSERVED TIME   RECORD YEAR NORMAL DEPARTURE LAST
                VALUE   (LST)  VALUE       VALUE  FROM      YEAR
                                                  NORMAL
..................................................................
TEMPERATURE (F)
 YESTERDAY
  MAXIMUM         45    259 PM  64    1970  46     -1       49
  MINIMUM         21    723 AM   4    1967  27     -6       37
  AVERAGE         33                        36     -3       43

PRECIPITATION (IN)
  YESTERDAY        0.00          0.61 1974   0.12  -0.12      T
  MONTH TO DATE    0.01                      0.24  -0.23     0.29
  SINCE DEC 1      0.01                      0.24  -0.23     0.29
  SINCE JAN 1     35.55                     43.24  -7.69    30.81

DEGREE DAYS
 HEATING
  YESTERDAY       32                        29      3       22
  MONTH TO DATE   59                        58      1       42
  SINCE DEC 1     59                        58      1       42
  SINCE JUL 1   1142                      1336   -194     1188

 COOLING
  YESTERDAY        0                         0      0        0
  MONTH TO DATE    0                         0      0        0
  SINCE DEC 1      0                         0      0        0
  SINCE JAN 1    718                       672     46     1053
..................................................................


WIND (MPH)
  HIGHEST WIND SPEED     6   HIGHEST WIND DIRECTION    NW (330)
  HIGHEST GUST SPEED     6   HIGHEST GUST DIRECTION    NW (310)
  AVERAGE WIND SPEED     0.0


SKY COVER
  AVERAGE SKY COVER 0.2



RELATIVE HUMIDITY (PERCENT)
 HIGHEST    96           100 AM
 LOWEST     53           200 PM
 AVERAGE    75

..........................................................


THE POUGHKEEPSIE NY CLIMATE NORMALS FOR TODAY
                         NORMAL    RECORD    YEAR
 MAXIMUM TEMPERATURE (F)   45        65      2009
 MINIMUM TEMPERATURE (F)   26         4      1976


SUNRISE AND SUNSET
DECEMBER  3 2017......SUNRISE   705 AM EST   SUNSET   426 PM EST
DECEMBER  4 2017......SUNRISE   706 AM EST   SUNSET   425 PM EST


-  INDICATES NEGATIVE NUMBERS.
R  INDICATES RECORD WAS SET OR TIED.
MM INDICATES DATA IS MISSING.
T  INDICATES TRACE AMOUNT.




RECORDS FOR KPOU DATE BACK TO 1949...
HOWEVER...DATA IS MISSING FROM JANUARY 1993 - JULY 2000.
$$
