000
CDUS41 KALY 060624
CLIPOU


CLIMATE REPORT
NATIONAL WEATHER SERVICE ALBANY NY
223 AM EDT WED JUL 6 2016


...................................

...THE POUGHKEEPSIE NY CLIMATE SUMMARY FOR JULY 5 2016...

CLIMATE NORMAL PERIOD 1981 TO 2010
CLIMATE RECORD PERIOD 1949 TO 2016


WEATHER ITEM   OBSERVED TIME   RECORD YEAR NORMAL DEPARTURE LAST
                VALUE   (LST)  VALUE       VALUE  FROM      YEAR
                                                  NORMAL
..................................................................
TEMPERATURE (F)
 YESTERDAY
  MAXIMUM         89    603 PM 100    1955  84      5       83
  MINIMUM         70    500 AM  44    1979  60     10       56
  AVERAGE         80                        72      8       70

PRECIPITATION (IN)
  YESTERDAY        0.11          1.31 1956   0.12  -0.01     0.00
  MONTH TO DATE    1.86                      0.66   1.20     0.45
  SINCE JUN 1      3.89                      5.09  -1.20     4.58
  SINCE JAN 1     16.05                     22.59  -6.54    15.25

DEGREE DAYS
 HEATING
  YESTERDAY        0                         0      0        0
  MONTH TO DATE    0                         0      0        0
  SINCE JUN 1      8                        49    -41       46
  SINCE JUL 1      0                         0      0        0

 COOLING
  YESTERDAY       15                         7      8        5
  MONTH TO DATE   38                        35      3       20
  SINCE JUN 1    209                       162     47      153
  SINCE JAN 1    290                       198     92      266
..................................................................


WIND (MPH)
  HIGHEST WIND SPEED    12   HIGHEST WIND DIRECTION    SW (230)
  HIGHEST GUST SPEED    15   HIGHEST GUST DIRECTION     W (250)
  AVERAGE WIND SPEED     3.4


SKY COVER
  AVERAGE SKY COVER 0.6



RELATIVE HUMIDITY (PERCENT)
 HIGHEST    90           200 AM
 LOWEST     47           600 PM
 AVERAGE    69

..........................................................


THE POUGHKEEPSIE NY CLIMATE NORMALS FOR TODAY
                         NORMAL    RECORD    YEAR
 MAXIMUM TEMPERATURE (F)   84       102      2010
 MINIMUM TEMPERATURE (F)   60        44      1979


SUNRISE AND SUNSET
JULY  6 2016..........SUNRISE   528 AM EDT   SUNSET   832 PM EDT
JULY  7 2016..........SUNRISE   529 AM EDT   SUNSET   832 PM EDT


-  INDICATES NEGATIVE NUMBERS.
R  INDICATES RECORD WAS SET OR TIED.
MM INDICATES DATA IS MISSING.
T  INDICATES TRACE AMOUNT.




RECORDS FOR KPOU DATE BACK TO 1949...
HOWEVER...DATA IS MISSING FROM JANUARY 1993 - JULY 2000.
$$
