000
CDUS41 KALY 050652
CLIPOU


CLIMATE REPORT
NATIONAL WEATHER SERVICE ALBANY NY
251 AM EDT FRI MAY 5 2017


...................................

...THE POUGHKEEPSIE NY CLIMATE SUMMARY FOR MAY 4 2017...

CLIMATE NORMAL PERIOD 1981 TO 2010
CLIMATE RECORD PERIOD 1949 TO 2017


WEATHER ITEM   OBSERVED TIME   RECORD YEAR NORMAL DEPARTURE LAST
                VALUE   (LST)  VALUE       VALUE  FROM      YEAR
                                                  NORMAL
..................................................................
TEMPERATURE (F)
 YESTERDAY
  MAXIMUM         65    253 PM  92    2001  68     -3       53
  MINIMUM         32    513 AM  28    1985  43    -11       49
  AVERAGE         49                        55     -6       51

PRECIPITATION (IN)
  YESTERDAY        0.00          1.10 1984   0.13  -0.13     0.23
  MONTH TO DATE    0.03                      0.49  -0.46     1.20
  SINCE MAR 1      7.72                      7.84  -0.12     4.47
  SINCE JAN 1     12.59                     13.58  -0.99    10.15

DEGREE DAYS
 HEATING
  YESTERDAY       16                        10      6       14
  MONTH TO DATE   37                        42     -5       54
  SINCE MAR 1   1399                      1410    -11     1107
  SINCE JUL 1   5441                      5981   -540     4639

 COOLING
  YESTERDAY        0                         0      0        0
  MONTH TO DATE    0                         0      0        0
  SINCE MAR 1     17                         5     12        4
  SINCE JAN 1     17                         5     12        4
..................................................................


WIND (MPH)
  HIGHEST WIND SPEED    15   HIGHEST WIND DIRECTION    SE (150)
  HIGHEST GUST SPEED    23   HIGHEST GUST DIRECTION     S (180)
  AVERAGE WIND SPEED     4.5


SKY COVER
  AVERAGE SKY COVER 0.1



RELATIVE HUMIDITY (PERCENT)
 HIGHEST    96           500 AM
 LOWEST     22           200 PM
 AVERAGE    59

..........................................................


THE POUGHKEEPSIE NY CLIMATE NORMALS FOR TODAY
                         NORMAL    RECORD    YEAR
 MAXIMUM TEMPERATURE (F)   68        89      1949
 MINIMUM TEMPERATURE (F)   43        29      1974


SUNRISE AND SUNSET
MAY  5 2017...........SUNRISE   547 AM EDT   SUNSET   758 PM EDT
MAY  6 2017...........SUNRISE   546 AM EDT   SUNSET   759 PM EDT


-  INDICATES NEGATIVE NUMBERS.
R  INDICATES RECORD WAS SET OR TIED.
MM INDICATES DATA IS MISSING.
T  INDICATES TRACE AMOUNT.




RECORDS FOR KPOU DATE BACK TO 1949...
HOWEVER...DATA IS MISSING FROM JANUARY 1993 - JULY 2000.
$$
