000
CDUS41 KALY 240623
CLIPOU


CLIMATE REPORT
NATIONAL WEATHER SERVICE ALBANY NY
222 AM EDT SUN APR 24 2016


...................................

...THE POUGHKEEPSIE NY CLIMATE SUMMARY FOR APRIL 23 2016...

CLIMATE NORMAL PERIOD 1981 TO 2010
CLIMATE RECORD PERIOD 1949 TO 2016


WEATHER ITEM   OBSERVED TIME   RECORD YEAR NORMAL DEPARTURE LAST
                VALUE   (LST)  VALUE       VALUE  FROM      YEAR
                                                  NORMAL
..................................................................
TEMPERATURE (F)
 YESTERDAY
  MAXIMUM         66    311 PM  86    2007  64      2       48
  MINIMUM         50   1159 PM  21    1989  39     11       38
  AVERAGE         58                        52      6       43

PRECIPITATION (IN)
  YESTERDAY        T             0.87 2006   0.12  -0.12     0.00
  MONTH TO DATE    1.52                      2.89  -1.37     2.23
  SINCE MAR 1      2.56                      6.46  -3.90     4.40
  SINCE JAN 1      8.24                     12.20  -3.96     8.70

DEGREE DAYS
 HEATING
  YESTERDAY        7                        14     -7       22
  MONTH TO DATE  390                       407    -17      363
  SINCE MAR 1    973                      1281   -308     1364
  SINCE JUL 1   4505                      5852  -1347     6049

 COOLING
  YESTERDAY        0                         0      0        0
  MONTH TO DATE    4                         0      4        0
  SINCE MAR 1      4                         0      4        0
  SINCE JAN 1      4                         0      4        0
..................................................................


WIND (MPH)
  HIGHEST WIND SPEED    22   HIGHEST WIND DIRECTION     N (10)
  HIGHEST GUST SPEED    30   HIGHEST GUST DIRECTION    NE (30)
  AVERAGE WIND SPEED     9.6


SKY COVER
  AVERAGE SKY COVER 0.3



RELATIVE HUMIDITY (PERCENT)
 HIGHEST    90           200 AM
 LOWEST     29          1100 PM
 AVERAGE    60

..........................................................


THE POUGHKEEPSIE NY CLIMATE NORMALS FOR TODAY
                         NORMAL    RECORD    YEAR
 MAXIMUM TEMPERATURE (F)   64        86      2001
 MINIMUM TEMPERATURE (F)   40        24      1989


SUNRISE AND SUNSET
APRIL 24 2016.........SUNRISE   601 AM EDT   SUNSET   746 PM EDT
APRIL 25 2016.........SUNRISE   600 AM EDT   SUNSET   748 PM EDT


-  INDICATES NEGATIVE NUMBERS.
R  INDICATES RECORD WAS SET OR TIED.
MM INDICATES DATA IS MISSING.
T  INDICATES TRACE AMOUNT.




RECORDS FOR KPOU DATE BACK TO 1949...
HOWEVER...DATA IS MISSING FROM JANUARY 1993 - JULY 2000.
$$
