000
CDUS41 KALY 120623
CLIPOU


CLIMATE REPORT
NATIONAL WEATHER SERVICE ALBANY NY
222 AM EDT THU OCT 12 2017


...................................

...THE POUGHKEEPSIE NY CLIMATE SUMMARY FOR OCTOBER 11 2017...

CLIMATE NORMAL PERIOD 1981 TO 2010
CLIMATE RECORD PERIOD 1949 TO 2017


WEATHER ITEM   OBSERVED TIME   RECORD YEAR NORMAL DEPARTURE LAST
                VALUE   (LST)  VALUE       VALUE  FROM      YEAR
                                                  NORMAL
..................................................................
TEMPERATURE (F)
 YESTERDAY
  MAXIMUM         74    106 PM  86    1949  65      9       65
  MINIMUM         51   1159 PM  23    1986  41     10       29
  AVERAGE         63                        53     10       47

PRECIPITATION (IN)
  YESTERDAY        0.04          1.85 2002   0.15  -0.11     0.00
  MONTH TO DATE    1.13                      1.64  -0.51     0.01
  SINCE SEP 1      2.88                      5.92  -3.04     0.94
  SINCE JAN 1     31.98                     36.70  -4.72    23.26

DEGREE DAYS
 HEATING
  YESTERDAY        2                        13    -11       18
  MONTH TO DATE   39                       118    -79      104
  SINCE SEP 1    132                       241   -109      175
  SINCE JUL 1    152                       258   -106      177

 COOLING
  YESTERDAY        0                         0      0        0
  MONTH TO DATE   27                         0     27        0
  SINCE SEP 1    141                        64     77      107
  SINCE JAN 1    715                       668     47     1049
..................................................................


WIND (MPH)
  HIGHEST WIND SPEED    14   HIGHEST WIND DIRECTION     N (10)
  HIGHEST GUST SPEED    18   HIGHEST GUST DIRECTION    NW (320)
  AVERAGE WIND SPEED     5.0


SKY COVER
  AVERAGE SKY COVER 0.4



RELATIVE HUMIDITY (PERCENT)
 HIGHEST    93          1200 AM
 LOWEST     53           100 PM
 AVERAGE    73

..........................................................


THE POUGHKEEPSIE NY CLIMATE NORMALS FOR TODAY
                         NORMAL    RECORD    YEAR
 MAXIMUM TEMPERATURE (F)   64        87      1954
 MINIMUM TEMPERATURE (F)   40        21      1964


SUNRISE AND SUNSET
OCTOBER 12 2017.......SUNRISE   704 AM EDT   SUNSET   619 PM EDT
OCTOBER 13 2017.......SUNRISE   706 AM EDT   SUNSET   617 PM EDT


-  INDICATES NEGATIVE NUMBERS.
R  INDICATES RECORD WAS SET OR TIED.
MM INDICATES DATA IS MISSING.
T  INDICATES TRACE AMOUNT.




RECORDS FOR KPOU DATE BACK TO 1949...
HOWEVER...DATA IS MISSING FROM JANUARY 1993 - JULY 2000.
$$
