000
CDUS41 KALY 132055
CLIPOU


CLIMATE REPORT
NATIONAL WEATHER SERVICE ALBANY NY
455 PM EDT WED APR 13 2016


...................................

...THE POUGHKEEPSIE NY CLIMATE SUMMARY FOR APRIL 13 2016...
VALID TODAY AS OF 0400 PM LOCAL TIME.

CLIMATE NORMAL PERIOD 1981 TO 2010
CLIMATE RECORD PERIOD 1949 TO 2016


WEATHER ITEM   OBSERVED TIME   RECORD YEAR NORMAL DEPARTURE LAST
                VALUE   (LST)  VALUE       VALUE  FROM      YEAR
                                                  NORMAL
..................................................................
TEMPERATURE (F)
 TODAY
  MAXIMUM         55    300 PM  85    1977  60     -5       72
  MINIMUM         28        MM  19    1986  36     -8       36
  AVERAGE         42                        48     -6       54

PRECIPITATION (IN)
  TODAY            0.00          0.99 1972   0.13  -0.13     0.00
  MONTH TO DATE    1.43                      1.68  -0.25     1.23
  SINCE MAR 1      2.47                      5.25  -2.78     3.40
  SINCE JAN 1      8.15                     10.99  -2.84     7.70

DEGREE DAYS
 HEATING
  TODAY           23                        17      6       11
  MONTH TO DATE  295                       255     40      248
  SINCE MAR 1    878                      1129   -251     1249
  SINCE JUL 1   4410                      5700  -1290     5934

 COOLING
  TODAY            0                         0      0        0
  MONTH TO DATE    0                         0      0        0
  SINCE MAR 1      0                         0      0        0
  SINCE JAN 1      0                         0      0        0
..................................................................


WIND (MPH)
  HIGHEST WIND SPEED    13   HIGHEST WIND DIRECTION    NW (330)
  HIGHEST GUST SPEED    20   HIGHEST GUST DIRECTION    NW (330)
  AVERAGE WIND SPEED     4.4


SKY COVER
  AVERAGE SKY COVER 0.0



RELATIVE HUMIDITY (PERCENT)
 HIGHEST    85           400 AM
 LOWEST     26           300 PM
 AVERAGE    56

..........................................................


THE POUGHKEEPSIE NY CLIMATE NORMALS FOR TOMORROW
                         NORMAL    RECORD    YEAR
 MAXIMUM TEMPERATURE (F)   60        80      1960
 MINIMUM TEMPERATURE (F)   36        23      1973


SUNRISE AND SUNSET
APRIL 13 2016.........SUNRISE   618 AM EDT   SUNSET   734 PM EDT
APRIL 14 2016.........SUNRISE   616 AM EDT   SUNSET   736 PM EDT


-  INDICATES NEGATIVE NUMBERS.
R  INDICATES RECORD WAS SET OR TIED.
MM INDICATES DATA IS MISSING.
T  INDICATES TRACE AMOUNT.




RECORDS FOR KPOU DATE BACK TO 1949...
HOWEVER...DATA IS MISSING FROM JANUARY 1993 - JULY 2000.
$$
