000
CDUS41 KALY 150628
CLIPOU


CLIMATE REPORT
NATIONAL WEATHER SERVICE ALBANY NY
227 AM EDT SAT JUL 15 2017


...................................

...THE POUGHKEEPSIE NY CLIMATE SUMMARY FOR JULY 14 2017...

CLIMATE NORMAL PERIOD 1981 TO 2010
CLIMATE RECORD PERIOD 1949 TO 2017


WEATHER ITEM   OBSERVED TIME   RECORD YEAR NORMAL DEPARTURE LAST
                VALUE   (LST)  VALUE       VALUE  FROM      YEAR
                                                  NORMAL
..................................................................
TEMPERATURE (F)
 YESTERDAY
  MAXIMUM         67    206 PM  99    1954  85    -18       90
  MINIMUM         62    722 AM  48    2009  61      1       73
  AVERAGE         65                        73     -8       82

PRECIPITATION (IN)
  YESTERDAY        0.27          4.72 1975   0.16   0.11     0.04
  MONTH TO DATE    2.28                      1.95   0.33     2.24
  SINCE JUN 1      5.66                      6.38  -0.72     4.27
  SINCE JAN 1     22.22                     23.88  -1.66    16.43

DEGREE DAYS
 HEATING
  YESTERDAY        0                         0      0        0
  MONTH TO DATE    0                         0      0        0
  SINCE JUN 1     50                        49      1        8
  SINCE JUL 1      0                         0      0        0

 COOLING
  YESTERDAY        0                         8     -8       17
  MONTH TO DATE  111                       104      7      138
  SINCE JUN 1    250                       231     19      309
  SINCE JAN 1    298                       267     31      390
..................................................................


WIND (MPH)
  HIGHEST WIND SPEED    10   HIGHEST WIND DIRECTION    SE (120)
  HIGHEST GUST SPEED    15   HIGHEST GUST DIRECTION    SE (140)
  AVERAGE WIND SPEED     5.1


SKY COVER
  AVERAGE SKY COVER 1.0



RELATIVE HUMIDITY (PERCENT)
 HIGHEST    93           100 AM
 LOWEST     87          1100 AM
 AVERAGE    90

..........................................................


THE POUGHKEEPSIE NY CLIMATE NORMALS FOR TODAY
                         NORMAL    RECORD    YEAR
 MAXIMUM TEMPERATURE (F)   85        93      2013
 MINIMUM TEMPERATURE (F)   61        48      1950


SUNRISE AND SUNSET
JULY 15 2017..........SUNRISE   535 AM EDT   SUNSET   828 PM EDT
JULY 16 2017..........SUNRISE   535 AM EDT   SUNSET   827 PM EDT


-  INDICATES NEGATIVE NUMBERS.
R  INDICATES RECORD WAS SET OR TIED.
MM INDICATES DATA IS MISSING.
T  INDICATES TRACE AMOUNT.




RECORDS FOR KPOU DATE BACK TO 1949...
HOWEVER...DATA IS MISSING FROM JANUARY 1993 - JULY 2000.
$$
