000
CDUS41 KALY 182058
CLIPOU


CLIMATE REPORT
NATIONAL WEATHER SERVICE ALBANY NY
457 PM EDT MON MAY 18 2015


...................................

...THE POUGHKEEPSIE NY CLIMATE SUMMARY FOR MAY 18 2015...
VALID TODAY AS OF 0400 PM LOCAL TIME.

CLIMATE NORMAL PERIOD 1981 TO 2010
CLIMATE RECORD PERIOD 1949 TO 2015


WEATHER ITEM   OBSERVED TIME   RECORD YEAR NORMAL DEPARTURE LAST
                VALUE   (LST)  VALUE       VALUE  FROM      YEAR
                                                  NORMAL
..................................................................
TEMPERATURE (F)
 TODAY
  MAXIMUM         70   1246 PM  96    1962  72     -2       66
  MINIMUM         60    523 AM  30    1983  47     13       41
  AVERAGE         65                        59      6       54

PRECIPITATION (IN)
  TODAY            0.00          1.16 1988   0.14  -0.14     0.00
  MONTH TO DATE    0.86                      2.37  -1.51     1.94
  SINCE MAR 1      5.26                      9.72  -4.46     9.12
  SINCE JAN 1      9.56                     15.46  -5.90    13.40

DEGREE DAYS
 HEATING
  TODAY            0                         7     -7       11
  MONTH TO DATE   53                       158   -105       95
  SINCE MAR 1   1519                      1526     -7     1596
  SINCE JUL 1   6204                      6097    107     6299

 COOLING
  TODAY            0                         1     -1        0
  MONTH TO DATE   58                        12     46       12
  SINCE MAR 1     58                        17     41       18
  SINCE JAN 1     58                        17     41       18
..................................................................


WIND (MPH)
  HIGHEST WIND SPEED    12   HIGHEST WIND DIRECTION    SE (120)
  HIGHEST GUST SPEED    MM   HIGHEST GUST DIRECTION    MM
  AVERAGE WIND SPEED     4.6


SKY COVER
  AVERAGE SKY COVER 0.6



RELATIVE HUMIDITY (PERCENT)
 HIGHEST    97           300 AM
 LOWEST     63           300 PM
 AVERAGE    80

..........................................................


THE POUGHKEEPSIE NY CLIMATE NORMALS FOR TOMORROW
                         NORMAL    RECORD    YEAR
 MAXIMUM TEMPERATURE (F)   72        96      1962
 MINIMUM TEMPERATURE (F)   47        31      2009


SUNRISE AND SUNSET
MAY 18 2015...........SUNRISE   534 AM EDT   SUNSET   811 PM EDT
MAY 19 2015...........SUNRISE   533 AM EDT   SUNSET   812 PM EDT


-  INDICATES NEGATIVE NUMBERS.
R  INDICATES RECORD WAS SET OR TIED.
MM INDICATES DATA IS MISSING.
T  INDICATES TRACE AMOUNT.




RECORDS FOR KPOU DATE BACK TO 1949...
HOWEVER...DATA IS MISSING FROM JANUARY 1993 - JULY 2000.
$$
