000
CDUS41 KALY 130624
CLIPOU


CLIMATE REPORT
NATIONAL WEATHER SERVICE ALBANY NY
224 AM EDT SUN JUL 13 2014




THE POUGHKEEPSIE NY CLIMATE SUMMARY FOR JULY 12 2014...

CLIMATE NORMAL PERIOD 1981 TO 2010
CLIMATE RECORD PERIOD 1949 TO 2014


WEATHER ITEM   OBSERVED TIME   RECORD YEAR NORMAL DEPARTURE LAST
                VALUE   (LST)  VALUE       VALUE  FROM      YEAR
                                                  NORMAL

TEMPERATURE (F)
 YESTERDAY
  MAXIMUM         86    414 PM  98    1966  85      1       81
  MINIMUM         61    511 AM  47    2002  61      0       64
  AVERAGE         74                        73      1       73

PRECIPITATION (IN)
  YESTERDAY        0.00          1.71 1990   0.16  -0.16     0.02
  MONTH TO DATE    2.03                      1.64   0.39     1.32
  SINCE JUN 1      4.32                      6.07  -1.75    11.14
  SINCE JAN 1     18.35                     23.57  -5.22    21.79

DEGREE DAYS
 HEATING
  YESTERDAY        0                         0      0        0
  MONTH TO DATE    0                         0      0        0
  SINCE JUN 1      7                        49    -42       31
  SINCE JUL 1      0                         0      0        0

 COOLING
  YESTERDAY        9                         8      1        8
  MONTH TO DATE  125                        88     37      169
  SINCE JUN 1    263                       215     48      323
  SINCE JAN 1    296                       251     45      376



WIND (MPH)
  HIGHEST WIND SPEED    12   HIGHEST WIND DIRECTION     S (160)
  HIGHEST GUST SPEED    20   HIGHEST GUST DIRECTION     S (170)
  AVERAGE WIND SPEED     4.0


SKY COVER
  AVERAGE SKY COVER 0.1



RELATIVE HUMIDITY (PERCENT)
 HIGHEST    97           500 AM
 LOWEST     45           300 PM
 AVERAGE    71




THE POUGHKEEPSIE NY CLIMATE NORMALS FOR TODAY
                         NORMAL    RECORD    YEAR
 MAXIMUM TEMPERATURE (F)   85       100      1966
 MINIMUM TEMPERATURE (F)   61        50      2009


SUNRISE AND SUNSET
JULY 13 2014..........SUNRISE   533 AM EDT   SUNSET   829 PM EDT
JULY 14 2014..........SUNRISE   534 AM EDT   SUNSET   829 PM EDT


-  INDICATES NEGATIVE NUMBERS.
R  INDICATES RECORD WAS SET OR TIED.
MM INDICATES DATA IS MISSING.
T  INDICATES TRACE AMOUNT.





RECORDS FOR KPOU DATE BACK TO 1949...
HOWEVER...DATA IS MISSING FROM JANUARY 1993 - JULY 2000.
$$
