000
CDUS41 KALY 282049
CLIPOU


CLIMATE REPORT
NATIONAL WEATHER SERVICE ALBANY NY
449 PM EDT FRI MAR 28 2014




THE POUGHKEEPSIE NY CLIMATE SUMMARY FOR MARCH 28 2014...
VALID TODAY AS OF 0400 PM LOCAL TIME.

CLIMATE NORMAL PERIOD 1981 TO 2010
CLIMATE RECORD PERIOD 1949 TO 2014


WEATHER ITEM   OBSERVED TIME   RECORD YEAR NORMAL DEPARTURE LAST
                VALUE   (LST)  VALUE       VALUE  FROM      YEAR
                                                  NORMAL

TEMPERATURE (F)
 TODAY
  MAXIMUM         48    340 PM  83    1989  53     -5       49
  MINIMUM         37    519 AM  13    1956  30      7       30
  AVERAGE         43                        41      2       40

PRECIPITATION (IN)
  TODAY            0.12          2.07 2005   0.12   0.00      T
  MONTH TO DATE    0.98                      3.22  -2.24     1.31
  SINCE MAR 1      0.98                      3.22  -2.24     1.31
  SINCE JAN 1      5.26                      8.96  -3.70     4.97

DEGREE DAYS
 HEATING
  TODAY           22                        24     -2       25
  MONTH TO DATE  959                       805    154      798
  SINCE MAR 1    959                       805    154      798
  SINCE JUL 1   5662                      5376    286     4919

 COOLING
  TODAY            0                         0      0        0
  MONTH TO DATE    0                         0      0        0
  SINCE MAR 1      0                         0      0        0
  SINCE JAN 1      0                         0      0        0



WIND (MPH)
  HIGHEST WIND SPEED     9   HIGHEST WIND DIRECTION     S (170)
  HIGHEST GUST SPEED    14   HIGHEST GUST DIRECTION     S (160)
  AVERAGE WIND SPEED     3.2


SKY COVER
  AVERAGE SKY COVER 0.9



RELATIVE HUMIDITY (PERCENT)
 HIGHEST    92           100 PM
 LOWEST     40          1200 AM
 AVERAGE    66




THE POUGHKEEPSIE NY CLIMATE NORMALS FOR TOMORROW
                         NORMAL    RECORD    YEAR
 MAXIMUM TEMPERATURE (F)   53        80      1986
 MINIMUM TEMPERATURE (F)   30        11      1959


SUNRISE AND SUNSET
MARCH 28 2014.........SUNRISE   645 AM EDT   SUNSET   716 PM EDT
MARCH 29 2014.........SUNRISE   644 AM EDT   SUNSET   718 PM EDT


-  INDICATES NEGATIVE NUMBERS.
R  INDICATES RECORD WAS SET OR TIED.
MM INDICATES DATA IS MISSING.
T  INDICATES TRACE AMOUNT.






RECORDS FOR KPOU DATE BACK TO 1949...
HOWEVER...DATA IS MISSING FROM JANUARY 1993 - JULY 2000.
$$
