000
CDUS41 KALY 100622
CLIPOU


CLIMATE REPORT
NATIONAL WEATHER SERVICE ALBANY NY
222 AM EDT SUN AUG 10 2014




THE POUGHKEEPSIE NY CLIMATE SUMMARY FOR AUGUST 9 2014...

CLIMATE NORMAL PERIOD 1981 TO 2010
CLIMATE RECORD PERIOD 1949 TO 2014


WEATHER ITEM   OBSERVED TIME   RECORD YEAR NORMAL DEPARTURE LAST
                VALUE   (LST)  VALUE       VALUE  FROM      YEAR
                                                  NORMAL

TEMPERATURE (F)
 YESTERDAY
  MAXIMUM         84    346 PM 103    2001  84      0       83
  MINIMUM         55    532 AM  42    1964  61     -6       71
  AVERAGE         70                        72     -2       77

PRECIPITATION (IN)
  YESTERDAY        0.00          5.17 2013   0.15  -0.15     5.17
  MONTH TO DATE    1.37                      1.39  -0.02     5.60
  SINCE JUN 1      8.63                     10.47  -1.84    18.56
  SINCE JAN 1     22.66                     27.97  -5.31    29.21

DEGREE DAYS
 HEATING
  YESTERDAY        0                         0      0        0
  MONTH TO DATE    0                         0      0        1
  SINCE JUN 1      7                        54    -47       32
  SINCE JUL 1      0                         5     -5        1

 COOLING
  YESTERDAY        5                         7     -2       12
  MONTH TO DATE   55                        70    -15       50
  SINCE JUN 1    458                       437     21      587
  SINCE JAN 1    491                       473     18      640



WIND (MPH)
  HIGHEST WIND SPEED    12   HIGHEST WIND DIRECTION     N (340)
  HIGHEST GUST SPEED    14   HIGHEST GUST DIRECTION     N (20)
  AVERAGE WIND SPEED     1.5


SKY COVER
  AVERAGE SKY COVER 0.0



RELATIVE HUMIDITY (PERCENT)
 HIGHEST    93           100 AM
 LOWEST     34           300 PM
 AVERAGE    64




THE POUGHKEEPSIE NY CLIMATE NORMALS FOR TODAY
                         NORMAL    RECORD    YEAR
 MAXIMUM TEMPERATURE (F)   84       100      1949
 MINIMUM TEMPERATURE (F)   61        42      1964


SUNRISE AND SUNSET
AUGUST 10 2014........SUNRISE   559 AM EDT   SUNSET   802 PM EDT
AUGUST 11 2014........SUNRISE   600 AM EDT   SUNSET   801 PM EDT


-  INDICATES NEGATIVE NUMBERS.
R  INDICATES RECORD WAS SET OR TIED.
MM INDICATES DATA IS MISSING.
T  INDICATES TRACE AMOUNT.





RECORDS FOR KPOU DATE BACK TO 1949...
HOWEVER...DATA IS MISSING FROM JANUARY 1993 - JULY 2000.
$$
