000
CDUS41 KALY 090623
CLIPOU


CLIMATE REPORT
NATIONAL WEATHER SERVICE ALBANY NY
222 AM EDT SUN APR 9 2017


...................................

...THE POUGHKEEPSIE NY CLIMATE SUMMARY FOR APRIL 8 2017...

CLIMATE NORMAL PERIOD 1981 TO 2010
CLIMATE RECORD PERIOD 1949 TO 2017


WEATHER ITEM   OBSERVED TIME   RECORD YEAR NORMAL DEPARTURE LAST
                VALUE   (LST)  VALUE       VALUE  FROM      YEAR
                                                  NORMAL
..................................................................
TEMPERATURE (F)
 YESTERDAY
  MAXIMUM         53    424 PM  84    2010  58     -5       50
  MINIMUM         32   1159 PM  21    1982  34     -2       30
  AVERAGE         43                        46     -3       40

PRECIPITATION (IN)
  YESTERDAY        0.00          0.78 1957   0.13  -0.13      T
  MONTH TO DATE    1.21                      1.02   0.19     0.98
  SINCE MAR 1      6.52                      4.59   1.93     2.02
  SINCE JAN 1     11.39                     10.33   1.06     7.70

DEGREE DAYS
 HEATING
  YESTERDAY       22                        19      3       25
  MONTH TO DATE  157                       165     -8      184
  SINCE MAR 1   1152                      1039    113      767
  SINCE JUL 1   5194                      5610   -416     4299

 COOLING
  YESTERDAY        0                         0      0        0
  MONTH TO DATE    0                         0      0        0
  SINCE MAR 1      0                         0      0        0
  SINCE JAN 1      0                         0      0        0
..................................................................


WIND (MPH)
  HIGHEST WIND SPEED    21   HIGHEST WIND DIRECTION    NW (310)
  HIGHEST GUST SPEED    29   HIGHEST GUST DIRECTION     W (290)
  AVERAGE WIND SPEED     9.4


SKY COVER
  AVERAGE SKY COVER 0.4



RELATIVE HUMIDITY (PERCENT)
 HIGHEST    69          1100 PM
 LOWEST     29           400 PM
 AVERAGE    49

..........................................................


THE POUGHKEEPSIE NY CLIMATE NORMALS FOR TODAY
                         NORMAL    RECORD    YEAR
 MAXIMUM TEMPERATURE (F)   58        80      1991
 MINIMUM TEMPERATURE (F)   34        19      1956


SUNRISE AND SUNSET
APRIL  9 2017.........SUNRISE   625 AM EDT   SUNSET   730 PM EDT
APRIL 10 2017.........SUNRISE   623 AM EDT   SUNSET   731 PM EDT


-  INDICATES NEGATIVE NUMBERS.
R  INDICATES RECORD WAS SET OR TIED.
MM INDICATES DATA IS MISSING.
T  INDICATES TRACE AMOUNT.




RECORDS FOR KPOU DATE BACK TO 1949...
HOWEVER...DATA IS MISSING FROM JANUARY 1993 - JULY 2000.
$$
