000
CDUS41 KALY 082105
CLIPOU


CLIMATE REPORT
NATIONAL WEATHER SERVICE ALBANY NY
501 PM EDT MON AUG 8 2016


...................................

...THE POUGHKEEPSIE NY CLIMATE SUMMARY FOR AUGUST 8 2016...
VALID TODAY AS OF 0400 PM LOCAL TIME.

CLIMATE NORMAL PERIOD 1981 TO 2010
CLIMATE RECORD PERIOD 1949 TO 2016


WEATHER ITEM   OBSERVED TIME   RECORD YEAR NORMAL DEPARTURE LAST
                VALUE   (LST)  VALUE       VALUE  FROM      YEAR
                                                  NORMAL
..................................................................
TEMPERATURE (F)
 TODAY
  MAXIMUM         87    334 PM  96    2001  84      3       86
  MINIMUM         60    532 AM  48    1957  61     -1       56
  AVERAGE         74                        72      2       71

PRECIPITATION (IN)
  TODAY            0.00          0.88 1985   0.14  -0.14     0.00
  MONTH TO DATE    0.58                      1.24  -0.66     0.04
  SINCE JUN 1      8.54                     10.32  -1.78     6.12
  SINCE JAN 1     20.70                     27.82  -7.12    16.79

DEGREE DAYS
 HEATING
  TODAY            0                         0      0        0
  MONTH TO DATE    0                         0      0        0
  SINCE JUN 1      8                        54    -46       46
  SINCE JUL 1      0                         5     -5        0

 COOLING
  TODAY            9                         7      2        6
  MONTH TO DATE   69                        63      6       67
  SINCE JUN 1    604                       430    174      485
  SINCE JAN 1    685                       466    219      598
..................................................................


WIND (MPH)
  HIGHEST WIND SPEED     8   HIGHEST WIND DIRECTION    NW (320)
  HIGHEST GUST SPEED    12   HIGHEST GUST DIRECTION    NW (310)
  AVERAGE WIND SPEED     2.5


SKY COVER
  AVERAGE SKY COVER 0.1



RELATIVE HUMIDITY (PERCENT)
 HIGHEST    84           600 AM
 LOWEST     35           300 PM
 AVERAGE    60

..........................................................


THE POUGHKEEPSIE NY CLIMATE NORMALS FOR TOMORROW
                         NORMAL    RECORD    YEAR
 MAXIMUM TEMPERATURE (F)   84       103      2001
 MINIMUM TEMPERATURE (F)   61        42      1964


SUNRISE AND SUNSET
AUGUST  8 2016........SUNRISE   557 AM EDT   SUNSET   804 PM EDT
AUGUST  9 2016........SUNRISE   558 AM EDT   SUNSET   803 PM EDT


-  INDICATES NEGATIVE NUMBERS.
R  INDICATES RECORD WAS SET OR TIED.
MM INDICATES DATA IS MISSING.
T  INDICATES TRACE AMOUNT.




RECORDS FOR KPOU DATE BACK TO 1949...
HOWEVER...DATA IS MISSING FROM JANUARY 1993 - JULY 2000.
$$
