000
CDUS41 KALY 150624
CLIPOU


CLIMATE REPORT
NATIONAL WEATHER SERVICE ALBANY NY
224 AM EDT FRI APR 15 2016


...................................

...THE POUGHKEEPSIE NY CLIMATE SUMMARY FOR APRIL 14 2016...

CLIMATE NORMAL PERIOD 1981 TO 2010
CLIMATE RECORD PERIOD 1949 TO 2016


WEATHER ITEM   OBSERVED TIME   RECORD YEAR NORMAL DEPARTURE LAST
                VALUE   (LST)  VALUE       VALUE  FROM      YEAR
                                                  NORMAL
..................................................................
TEMPERATURE (F)
 YESTERDAY
  MAXIMUM         62    352 PM  80    1960  60      2       65
  MINIMUM         35    135 AM  23    1973  36     -1       46
  AVERAGE         49                        48      1       56

PRECIPITATION (IN)
  YESTERDAY        0.00          1.00 1981   0.13  -0.13     0.08
  MONTH TO DATE    1.43                      1.81  -0.38     1.31
  SINCE MAR 1      2.47                      5.38  -2.91     3.48
  SINCE JAN 1      8.15                     11.12  -2.97     7.78

DEGREE DAYS
 HEATING
  YESTERDAY       16                        17     -1        9
  MONTH TO DATE  310                       272     38      257
  SINCE MAR 1    893                      1146   -253     1258
  SINCE JUL 1   4425                      5717  -1292     5943

 COOLING
  YESTERDAY        0                         0      0        0
  MONTH TO DATE    0                         0      0        0
  SINCE MAR 1      0                         0      0        0
  SINCE JAN 1      0                         0      0        0
..................................................................


WIND (MPH)
  HIGHEST WIND SPEED    16   HIGHEST WIND DIRECTION    NW (330)
  HIGHEST GUST SPEED    20   HIGHEST GUST DIRECTION    NW (330)
  AVERAGE WIND SPEED     5.8


SKY COVER
  AVERAGE SKY COVER 0.1



RELATIVE HUMIDITY (PERCENT)
 HIGHEST    64           100 AM
 LOWEST     17           600 PM
 AVERAGE    41

..........................................................


THE POUGHKEEPSIE NY CLIMATE NORMALS FOR TODAY
                         NORMAL    RECORD    YEAR
 MAXIMUM TEMPERATURE (F)   61        84      2003
 MINIMUM TEMPERATURE (F)   37        22      1957


SUNRISE AND SUNSET
APRIL 15 2016.........SUNRISE   615 AM EDT   SUNSET   737 PM EDT
APRIL 16 2016.........SUNRISE   613 AM EDT   SUNSET   738 PM EDT


-  INDICATES NEGATIVE NUMBERS.
R  INDICATES RECORD WAS SET OR TIED.
MM INDICATES DATA IS MISSING.
T  INDICATES TRACE AMOUNT.




RECORDS FOR KPOU DATE BACK TO 1949...
HOWEVER...DATA IS MISSING FROM JANUARY 1993 - JULY 2000.
$$
