000
CDUS41 KALY 120628
CLIPOU


CLIMATE REPORT
NATIONAL WEATHER SERVICE ALBANY NY
127 AM EST MON FEB 12 2018


...................................

...THE POUGHKEEPSIE NY CLIMATE SUMMARY FOR FEBRUARY 11 2018...

CLIMATE NORMAL PERIOD 1981 TO 2010
CLIMATE RECORD PERIOD 1949 TO 2018


WEATHER ITEM   OBSERVED TIME   RECORD YEAR NORMAL DEPARTURE LAST
                VALUE   (LST)  VALUE       VALUE  FROM      YEAR
                                                  NORMAL
..................................................................
TEMPERATURE (F)
 YESTERDAY
  MAXIMUM         36    813 AM  63    1981  39     -3       42
  MINIMUM         33    135 PM -15    1979  17     16       24
  AVERAGE         35                        28      7       33

PRECIPITATION (IN)
  YESTERDAY        0.62          0.93 1981   0.09   0.53      T
  MONTH TO DATE    2.26                      1.02   1.24     0.87
  SINCE DEC 1      6.70                      7.63  -0.93     6.44
  SINCE JAN 1      5.14                      4.10   1.04     3.84

DEGREE DAYS
 HEATING
  YESTERDAY       30                        37     -7       32
  MONTH TO DATE  420                       418      2      397
  SINCE DEC 1   2800                      2692    108     2447
  SINCE JUL 1   3883                      3970    -87     3593

 COOLING
  YESTERDAY        0                         0      0        0
  MONTH TO DATE    0                         0      0        0
  SINCE DEC 1      0                         0      0        0
  SINCE JAN 1      0                         0      0        0
..................................................................


WIND (MPH)
  HIGHEST WIND SPEED     7   HIGHEST WIND DIRECTION    NW (300)
  HIGHEST GUST SPEED     9   HIGHEST GUST DIRECTION     N (360)
  AVERAGE WIND SPEED     2.1


SKY COVER
  AVERAGE SKY COVER 1.0



RELATIVE HUMIDITY (PERCENT)
 HIGHEST   100          1200 AM
 LOWEST     92           100 AM
 AVERAGE    96

..........................................................


THE POUGHKEEPSIE NY CLIMATE NORMALS FOR TODAY
                         NORMAL    RECORD    YEAR
 MAXIMUM TEMPERATURE (F)   39        51      1966
                                             1932
 MINIMUM TEMPERATURE (F)   17       -15      1979


SUNRISE AND SUNSET
FEBRUARY 12 2018......SUNRISE   655 AM EST   SUNSET   525 PM EST
FEBRUARY 13 2018......SUNRISE   653 AM EST   SUNSET   526 PM EST


-  INDICATES NEGATIVE NUMBERS.
R  INDICATES RECORD WAS SET OR TIED.
MM INDICATES DATA IS MISSING.
T  INDICATES TRACE AMOUNT.




RECORDS FOR KPOU DATE BACK TO 1949...
HOWEVER...DATA IS MISSING FROM JANUARY 1993 - JULY 2000.
$$
