000
CDUS41 KALY 050639
CLIPOU


CLIMATE REPORT
NATIONAL WEATHER SERVICE ALBANY NY
138 AM EST FRI DEC 5 2014


...................................

...THE POUGHKEEPSIE NY CLIMATE SUMMARY FOR DECEMBER 4 2014...

CLIMATE NORMAL PERIOD 1981 TO 2010
CLIMATE RECORD PERIOD 1949 TO 2014


WEATHER ITEM   OBSERVED TIME   RECORD YEAR NORMAL DEPARTURE LAST
                VALUE   (LST)  VALUE       VALUE  FROM      YEAR
                                                  NORMAL
..................................................................
TEMPERATURE (F)
 YESTERDAY
  MAXIMUM         45   1255 PM  69    1982  45      0       48
  MINIMUM         24   1145 PM   2    1949  26     -2       27
  AVERAGE         35                        35      0       38

PRECIPITATION (IN)
  YESTERDAY        0.00          1.34 1968   0.12  -0.12     0.00
  MONTH TO DATE    0.15                      0.49  -0.34     0.01
  SINCE DEC 1      0.15                      0.49  -0.34     0.01
  SINCE JAN 1     31.29                     43.49 -12.20    36.59

DEGREE DAYS
 HEATING
  YESTERDAY       30                        30      0       27
  MONTH TO DATE  105                       117    -12      117
  SINCE DEC 1    105                       117    -12      117
  SINCE JUL 1   1256                      1395   -139     1360

 COOLING
  YESTERDAY        0                         0      0        0
  MONTH TO DATE    0                         0      0        0
  SINCE DEC 1      0                         0      0        0
  SINCE JAN 1    696                       672     24      829
..................................................................


WIND (MPH)
  HIGHEST WIND SPEED    15   HIGHEST WIND DIRECTION     W (280)
  HIGHEST GUST SPEED    21   HIGHEST GUST DIRECTION     W (290)
  AVERAGE WIND SPEED     5.7


SKY COVER
  AVERAGE SKY COVER 0.0



RELATIVE HUMIDITY (PERCENT)
 HIGHEST    75           900 PM
 LOWEST     36           300 PM
 AVERAGE    56

..........................................................


THE POUGHKEEPSIE NY CLIMATE NORMALS FOR TODAY
                         NORMAL    RECORD    YEAR
 MAXIMUM TEMPERATURE (F)   44        66      2001
 MINIMUM TEMPERATURE (F)   26         7      1989


SUNRISE AND SUNSET
DECEMBER  5 2014......SUNRISE   707 AM EST   SUNSET   425 PM EST
DECEMBER  6 2014......SUNRISE   708 AM EST   SUNSET   425 PM EST


-  INDICATES NEGATIVE NUMBERS.
R  INDICATES RECORD WAS SET OR TIED.
MM INDICATES DATA IS MISSING.
T  INDICATES TRACE AMOUNT.






RECORDS FOR KPOU DATE BACK TO 1949...
HOWEVER...DATA IS MISSING FROM JANUARY 1993 - JULY 2000.
$$
