000
CDUS41 KALY 120622
CLIPOU


CLIMATE REPORT
NATIONAL WEATHER SERVICE ALBANY NY
221 AM EDT SAT JUL 12 2014




THE POUGHKEEPSIE NY CLIMATE SUMMARY FOR JULY 11 2014...

CLIMATE NORMAL PERIOD 1981 TO 2010
CLIMATE RECORD PERIOD 1949 TO 2014


WEATHER ITEM   OBSERVED TIME   RECORD YEAR NORMAL DEPARTURE LAST
                VALUE   (LST)  VALUE       VALUE  FROM      YEAR
                                                  NORMAL

TEMPERATURE (F)
 YESTERDAY
  MAXIMUM         84    424 PM  95    1966  85     -1       84
  MINIMUM         61    436 AM  46    1954  61      0       67
  AVERAGE         73                        73      0       76

PRECIPITATION (IN)
  YESTERDAY        0.00          0.64 2007   0.14  -0.14     0.01
  MONTH TO DATE    2.03                      1.48   0.55     1.30
  SINCE JUN 1      4.32                      5.91  -1.59    11.12
  SINCE JAN 1     18.35                     23.41  -5.06    21.77

DEGREE DAYS
 HEATING
  YESTERDAY        0                         0      0        0
  MONTH TO DATE    0                         0      0        0
  SINCE JUN 1      7                        49    -42       31
  SINCE JUL 1      0                         0      0        0

 COOLING
  YESTERDAY        8                         8      0       11
  MONTH TO DATE  116                        80     36      161
  SINCE JUN 1    254                       207     47      315
  SINCE JAN 1    287                       243     44      368



WIND (MPH)
  HIGHEST WIND SPEED     9   HIGHEST WIND DIRECTION     N (360)
  HIGHEST GUST SPEED    13   HIGHEST GUST DIRECTION     N (360)
  AVERAGE WIND SPEED     2.2


SKY COVER
  AVERAGE SKY COVER 0.1



RELATIVE HUMIDITY (PERCENT)
 HIGHEST    87          1000 PM
 LOWEST     34           300 PM
 AVERAGE    61




THE POUGHKEEPSIE NY CLIMATE NORMALS FOR TODAY
                         NORMAL    RECORD    YEAR
 MAXIMUM TEMPERATURE (F)   85        98      1966
 MINIMUM TEMPERATURE (F)   61        47      2002


SUNRISE AND SUNSET
JULY 12 2014..........SUNRISE   532 AM EDT   SUNSET   830 PM EDT
JULY 13 2014..........SUNRISE   533 AM EDT   SUNSET   829 PM EDT


-  INDICATES NEGATIVE NUMBERS.
R  INDICATES RECORD WAS SET OR TIED.
MM INDICATES DATA IS MISSING.
T  INDICATES TRACE AMOUNT.






RECORDS FOR KPOU DATE BACK TO 1949...
HOWEVER...DATA IS MISSING FROM JANUARY 1993 - JULY 2000.
$$
