000
CDUS41 KALY 260625
CLIPOU


CLIMATE REPORT
NATIONAL WEATHER SERVICE ALBANY NY
124 AM EST TUE JAN 26 2016


...................................

...THE POUGHKEEPSIE NY CLIMATE SUMMARY FOR JANUARY 25 2016...

CLIMATE NORMAL PERIOD 1981 TO 2010
CLIMATE RECORD PERIOD 1949 TO 2016


WEATHER ITEM   OBSERVED TIME   RECORD YEAR NORMAL DEPARTURE LAST
                VALUE   (LST)  VALUE       VALUE  FROM      YEAR
                                                  NORMAL
..................................................................
TEMPERATURE (F)
 YESTERDAY
  MAXIMUM         40    311 PM  60    2010  36      4       38
  MINIMUM         17    738 AM -10    1961  15      2       20
  AVERAGE         29                        26      3       29

PRECIPITATION (IN)
  YESTERDAY        0.00          1.42 2010   0.10  -0.10     0.00
  MONTH TO DATE    1.21                      2.50  -1.29     2.77
  SINCE DEC 1      5.11                      6.03  -0.92     5.77
  SINCE JAN 1      1.21                      2.50  -1.29     2.77

DEGREE DAYS
 HEATING
  YESTERDAY       36                        39     -3       36
  MONTH TO DATE  852                       991   -139      982
  SINCE DEC 1   1486                      2042   -556     1882
  SINCE JUL 1   2474                      3320   -846     3033

 COOLING
  YESTERDAY        0                         0      0        0
  MONTH TO DATE    0                         0      0        0
  SINCE DEC 1      0                         0      0        0
  SINCE JAN 1      0                         0      0        0
..................................................................


WIND (MPH)
  HIGHEST WIND SPEED    10   HIGHEST WIND DIRECTION    SW (240)
  HIGHEST GUST SPEED    12   HIGHEST GUST DIRECTION    SW (240)
  AVERAGE WIND SPEED     1.9


SKY COVER
  AVERAGE SKY COVER 0.2



RELATIVE HUMIDITY (PERCENT)
 HIGHEST    80           700 AM
 LOWEST     40           100 PM
 AVERAGE    60

..........................................................


THE POUGHKEEPSIE NY CLIMATE NORMALS FOR TODAY
                         NORMAL    RECORD    YEAR
 MAXIMUM TEMPERATURE (F)   36        68      1950
 MINIMUM TEMPERATURE (F)   15        -9      1961


SUNRISE AND SUNSET
JANUARY 26 2016.......SUNRISE   713 AM EST   SUNSET   503 PM EST
JANUARY 27 2016.......SUNRISE   713 AM EST   SUNSET   504 PM EST


-  INDICATES NEGATIVE NUMBERS.
R  INDICATES RECORD WAS SET OR TIED.
MM INDICATES DATA IS MISSING.
T  INDICATES TRACE AMOUNT.




RECORDS FOR KPOU DATE BACK TO 1949...
HOWEVER...DATA IS MISSING FROM JANUARY 1993 - JULY 2000.
$$
