000
CDUS41 KALY 050627
CLIPOU


CLIMATE REPORT
NATIONAL WEATHER SERVICE ALBANY NY
225 AM EDT WED JUL 5 2017


...................................

...THE POUGHKEEPSIE NY CLIMATE SUMMARY FOR JULY 4 2017...

CLIMATE NORMAL PERIOD 1981 TO 2010
CLIMATE RECORD PERIOD 1949 TO 2017


WEATHER ITEM   OBSERVED TIME   RECORD YEAR NORMAL DEPARTURE LAST
                VALUE   (LST)  VALUE       VALUE  FROM      YEAR
                                                  NORMAL
..................................................................
TEMPERATURE (F)
 YESTERDAY
  MAXIMUM         83    509 PM  99    1949  84     -1       86
  MINIMUM         58    451 AM  43    1986  60     -2       57
  AVERAGE         71                        72     -1       72

PRECIPITATION (IN)
  YESTERDAY        0.00          0.84 2007   0.13  -0.13     0.01
  MONTH TO DATE    0.06                      0.54  -0.48     1.75
  SINCE JUN 1      3.44                      4.97  -1.53     3.78
  SINCE JAN 1     20.00                     22.47  -2.47    15.94

DEGREE DAYS
 HEATING
  YESTERDAY        0                         0      0        0
  MONTH TO DATE    0                         0      0        0
  SINCE JUN 1     50                        49      1        8
  SINCE JUL 1      0                         0      0        0

 COOLING
  YESTERDAY        6                         7     -1        7
  MONTH TO DATE   40                        28     12       23
  SINCE JUN 1    179                       155     24      194
  SINCE JAN 1    227                       191     36      275
..................................................................


WIND (MPH)
  HIGHEST WIND SPEED    10   HIGHEST WIND DIRECTION     N (360)
  HIGHEST GUST SPEED    13   HIGHEST GUST DIRECTION     N (360)
  AVERAGE WIND SPEED     3.4


SKY COVER
  AVERAGE SKY COVER 0.2



RELATIVE HUMIDITY (PERCENT)
 HIGHEST    93           400 AM
 LOWEST     37           400 PM
 AVERAGE    65

..........................................................


THE POUGHKEEPSIE NY CLIMATE NORMALS FOR TODAY
                         NORMAL    RECORD    YEAR
 MAXIMUM TEMPERATURE (F)   84       100      1955
 MINIMUM TEMPERATURE (F)   60        44      1979


SUNRISE AND SUNSET
JULY  5 2017..........SUNRISE   527 AM EDT   SUNSET   833 PM EDT
JULY  6 2017..........SUNRISE   528 AM EDT   SUNSET   832 PM EDT


-  INDICATES NEGATIVE NUMBERS.
R  INDICATES RECORD WAS SET OR TIED.
MM INDICATES DATA IS MISSING.
T  INDICATES TRACE AMOUNT.




RECORDS FOR KPOU DATE BACK TO 1949...
HOWEVER...DATA IS MISSING FROM JANUARY 1993 - JULY 2000.
$$
