000
CDUS41 KALY 270622
CLIPOU


CLIMATE REPORT
NATIONAL WEATHER SERVICE ALBANY NY
122 AM EST WED JAN 27 2016


...................................

...THE POUGHKEEPSIE NY CLIMATE SUMMARY FOR JANUARY 26 2016...

CLIMATE NORMAL PERIOD 1981 TO 2010
CLIMATE RECORD PERIOD 1949 TO 2016


WEATHER ITEM   OBSERVED TIME   RECORD YEAR NORMAL DEPARTURE LAST
                VALUE   (LST)  VALUE       VALUE  FROM      YEAR
                                                  NORMAL
..................................................................
TEMPERATURE (F)
 YESTERDAY
  MAXIMUM         48    930 PM  68    1950  36     12       20
  MINIMUM         20    709 AM  -9    1961  15      5       16
  AVERAGE         34                        26      8       18

PRECIPITATION (IN)
  YESTERDAY        T             1.66 1986   0.10  -0.10      T
  MONTH TO DATE    1.21                      2.60  -1.39     2.77
  SINCE DEC 1      5.11                      6.13  -1.02     5.77
  SINCE JAN 1      1.21                      2.60  -1.39     2.77

DEGREE DAYS
 HEATING
  YESTERDAY       31                        39     -8       47
  MONTH TO DATE  883                      1030   -147     1029
  SINCE DEC 1   1517                      2081   -564     1929
  SINCE JUL 1   2505                      3359   -854     3080

 COOLING
  YESTERDAY        0                         0      0        0
  MONTH TO DATE    0                         0      0        0
  SINCE DEC 1      0                         0      0        0
  SINCE JAN 1      0                         0      0        0
..................................................................


WIND (MPH)
  HIGHEST WIND SPEED    10   HIGHEST WIND DIRECTION    SW (230)
  HIGHEST GUST SPEED    15   HIGHEST GUST DIRECTION     S (190)
  AVERAGE WIND SPEED     3.3


SKY COVER
  AVERAGE SKY COVER 0.2



RELATIVE HUMIDITY (PERCENT)
 HIGHEST    84           600 AM
 LOWEST     49           200 PM
 AVERAGE    67

..........................................................


THE POUGHKEEPSIE NY CLIMATE NORMALS FOR TODAY
                         NORMAL    RECORD    YEAR
 MAXIMUM TEMPERATURE (F)   36        63      1974
 MINIMUM TEMPERATURE (F)   16       -12      1987


SUNRISE AND SUNSET
JANUARY 27 2016.......SUNRISE   713 AM EST   SUNSET   504 PM EST
JANUARY 28 2016.......SUNRISE   712 AM EST   SUNSET   506 PM EST


-  INDICATES NEGATIVE NUMBERS.
R  INDICATES RECORD WAS SET OR TIED.
MM INDICATES DATA IS MISSING.
T  INDICATES TRACE AMOUNT.




RECORDS FOR KPOU DATE BACK TO 1949...
HOWEVER...DATA IS MISSING FROM JANUARY 1993 - JULY 2000.
$$
