000
CDUS41 KALY 270629
CLIPOU


CLIMATE REPORT
NATIONAL WEATHER SERVICE ALBANY NY
228 AM EDT THU MAR 27 2014




THE POUGHKEEPSIE NY CLIMATE SUMMARY FOR MARCH 26 2014...

CLIMATE NORMAL PERIOD 1981 TO 2010
CLIMATE RECORD PERIOD 1949 TO 2014


WEATHER ITEM   OBSERVED TIME   RECORD YEAR NORMAL DEPARTURE LAST
                VALUE   (LST)  VALUE       VALUE  FROM      YEAR
                                                  NORMAL

TEMPERATURE (F)
 YESTERDAY
  MAXIMUM         35    205 PM  73    1963  52    -17       50
  MINIMUM         21   1159 PM  14    1960  29     -8       28
  AVERAGE         28                        40    -12       39

PRECIPITATION (IN)
  YESTERDAY        0.00          0.92 1973   0.12  -0.12     0.00
  MONTH TO DATE    0.86                      2.98  -2.12     1.31
  SINCE MAR 1      0.86                      2.98  -2.12     1.31
  SINCE JAN 1      5.14                      8.72  -3.58     4.97

DEGREE DAYS
 HEATING
  YESTERDAY       37                        25     12       26
  MONTH TO DATE  903                       757    146      746
  SINCE MAR 1    903                       757    146      746
  SINCE JUL 1   5606                      5328    278     4867

 COOLING
  YESTERDAY        0                         0      0        0
  MONTH TO DATE    0                         0      0        0
  SINCE MAR 1      0                         0      0        0
  SINCE JAN 1      0                         0      0        0



WIND (MPH)
  HIGHEST WIND SPEED    29   HIGHEST WIND DIRECTION    NW (320)
  HIGHEST GUST SPEED    40   HIGHEST GUST DIRECTION     W (290)
  AVERAGE WIND SPEED    13.9


SKY COVER
  AVERAGE SKY COVER 0.4



RELATIVE HUMIDITY (PERCENT)
 HIGHEST    58           600 AM
 LOWEST     22           400 PM
 AVERAGE    40




THE POUGHKEEPSIE NY CLIMATE NORMALS FOR TODAY
                         NORMAL    RECORD    YEAR
 MAXIMUM TEMPERATURE (F)   52        77      1949
 MINIMUM TEMPERATURE (F)   30        12      2001


SUNRISE AND SUNSET
MARCH 27 2014.........SUNRISE   647 AM EDT   SUNSET   715 PM EDT
MARCH 28 2014.........SUNRISE   645 AM EDT   SUNSET   716 PM EDT


-  INDICATES NEGATIVE NUMBERS.
R  INDICATES RECORD WAS SET OR TIED.
MM INDICATES DATA IS MISSING.
T  INDICATES TRACE AMOUNT.





RECORDS FOR KPOU DATE BACK TO 1949...
HOWEVER...DATA IS MISSING FROM JANUARY 1993 - JULY 2000.
$$
