000
CDUS41 KALY 060623
CLIPOU


CLIMATE REPORT
NATIONAL WEATHER SERVICE ALBANY NY
222 AM EDT TUE SEP 6 2016


...................................

...THE POUGHKEEPSIE NY CLIMATE SUMMARY FOR SEPTEMBER 5 2016...

CLIMATE NORMAL PERIOD 1981 TO 2010
CLIMATE RECORD PERIOD 1949 TO 2016


WEATHER ITEM   OBSERVED TIME   RECORD YEAR NORMAL DEPARTURE LAST
                VALUE   (LST)  VALUE       VALUE  FROM      YEAR
                                                  NORMAL
..................................................................
TEMPERATURE (F)
 YESTERDAY
  MAXIMUM         84    322 PM  93    1985  79      5       86
  MINIMUM         50    558 AM  43    1989  55     -5       58
  AVERAGE         67                        67      0       72

PRECIPITATION (IN)
  YESTERDAY        0.00          1.55 2011   0.14  -0.14     0.00
  MONTH TO DATE    0.09                      0.67  -0.58     0.00
  SINCE SEP 1      0.09                      0.67  -0.58     0.00
  SINCE JAN 1     22.41                     31.45  -9.04    18.96

DEGREE DAYS
 HEATING
  YESTERDAY        0                         2     -2        0
  MONTH TO DATE    0                         7     -7        0
  SINCE SEP 1      0                         7     -7        0
  SINCE JUL 1      2                        24    -22        0

 COOLING
  YESTERDAY        2                         4     -2        7
  MONTH TO DATE   11                        20     -9       52
  SINCE SEP 1     11                        20     -9       52
  SINCE JAN 1    953                       624    329      857
..................................................................


WIND (MPH)
  HIGHEST WIND SPEED    18   HIGHEST WIND DIRECTION     N (360)
  HIGHEST GUST SPEED    24   HIGHEST GUST DIRECTION     N (340)
  AVERAGE WIND SPEED     5.0


SKY COVER
  AVERAGE SKY COVER 0.0



RELATIVE HUMIDITY (PERCENT)
 HIGHEST   100           100 AM
 LOWEST     43           200 PM
 AVERAGE    72

..........................................................


THE POUGHKEEPSIE NY CLIMATE NORMALS FOR TODAY
                         NORMAL    RECORD    YEAR
 MAXIMUM TEMPERATURE (F)   79        94      1983
 MINIMUM TEMPERATURE (F)   55        39      1984


SUNRISE AND SUNSET
SEPTEMBER  6 2016.....SUNRISE   627 AM EDT   SUNSET   720 PM EDT
SEPTEMBER  7 2016.....SUNRISE   628 AM EDT   SUNSET   718 PM EDT


-  INDICATES NEGATIVE NUMBERS.
R  INDICATES RECORD WAS SET OR TIED.
MM INDICATES DATA IS MISSING.
T  INDICATES TRACE AMOUNT.




RECORDS FOR KPOU DATE BACK TO 1949...
HOWEVER...DATA IS MISSING FROM JANUARY 1993 - JULY 2000.
$$
