000
CDUS41 KALY 080629
CLIPOU


CLIMATE REPORT
NATIONAL WEATHER SERVICE ALBANY NY
228 AM EDT MON SEP 8 2014




THE POUGHKEEPSIE NY CLIMATE SUMMARY FOR SEPTEMBER 7 2014...

CLIMATE NORMAL PERIOD 1981 TO 2010
CLIMATE RECORD PERIOD 1949 TO 2014


WEATHER ITEM   OBSERVED TIME   RECORD YEAR NORMAL DEPARTURE LAST
                VALUE   (LST)  VALUE       VALUE  FROM      YEAR
                                                  NORMAL

TEMPERATURE (F)
 YESTERDAY
  MAXIMUM         79    427 PM  90    2001  78      1       78
  MINIMUM         54   1150 PM  34    1984  55     -1       46
  AVERAGE         67                        66      1       62

PRECIPITATION (IN)
  YESTERDAY        T             0.62 2011   0.14  -0.14     0.00
  MONTH TO DATE    0.15                      0.94  -0.79     1.19
  SINCE SEP 1      0.15                      0.94  -0.79     1.19
  SINCE JAN 1     24.82                     31.72  -6.90    31.41

DEGREE DAYS
 HEATING
  YESTERDAY        0                         2     -2        3
  MONTH TO DATE    0                        11    -11       15
  SINCE SEP 1      0                        11    -11       15
  SINCE JUL 1      5                        28    -23       18

 COOLING
  YESTERDAY        2                         3     -1        0
  MONTH TO DATE   68                        26     42       28
  SINCE SEP 1     68                        26     42       28
  SINCE JAN 1    665                       630     35      785



WIND (MPH)
  HIGHEST WIND SPEED    13   HIGHEST WIND DIRECTION     N (20)
  HIGHEST GUST SPEED    18   HIGHEST GUST DIRECTION     N (10)
  AVERAGE WIND SPEED     3.8


SKY COVER
  AVERAGE SKY COVER 0.2



RELATIVE HUMIDITY (PERCENT)
 HIGHEST    97           400 AM
 LOWEST     32           300 PM
 AVERAGE    65




THE POUGHKEEPSIE NY CLIMATE NORMALS FOR TODAY
                         NORMAL    RECORD    YEAR
 MAXIMUM TEMPERATURE (F)   78        92      2007
 MINIMUM TEMPERATURE (F)   54        38      1962


SUNRISE AND SUNSET
SEPTEMBER  8 2014.....SUNRISE   629 AM EDT   SUNSET   717 PM EDT
SEPTEMBER  9 2014.....SUNRISE   630 AM EDT   SUNSET   715 PM EDT


-  INDICATES NEGATIVE NUMBERS.
R  INDICATES RECORD WAS SET OR TIED.
MM INDICATES DATA IS MISSING.
T  INDICATES TRACE AMOUNT.





RECORDS FOR KPOU DATE BACK TO 1949...
HOWEVER...DATA IS MISSING FROM JANUARY 1993 - JULY 2000.
$$
