000
CDUS41 KALY 102049
CLIPOU


CLIMATE REPORT
NATIONAL WEATHER SERVICE ALBANY NY
448 PM EDT FRI OCT 10 2014


...................................

...THE POUGHKEEPSIE NY CLIMATE SUMMARY FOR OCTOBER 10 2014...
VALID TODAY AS OF 0400 PM LOCAL TIME.

CLIMATE NORMAL PERIOD 1981 TO 2010
CLIMATE RECORD PERIOD 1949 TO 2014


WEATHER ITEM   OBSERVED TIME   RECORD YEAR NORMAL DEPARTURE LAST
                VALUE   (LST)  VALUE       VALUE  FROM      YEAR
                                                  NORMAL
..................................................................
TEMPERATURE (F)
 TODAY
  MAXIMUM         63    311 PM  87    1949  65     -2       57
  MINIMUM         37    615 AM  26    1986  41     -4       42
  AVERAGE         50                        53     -3       50

PRECIPITATION (IN)
  TODAY            0.00          2.31 1971   0.16  -0.16      T
  MONTH TO DATE    1.06                      1.49  -0.43     1.27
  SINCE SEP 1      1.58                      5.77  -4.19     3.59
  SINCE JAN 1     26.25                     36.55 -10.30    33.81

DEGREE DAYS
 HEATING
  TODAY           15                        12      3       15
  MONTH TO DATE   65                       105    -40       48
  SINCE SEP 1    154                       228    -74      188
  SINCE JUL 1    159                       245    -86      191

 COOLING
  TODAY            0                         0      0        0
  MONTH TO DATE    0                         0      0        5
  SINCE SEP 1     86                        64     22       69
  SINCE JAN 1    683                       668     15      826
..................................................................


WIND (MPH)
  HIGHEST WIND SPEED     7   HIGHEST WIND DIRECTION     S (200)
  HIGHEST GUST SPEED    MM   HIGHEST GUST DIRECTION    MM
  AVERAGE WIND SPEED     2.5


SKY COVER
  AVERAGE SKY COVER 0.0



RELATIVE HUMIDITY (PERCENT)
 HIGHEST    92           300 AM
 LOWEST     36           100 PM
 AVERAGE    64

..........................................................


THE POUGHKEEPSIE NY CLIMATE NORMALS FOR TOMORROW
                         NORMAL    RECORD    YEAR
 MAXIMUM TEMPERATURE (F)   65        86      1949
 MINIMUM TEMPERATURE (F)   41        23      1986


SUNRISE AND SUNSET
OCTOBER 10 2014.......SUNRISE   702 AM EDT   SUNSET   622 PM EDT
OCTOBER 11 2014.......SUNRISE   703 AM EDT   SUNSET   621 PM EDT


-  INDICATES NEGATIVE NUMBERS.
R  INDICATES RECORD WAS SET OR TIED.
MM INDICATES DATA IS MISSING.
T  INDICATES TRACE AMOUNT.






RECORDS FOR KPOU DATE BACK TO 1949...
HOWEVER...DATA IS MISSING FROM JANUARY 1993 - JULY 2000.
$$
