000
CDUS41 KALY 090625
CLIPOU


CLIMATE REPORT
NATIONAL WEATHER SERVICE ALBANY NY
225 AM EDT SAT APR 9 2016


...................................

...THE POUGHKEEPSIE NY CLIMATE SUMMARY FOR APRIL 8 2016...

CLIMATE NORMAL PERIOD 1981 TO 2010
CLIMATE RECORD PERIOD 1949 TO 2016


WEATHER ITEM   OBSERVED TIME   RECORD YEAR NORMAL DEPARTURE LAST
                VALUE   (LST)  VALUE       VALUE  FROM      YEAR
                                                  NORMAL
..................................................................
TEMPERATURE (F)
 YESTERDAY
  MAXIMUM         50   1235 AM  84    2010  58     -8       43
  MINIMUM         30   1159 PM  21    1982  34     -4       37
  AVERAGE         40                        46     -6       40

PRECIPITATION (IN)
  YESTERDAY        T             0.78 1957   0.13  -0.13     0.18
  MONTH TO DATE    0.98                      1.02  -0.04     0.99
  SINCE MAR 1      2.02                      4.59  -2.57     3.16
  SINCE JAN 1      7.70                     10.33  -2.63     7.46

DEGREE DAYS
 HEATING
  YESTERDAY       25                        19      6       25
  MONTH TO DATE  184                       165     19      155
  SINCE MAR 1    767                      1039   -272     1156
  SINCE JUL 1   4299                      5610  -1311     5841

 COOLING
  YESTERDAY        0                         0      0        0
  MONTH TO DATE    0                         0      0        0
  SINCE MAR 1      0                         0      0        0
  SINCE JAN 1      0                         0      0        0
..................................................................


WIND (MPH)
  HIGHEST WIND SPEED    24   HIGHEST WIND DIRECTION     W (280)
  HIGHEST GUST SPEED    30   HIGHEST GUST DIRECTION     W (290)
  AVERAGE WIND SPEED    11.2


SKY COVER
  AVERAGE SKY COVER 0.8



RELATIVE HUMIDITY (PERCENT)
 HIGHEST    76           600 AM
 LOWEST     37           300 PM
 AVERAGE    57

..........................................................


THE POUGHKEEPSIE NY CLIMATE NORMALS FOR TODAY
                         NORMAL    RECORD    YEAR
 MAXIMUM TEMPERATURE (F)   58        80      1991
 MINIMUM TEMPERATURE (F)   34        19      1956


SUNRISE AND SUNSET
APRIL  9 2016.........SUNRISE   624 AM EDT   SUNSET   730 PM EDT
APRIL 10 2016.........SUNRISE   623 AM EDT   SUNSET   731 PM EDT


-  INDICATES NEGATIVE NUMBERS.
R  INDICATES RECORD WAS SET OR TIED.
MM INDICATES DATA IS MISSING.
T  INDICATES TRACE AMOUNT.




RECORDS FOR KPOU DATE BACK TO 1949...
HOWEVER...DATA IS MISSING FROM JANUARY 1993 - JULY 2000.
$$
