000
CDUS41 KALY 302044
CLIPOU


CLIMATE REPORT
NATIONAL WEATHER SERVICE ALBANY NY
444 PM EDT THU JUN 30 2016


...................................

...THE POUGHKEEPSIE NY CLIMATE SUMMARY FOR JUNE 30 2016...
VALID TODAY AS OF 0400 PM LOCAL TIME.

CLIMATE NORMAL PERIOD 1981 TO 2010
CLIMATE RECORD PERIOD 1949 TO 2016


WEATHER ITEM   OBSERVED TIME   RECORD YEAR NORMAL DEPARTURE LAST
                VALUE   (LST)  VALUE       VALUE  FROM      YEAR
                                                  NORMAL
..................................................................
TEMPERATURE (F)
 TODAY
  MAXIMUM         86    310 PM  99    1964  83      3       77
  MINIMUM         58    435 AM  42    1988  59     -1       60
  AVERAGE         72                        71      1       69

PRECIPITATION (IN)
  TODAY            0.00          1.96 1980   0.13  -0.13     0.10
  MONTH TO DATE    2.03                      4.43  -2.40     4.13
  SINCE JUN 1      2.03                      4.43  -2.40     4.13
  SINCE JAN 1     14.19                     21.93  -7.74    14.80

DEGREE DAYS
 HEATING
  TODAY            0                         0      0        0
  MONTH TO DATE    8                        48    -40       46
  SINCE JUN 1      8                        49    -41       46
  SINCE JUL 1   4777                      6211  -1434     6291

 COOLING
  TODAY            7                         7      0        4
  MONTH TO DATE  171                       127     44      133
  SINCE JUN 1    171                       127     44      133
  SINCE JAN 1    252                       163     89      246
..................................................................


WIND (MPH)
  HIGHEST WIND SPEED     7   HIGHEST WIND DIRECTION    SW (240)
  HIGHEST GUST SPEED    MM   HIGHEST GUST DIRECTION    MM
  AVERAGE WIND SPEED     2.1


SKY COVER
  AVERAGE SKY COVER 0.1



RELATIVE HUMIDITY (PERCENT)
 HIGHEST    90          1200 AM
 LOWEST     34           200 PM
 AVERAGE    62

..........................................................


THE POUGHKEEPSIE NY CLIMATE NORMALS FOR TOMORROW
                         NORMAL    RECORD    YEAR
 MAXIMUM TEMPERATURE (F)   83        97      1968
 MINIMUM TEMPERATURE (F)   59        45      1986


SUNRISE AND SUNSET
JUNE 30 2016..........SUNRISE   525 AM EDT   SUNSET   834 PM EDT
JULY  1 2016..........SUNRISE   525 AM EDT   SUNSET   834 PM EDT


-  INDICATES NEGATIVE NUMBERS.
R  INDICATES RECORD WAS SET OR TIED.
MM INDICATES DATA IS MISSING.
T  INDICATES TRACE AMOUNT.




RECORDS FOR KPOU DATE BACK TO 1949...
HOWEVER...DATA IS MISSING FROM JANUARY 1993 - JULY 2000.
$$
