000
CDUS41 KALY 140624
CLIPOU


CLIMATE REPORT
NATIONAL WEATHER SERVICE ALBANY NY
124 AM EST WED JAN 14 2015


...................................

...THE POUGHKEEPSIE NY CLIMATE SUMMARY FOR JANUARY 13 2015...

CLIMATE NORMAL PERIOD 1981 TO 2010
CLIMATE RECORD PERIOD 1949 TO 2015


WEATHER ITEM   OBSERVED TIME   RECORD YEAR NORMAL DEPARTURE LAST
                VALUE   (LST)  VALUE       VALUE  FROM      YEAR
                                                  NORMAL
..................................................................
TEMPERATURE (F)
 YESTERDAY
  MAXIMUM         35    205 AM  58    2005  35      0       49
  MINIMUM          7   1159 PM -19    1968  15     -8       25
  AVERAGE         21                        25     -4       37

PRECIPITATION (IN)
  YESTERDAY        0.00          0.85 1975   0.10  -0.10     0.00
  MONTH TO DATE    1.33                      1.33   0.00     0.94
  SINCE DEC 1      4.33                      4.86  -0.53     4.27
  SINCE JAN 1      1.33                      1.33   0.00     0.94

DEGREE DAYS
 HEATING
  YESTERDAY       44                        40      4       28
  MONTH TO DATE  515                       512      3      524
  SINCE DEC 1   1415                      1563   -148     1559
  SINCE JUL 1   2566                      2841   -275     2802

 COOLING
  YESTERDAY        0                         0      0        0
  MONTH TO DATE    0                         0      0        0
  SINCE DEC 1      0                         0      0        0
  SINCE JAN 1      0                         0      0        0
..................................................................


WIND (MPH)
  HIGHEST WIND SPEED    22   HIGHEST WIND DIRECTION     N (20)
  HIGHEST GUST SPEED    31   HIGHEST GUST DIRECTION     N (10)
  AVERAGE WIND SPEED    11.3


SKY COVER
  AVERAGE SKY COVER 0.2



RELATIVE HUMIDITY (PERCENT)
 HIGHEST    68           700 AM
 LOWEST     43           300 PM
 AVERAGE    56

..........................................................


THE POUGHKEEPSIE NY CLIMATE NORMALS FOR TODAY
                         NORMAL    RECORD    YEAR
 MAXIMUM TEMPERATURE (F)   35        64      2005
 MINIMUM TEMPERATURE (F)   15       -14      1954


SUNRISE AND SUNSET
JANUARY 14 2015.......SUNRISE   720 AM EST   SUNSET   449 PM EST
JANUARY 15 2015.......SUNRISE   720 AM EST   SUNSET   450 PM EST


-  INDICATES NEGATIVE NUMBERS.
R  INDICATES RECORD WAS SET OR TIED.
MM INDICATES DATA IS MISSING.
T  INDICATES TRACE AMOUNT.





RECORDS FOR KPOU DATE BACK TO 1949...
HOWEVER...DATA IS MISSING FROM JANUARY 1993 - JULY 2000.
$$
