000
CDUS41 KALY 080624
CLIPOU


CLIMATE REPORT
NATIONAL WEATHER SERVICE ALBANY NY
123 AM EST MON DEC 8 2014


...................................

...THE POUGHKEEPSIE NY CLIMATE SUMMARY FOR DECEMBER 7 2014...

CLIMATE NORMAL PERIOD 1981 TO 2010
CLIMATE RECORD PERIOD 1949 TO 2014


WEATHER ITEM   OBSERVED TIME   RECORD YEAR NORMAL DEPARTURE LAST
                VALUE   (LST)  VALUE       VALUE  FROM      YEAR
                                                  NORMAL
..................................................................
TEMPERATURE (F)
 YESTERDAY
  MAXIMUM         38    202 AM  60    2001  43     -5       41
  MINIMUM         21   1159 PM   1    1964  25     -4       25
  AVERAGE         30                        34     -4       33

PRECIPITATION (IN)
  YESTERDAY        0.00          2.12 2011   0.12  -0.12      T
  MONTH TO DATE    1.14                      0.86   0.28     0.79
  SINCE DEC 1      1.14                      0.86   0.28     0.79
  SINCE JAN 1     32.28                     43.86 -11.58    37.37

DEGREE DAYS
 HEATING
  YESTERDAY       35                        31      4       32
  MONTH TO DATE  203                       208     -5      187
  SINCE DEC 1    203                       208     -5      187
  SINCE JUL 1   1354                      1486   -132     1430

 COOLING
  YESTERDAY        0                         0      0        0
  MONTH TO DATE    0                         0      0        0
  SINCE DEC 1      0                         0      0        0
  SINCE JAN 1    696                       672     24      829
..................................................................


WIND (MPH)
  HIGHEST WIND SPEED    28   HIGHEST WIND DIRECTION     N (10)
  HIGHEST GUST SPEED    37   HIGHEST GUST DIRECTION     N (10)
  AVERAGE WIND SPEED    15.2


SKY COVER
  AVERAGE SKY COVER 0.3



RELATIVE HUMIDITY (PERCENT)
 HIGHEST    85           100 AM
 LOWEST     30           500 PM
 AVERAGE    58

..........................................................


THE POUGHKEEPSIE NY CLIMATE NORMALS FOR TODAY
                         NORMAL    RECORD    YEAR
 MAXIMUM TEMPERATURE (F)   43        61      1980
 MINIMUM TEMPERATURE (F)   25         7      1964


SUNRISE AND SUNSET
DECEMBER  8 2014......SUNRISE   710 AM EST   SUNSET   425 PM EST
DECEMBER  9 2014......SUNRISE   710 AM EST   SUNSET   425 PM EST


-  INDICATES NEGATIVE NUMBERS.
R  INDICATES RECORD WAS SET OR TIED.
MM INDICATES DATA IS MISSING.
T  INDICATES TRACE AMOUNT.





RECORDS FOR KPOU DATE BACK TO 1949...
HOWEVER...DATA IS MISSING FROM JANUARY 1993 - JULY 2000.
$$
