000
CDUS41 KALY 250627
CLIPOU


CLIMATE REPORT
NATIONAL WEATHER SERVICE ALBANY NY
226 AM EDT TUE MAR 25 2014




THE POUGHKEEPSIE NY CLIMATE SUMMARY FOR MARCH 24 2014...

CLIMATE NORMAL PERIOD 1981 TO 2010
CLIMATE RECORD PERIOD 1949 TO 2014


WEATHER ITEM   OBSERVED TIME   RECORD YEAR NORMAL DEPARTURE LAST
                VALUE   (LST)  VALUE       VALUE  FROM      YEAR
                                                  NORMAL

TEMPERATURE (F)
 YESTERDAY
  MAXIMUM         35    438 PM  73    1988  51    -16       46
  MINIMUM         17    523 AM  10    1992  28    -11       22
  AVERAGE         26                        40    -14       34

PRECIPITATION (IN)
  YESTERDAY        0.00          1.26 1989   0.12  -0.12     0.00
  MONTH TO DATE    0.86                      2.74  -1.88     1.31
  SINCE MAR 1      0.86                      2.74  -1.88     1.31
  SINCE JAN 1      5.14                      8.48  -3.34     4.97

DEGREE DAYS
 HEATING
  YESTERDAY       39                        25     14       31
  MONTH TO DATE  828                       707    121      695
  SINCE MAR 1    828                       707    121      695
  SINCE JUL 1   5531                      5278    253     4816

 COOLING
  YESTERDAY        0                         0      0        0
  MONTH TO DATE    0                         0      0        0
  SINCE MAR 1      0                         0      0        0
  SINCE JAN 1      0                         0      0        0



WIND (MPH)
  HIGHEST WIND SPEED    15   HIGHEST WIND DIRECTION     W (270)
  HIGHEST GUST SPEED    20   HIGHEST GUST DIRECTION    NW (330)
  AVERAGE WIND SPEED     5.5


SKY COVER
  AVERAGE SKY COVER 0.4



RELATIVE HUMIDITY (PERCENT)
 HIGHEST    67           600 AM
 LOWEST     28           200 PM
 AVERAGE    48




THE POUGHKEEPSIE NY CLIMATE NORMALS FOR TODAY
                         NORMAL    RECORD    YEAR
 MAXIMUM TEMPERATURE (F)   51        76      1963
 MINIMUM TEMPERATURE (F)   29        13      1956


SUNRISE AND SUNSET
MARCH 25 2014.........SUNRISE   650 AM EDT   SUNSET   713 PM EDT
MARCH 26 2014.........SUNRISE   649 AM EDT   SUNSET   714 PM EDT


-  INDICATES NEGATIVE NUMBERS.
R  INDICATES RECORD WAS SET OR TIED.
MM INDICATES DATA IS MISSING.
T  INDICATES TRACE AMOUNT.





RECORDS FOR KPOU DATE BACK TO 1949...
HOWEVER...DATA IS MISSING FROM JANUARY 1993 - JULY 2000.
$$
