365
CDUS41 KALY 080630
CLIPOU


CLIMATE REPORT
NATIONAL WEATHER SERVICE ALBANY NY
129 AM EST SUN JAN 8 2017


...................................

...THE POUGHKEEPSIE NY CLIMATE SUMMARY FOR JANUARY 7 2017...

CLIMATE NORMAL PERIOD 1981 TO 2010
CLIMATE RECORD PERIOD 1949 TO 2017


WEATHER ITEM   OBSERVED TIME   RECORD YEAR NORMAL DEPARTURE LAST
                VALUE   (LST)  VALUE       VALUE  FROM      YEAR
                                                  NORMAL
..................................................................
TEMPERATURE (F)
 YESTERDAY
  MAXIMUM         20   1105 AM  61    2012  35    -15       43
  MINIMUM          8   1148 PM   0    1970  16     -8       15
  AVERAGE         14                        26    -12       29

PRECIPITATION (IN)
  YESTERDAY        0.02          0.87 1979   0.11  -0.09     0.00
  MONTH TO DATE    0.50                      0.72  -0.22      T
  SINCE DEC 1      3.10                      4.25  -1.15     3.90
  SINCE JAN 1      0.50                      0.72  -0.22      T

DEGREE DAYS
 HEATING
  YESTERDAY       51                        39     12       36
  MONTH TO DATE  254                       273    -19      248
  SINCE DEC 1   1294                      1324    -30      882
  SINCE JUL 1   2440                      2602   -162     1870

 COOLING
  YESTERDAY        0                         0      0        0
  MONTH TO DATE    0                         0      0        0
  SINCE DEC 1      0                         0      0        0
  SINCE JAN 1      0                         0      0        0
..................................................................


WIND (MPH)
  HIGHEST WIND SPEED    15   HIGHEST WIND DIRECTION     N (10)
  HIGHEST GUST SPEED    19   HIGHEST GUST DIRECTION     N (340)
  AVERAGE WIND SPEED     4.6


SKY COVER
  AVERAGE SKY COVER 0.7



RELATIVE HUMIDITY (PERCENT)
 HIGHEST    92          1100 PM
 LOWEST     56           800 AM
 AVERAGE    74

..........................................................


THE POUGHKEEPSIE NY CLIMATE NORMALS FOR TODAY
                         NORMAL    RECORD    YEAR
 MAXIMUM TEMPERATURE (F)   35        63      2008
 MINIMUM TEMPERATURE (F)   16        -7      1968


SUNRISE AND SUNSET
JANUARY  8 2017.......SUNRISE   722 AM EST   SUNSET   443 PM EST
JANUARY  9 2017.......SUNRISE   722 AM EST   SUNSET   444 PM EST


-  INDICATES NEGATIVE NUMBERS.
R  INDICATES RECORD WAS SET OR TIED.
MM INDICATES DATA IS MISSING.
T  INDICATES TRACE AMOUNT.




RECORDS FOR KPOU DATE BACK TO 1949...
HOWEVER...DATA IS MISSING FROM JANUARY 1993 - JULY 2000.
$$
