000
CDUS41 KALY 120623
CLIPOU


CLIMATE REPORT
NATIONAL WEATHER SERVICE ALBANY NY
222 AM EDT WED APR 12 2017


...................................

...THE POUGHKEEPSIE NY CLIMATE SUMMARY FOR APRIL 11 2017...

CLIMATE NORMAL PERIOD 1981 TO 2010
CLIMATE RECORD PERIOD 1949 TO 2017


WEATHER ITEM   OBSERVED TIME   RECORD YEAR NORMAL DEPARTURE LAST
                VALUE   (LST)  VALUE       VALUE  FROM      YEAR
                                                  NORMAL
..................................................................
TEMPERATURE (F)
 YESTERDAY
  MAXIMUM         86R   326 PM  83    2011  59     27       58
  MINIMUM         47    600 AM  21    2007  35     12       43
  AVERAGE         67                        47     20       51

PRECIPITATION (IN)
  YESTERDAY        0.00          1.38 1958   0.13  -0.13     0.08
  MONTH TO DATE    1.21                      1.41  -0.20     1.06
  SINCE MAR 1      6.52                      4.98   1.54     2.10
  SINCE JAN 1     11.39                     10.72   0.67     7.78

DEGREE DAYS
 HEATING
  YESTERDAY        0                        18    -18       14
  MONTH TO DATE  181                       220    -39      254
  SINCE MAR 1   1176                      1094     82      837
  SINCE JUL 1   5218                      5665   -447     4369

 COOLING
  YESTERDAY        2                         0      2        0
  MONTH TO DATE    2                         0      2        0
  SINCE MAR 1      2                         0      2        0
  SINCE JAN 1      2                         0      2        0
..................................................................


WIND (MPH)
  HIGHEST WIND SPEED    17   HIGHEST WIND DIRECTION     N (10)
  HIGHEST GUST SPEED    24   HIGHEST GUST DIRECTION     N (20)
  AVERAGE WIND SPEED     4.3


SKY COVER
  AVERAGE SKY COVER 0.0



RELATIVE HUMIDITY (PERCENT)
 HIGHEST    86           600 AM
 LOWEST     20           200 PM
 AVERAGE    53

..........................................................


THE POUGHKEEPSIE NY CLIMATE NORMALS FOR TODAY
                         NORMAL    RECORD    YEAR
 MAXIMUM TEMPERATURE (F)   59        88      1977
 MINIMUM TEMPERATURE (F)   36        21      1952


SUNRISE AND SUNSET
APRIL 12 2017.........SUNRISE   620 AM EDT   SUNSET   733 PM EDT
APRIL 13 2017.........SUNRISE   618 AM EDT   SUNSET   734 PM EDT


-  INDICATES NEGATIVE NUMBERS.
R  INDICATES RECORD WAS SET OR TIED.
MM INDICATES DATA IS MISSING.
T  INDICATES TRACE AMOUNT.




RECORDS FOR KPOU DATE BACK TO 1949...
HOWEVER...DATA IS MISSING FROM JANUARY 1993 - JULY 2000.
$$
