000
CDUS41 KALY 300622
CLIPOU


CLIMATE REPORT
NATIONAL WEATHER SERVICE ALBANY NY
222 AM EDT THU JUN 30 2016


...................................

...THE POUGHKEEPSIE NY CLIMATE SUMMARY FOR JUNE 29 2016...

CLIMATE NORMAL PERIOD 1981 TO 2010
CLIMATE RECORD PERIOD 1949 TO 2016


WEATHER ITEM   OBSERVED TIME   RECORD YEAR NORMAL DEPARTURE LAST
                VALUE   (LST)  VALUE       VALUE  FROM      YEAR
                                                  NORMAL
..................................................................
TEMPERATURE (F)
 YESTERDAY
  MAXIMUM         86    346 PM  97    1959  83      3       76
  MINIMUM         63   1153 PM  40    1981  59      4       60
  AVERAGE         75                        71      4       68

PRECIPITATION (IN)
  YESTERDAY        0.00          2.84 1973   0.13  -0.13     0.00
  MONTH TO DATE    2.03                      4.30  -2.27     4.03
  SINCE JUN 1      2.03                      4.30  -2.27     4.03
  SINCE JAN 1     14.19                     21.80  -7.61    14.70

DEGREE DAYS
 HEATING
  YESTERDAY        0                         0      0        0
  MONTH TO DATE    8                        48    -40       46
  SINCE JUN 1      8                        48    -40       46
  SINCE JUL 1   4777                      6210  -1433     6291

 COOLING
  YESTERDAY       10                         6      4        3
  MONTH TO DATE  164                       120     44      129
  SINCE JUN 1    164                       120     44      129
  SINCE JAN 1    245                       156     89      242
..................................................................


WIND (MPH)
  HIGHEST WIND SPEED    14   HIGHEST WIND DIRECTION     W (280)
  HIGHEST GUST SPEED    19   HIGHEST GUST DIRECTION     W (270)
  AVERAGE WIND SPEED     3.9


SKY COVER
  AVERAGE SKY COVER 0.6



RELATIVE HUMIDITY (PERCENT)
 HIGHEST    87          1200 AM
 LOWEST     37           300 PM
 AVERAGE    62

..........................................................


THE POUGHKEEPSIE NY CLIMATE NORMALS FOR TODAY
                         NORMAL    RECORD    YEAR
 MAXIMUM TEMPERATURE (F)   83        99      1964
 MINIMUM TEMPERATURE (F)   59        42      1988


SUNRISE AND SUNSET
JUNE 30 2016..........SUNRISE   525 AM EDT   SUNSET   834 PM EDT
JULY  1 2016..........SUNRISE   525 AM EDT   SUNSET   834 PM EDT


-  INDICATES NEGATIVE NUMBERS.
R  INDICATES RECORD WAS SET OR TIED.
MM INDICATES DATA IS MISSING.
T  INDICATES TRACE AMOUNT.




RECORDS FOR KPOU DATE BACK TO 1949...
HOWEVER...DATA IS MISSING FROM JANUARY 1993 - JULY 2000.
$$
