000
CDUS41 KALY 022042
CLIPOU


CLIMATE REPORT
NATIONAL WEATHER SERVICE ALBANY NY
442 PM EDT FRI JUN 2 2017


...................................

...THE POUGHKEEPSIE NY CLIMATE SUMMARY FOR JUNE 2 2017...
VALID TODAY AS OF 0400 PM LOCAL TIME.

CLIMATE NORMAL PERIOD 1981 TO 2010
CLIMATE RECORD PERIOD 1949 TO 2017


WEATHER ITEM   OBSERVED TIME   RECORD YEAR NORMAL DEPARTURE LAST
                VALUE   (LST)  VALUE       VALUE  FROM      YEAR
                                                  NORMAL
..................................................................
TEMPERATURE (F)
 TODAY
  MAXIMUM         73    233 PM  90    2007  76     -3       83
                                      1944
                                      1934
  MINIMUM         45    410 AM  41    1933  52     -7       58
  AVERAGE         59                        64     -5       71

PRECIPITATION (IN)
  TODAY            0.00          1.47 1959   0.15  -0.15     0.00
  MONTH TO DATE    T                         0.31  -0.31     0.00
  SINCE JUN 1      T                         0.31  -0.31     0.00
  SINCE JAN 1     16.56                     17.81  -1.25    12.16

DEGREE DAYS
 HEATING
  TODAY            6                         3      3        0
  MONTH TO DATE    6                         7     -1        0
  SINCE JUN 1      6                         7     -1        0
  SINCE JUL 1   5670                      6169   -499     4769

 COOLING
  TODAY            0                         2     -2        6
  MONTH TO DATE    0                         4     -4       12
  SINCE JUN 1      0                         4     -4       12
  SINCE JAN 1     48                        40      8       93
..................................................................


WIND (MPH)
  HIGHEST WIND SPEED    15   HIGHEST WIND DIRECTION     W (270)
  HIGHEST GUST SPEED    24   HIGHEST GUST DIRECTION     W (290)
  AVERAGE WIND SPEED     5.2


SKY COVER
  AVERAGE SKY COVER 0.2



RELATIVE HUMIDITY (PERCENT)
 HIGHEST    93           300 AM
 LOWEST     33           200 PM
 AVERAGE    63

..........................................................


THE POUGHKEEPSIE NY CLIMATE NORMALS FOR TOMORROW
                         NORMAL    RECORD    YEAR
 MAXIMUM TEMPERATURE (F)   76        95      1936
 MINIMUM TEMPERATURE (F)   52        36      1986
                                             1964


SUNRISE AND SUNSET
JUNE  2 2017..........SUNRISE   523 AM EDT   SUNSET   824 PM EDT
JUNE  3 2017..........SUNRISE   523 AM EDT   SUNSET   825 PM EDT


-  INDICATES NEGATIVE NUMBERS.
R  INDICATES RECORD WAS SET OR TIED.
MM INDICATES DATA IS MISSING.
T  INDICATES TRACE AMOUNT.




RECORDS FOR KPOU DATE BACK TO 1949...
HOWEVER...DATA IS MISSING FROM JANUARY 1993 - JULY 2000.
$$
