205
CDUS41 KALY 122045
CLIPOU


CLIMATE REPORT
NATIONAL WEATHER SERVICE ALBANY NY
445 PM EDT FRI MAY 12 2017


...................................

...THE POUGHKEEPSIE NY CLIMATE SUMMARY FOR MAY 12 2017...
VALID TODAY AS OF 0400 PM LOCAL TIME.

CLIMATE NORMAL PERIOD 1981 TO 2010
CLIMATE RECORD PERIOD 1949 TO 2017


WEATHER ITEM   OBSERVED TIME   RECORD YEAR NORMAL DEPARTURE LAST
                VALUE   (LST)  VALUE       VALUE  FROM      YEAR
                                                  NORMAL
..................................................................
TEMPERATURE (F)
 TODAY
  MAXIMUM         67    226 PM  94    1936  70     -3       83
  MINIMUM         39    535 AM  30    1983  45     -6       44
  AVERAGE         53                        58     -5       64

PRECIPITATION (IN)
  TODAY            0.00          1.62 1974   0.13  -0.13     0.00
  MONTH TO DATE    1.47                      1.53  -0.06     2.02
  SINCE MAR 1      9.16                      8.88   0.28     5.29
  SINCE JAN 1     14.03                     14.62  -0.59    10.97

DEGREE DAYS
 HEATING
  TODAY           12                         8      4        1
  MONTH TO DATE  158                       114     44      123
  SINCE MAR 1   1520                      1482     38     1176
  SINCE JUL 1   5562                      6053   -491     4708

 COOLING
  TODAY            0                         1     -1        0
  MONTH TO DATE    0                         6     -6        0
  SINCE MAR 1     17                        11      6        4
  SINCE JAN 1     17                        11      6        4
..................................................................


WIND (MPH)
  HIGHEST WIND SPEED    10   HIGHEST WIND DIRECTION    SE (150)
  HIGHEST GUST SPEED    15   HIGHEST GUST DIRECTION     E (110)
  AVERAGE WIND SPEED     2.0


SKY COVER
  AVERAGE SKY COVER 0.4



RELATIVE HUMIDITY (PERCENT)
 HIGHEST    93           400 AM
 LOWEST     40           300 PM
 AVERAGE    67

..........................................................


THE POUGHKEEPSIE NY CLIMATE NORMALS FOR TOMORROW
                         NORMAL    RECORD    YEAR
 MAXIMUM TEMPERATURE (F)   71        88      1985
                                             1947
 MINIMUM TEMPERATURE (F)   45        30      1967


SUNRISE AND SUNSET
MAY 12 2017...........SUNRISE   539 AM EDT   SUNSET   805 PM EDT
MAY 13 2017...........SUNRISE   538 AM EDT   SUNSET   806 PM EDT


-  INDICATES NEGATIVE NUMBERS.
R  INDICATES RECORD WAS SET OR TIED.
MM INDICATES DATA IS MISSING.
T  INDICATES TRACE AMOUNT.




RECORDS FOR KPOU DATE BACK TO 1949...
HOWEVER...DATA IS MISSING FROM JANUARY 1993 - JULY 2000.
$$
