000
CDUS41 KALY 090628
CLIPOU


CLIMATE REPORT
NATIONAL WEATHER SERVICE ALBANY NY
228 AM EDT SAT AUG 9 2014




THE POUGHKEEPSIE NY CLIMATE SUMMARY FOR AUGUST 8 2014...

CLIMATE NORMAL PERIOD 1981 TO 2010
CLIMATE RECORD PERIOD 1949 TO 2014


WEATHER ITEM   OBSERVED TIME   RECORD YEAR NORMAL DEPARTURE LAST
                VALUE   (LST)  VALUE       VALUE  FROM      YEAR
                                                  NORMAL

TEMPERATURE (F)
 YESTERDAY
  MAXIMUM         81    458 PM  96    2001  84     -3       84
  MINIMUM         52    435 AM  48    1957  61     -9       71
  AVERAGE         67                        72     -5       78

PRECIPITATION (IN)
  YESTERDAY        0.00          0.88 1985   0.14  -0.14      T
  MONTH TO DATE    1.37                      1.24   0.13     0.43
  SINCE JUN 1      8.63                     10.32  -1.69    13.39
  SINCE JAN 1     22.66                     27.82  -5.16    24.04

DEGREE DAYS
 HEATING
  YESTERDAY        0                         0      0        0
  MONTH TO DATE    0                         0      0        1
  SINCE JUN 1      7                        54    -47       32
  SINCE JUL 1      0                         5     -5        1

 COOLING
  YESTERDAY        2                         7     -5       13
  MONTH TO DATE   50                        63    -13       38
  SINCE JUN 1    453                       430     23      575
  SINCE JAN 1    486                       466     20      628



WIND (MPH)
  HIGHEST WIND SPEED    13   HIGHEST WIND DIRECTION    NE (40)
  HIGHEST GUST SPEED    16   HIGHEST GUST DIRECTION    NW (330)
  AVERAGE WIND SPEED     2.1


SKY COVER
  AVERAGE SKY COVER 0.1



RELATIVE HUMIDITY (PERCENT)
 HIGHEST    93          1200 AM
 LOWEST     42           300 PM
 AVERAGE    68




THE POUGHKEEPSIE NY CLIMATE NORMALS FOR TODAY
                         NORMAL    RECORD    YEAR
 MAXIMUM TEMPERATURE (F)   84       103      2001
 MINIMUM TEMPERATURE (F)   61        42      1964


SUNRISE AND SUNSET
AUGUST  9 2014........SUNRISE   558 AM EDT   SUNSET   803 PM EDT
AUGUST 10 2014........SUNRISE   559 AM EDT   SUNSET   802 PM EDT


-  INDICATES NEGATIVE NUMBERS.
R  INDICATES RECORD WAS SET OR TIED.
MM INDICATES DATA IS MISSING.
T  INDICATES TRACE AMOUNT.





RECORDS FOR KPOU DATE BACK TO 1949...
HOWEVER...DATA IS MISSING FROM JANUARY 1993 - JULY 2000.
$$
