000
CDUS41 KALY 102051
CLIPOU


CLIMATE REPORT
NATIONAL WEATHER SERVICE ALBANY NY
450 PM EDT SUN APR 10 2016


...................................

...THE POUGHKEEPSIE NY CLIMATE SUMMARY FOR APRIL 10 2016...
VALID TODAY AS OF 0400 PM LOCAL TIME.

CLIMATE NORMAL PERIOD 1981 TO 2010
CLIMATE RECORD PERIOD 1949 TO 2016


WEATHER ITEM   OBSERVED TIME   RECORD YEAR NORMAL DEPARTURE LAST
                VALUE   (LST)  VALUE       VALUE  FROM      YEAR
                                                  NORMAL
..................................................................
TEMPERATURE (F)
 TODAY
  MAXIMUM         51    341 PM  79    1955  59     -8       54
  MINIMUM         23    547 AM  20    1950  35    -12       39
  AVERAGE         37                        47    -10       47

PRECIPITATION (IN)
  TODAY            0.00          1.32 1983   0.13  -0.13     0.24
  MONTH TO DATE    0.98                      1.28  -0.30     1.23
  SINCE MAR 1      2.02                      4.85  -2.83     3.40
  SINCE JAN 1      7.70                     10.59  -2.89     7.70

DEGREE DAYS
 HEATING
  TODAY           28                        18     10       18
  MONTH TO DATE  240                       202     38      199
  SINCE MAR 1    823                      1076   -253     1200
  SINCE JUL 1   4355                      5647  -1292     5885

 COOLING
  TODAY            0                         0      0        0
  MONTH TO DATE    0                         0      0        0
  SINCE MAR 1      0                         0      0        0
  SINCE JAN 1      0                         0      0        0
..................................................................


WIND (MPH)
  HIGHEST WIND SPEED    13   HIGHEST WIND DIRECTION    NW (310)
  HIGHEST GUST SPEED    18   HIGHEST GUST DIRECTION     S (200)
  AVERAGE WIND SPEED     5.1


SKY COVER
  AVERAGE SKY COVER 0.0



RELATIVE HUMIDITY (PERCENT)
 HIGHEST    68           600 AM
 LOWEST     26           200 PM
 AVERAGE    47

..........................................................


THE POUGHKEEPSIE NY CLIMATE NORMALS FOR TOMORROW
                         NORMAL    RECORD    YEAR
 MAXIMUM TEMPERATURE (F)   59        83      2011
 MINIMUM TEMPERATURE (F)   35        21      2007


SUNRISE AND SUNSET
APRIL 10 2016.........SUNRISE   623 AM EDT   SUNSET   731 PM EDT
APRIL 11 2016.........SUNRISE   621 AM EDT   SUNSET   732 PM EDT


-  INDICATES NEGATIVE NUMBERS.
R  INDICATES RECORD WAS SET OR TIED.
MM INDICATES DATA IS MISSING.
T  INDICATES TRACE AMOUNT.




RECORDS FOR KPOU DATE BACK TO 1949...
HOWEVER...DATA IS MISSING FROM JANUARY 1993 - JULY 2000.
$$
