000
CDUS41 KALY 032146
CLIPOU


CLIMATE REPORT
NATIONAL WEATHER SERVICE ALBANY NY
445 PM EST MON NOV 3 2014


...................................

...THE POUGHKEEPSIE NY CLIMATE SUMMARY FOR NOVEMBER 3 2014...
VALID TODAY AS OF 0400 PM LOCAL TIME.

CLIMATE NORMAL PERIOD 1981 TO 2010
CLIMATE RECORD PERIOD 1949 TO 2014


WEATHER ITEM   OBSERVED TIME   RECORD YEAR NORMAL DEPARTURE LAST
                VALUE   (LST)  VALUE       VALUE  FROM      YEAR
                                                  NORMAL
..................................................................
TEMPERATURE (F)
 TODAY
  MAXIMUM         62    314 PM  77    2003  57      5       47
  MINIMUM         28    654 AM  21    1980  34     -6       31
  AVERAGE         45                        45      0       39

PRECIPITATION (IN)
  TODAY            T             1.62 1979   0.12  -0.12     0.00
  MONTH TO DATE    0.10                      0.36  -0.26     0.27
  SINCE SEP 1      4.38                      9.11  -4.73     4.20
  SINCE JAN 1     29.05                     39.89 -10.84    34.42

DEGREE DAYS
 HEATING
  TODAY           20                        20      0       26
  MONTH TO DATE   62                        58      4       46
  SINCE SEP 1    466                       617   -151      531
  SINCE JUL 1    471                       634   -163      534

 COOLING
  TODAY            0                         0      0        0
  MONTH TO DATE    0                         0      0        0
  SINCE SEP 1     99                        68     31       72
  SINCE JAN 1    696                       672     24      829
..................................................................


WIND (MPH)
  HIGHEST WIND SPEED     9   HIGHEST WIND DIRECTION     W (280)
  HIGHEST GUST SPEED    MM   HIGHEST GUST DIRECTION    MM
  AVERAGE WIND SPEED     5.4


SKY COVER
  AVERAGE SKY COVER 0.1



RELATIVE HUMIDITY (PERCENT)
 HIGHEST    85           600 AM
 LOWEST     19           400 PM
 AVERAGE    52

..........................................................


THE POUGHKEEPSIE NY CLIMATE NORMALS FOR TOMORROW
                         NORMAL    RECORD    YEAR
 MAXIMUM TEMPERATURE (F)   57        74      1987
 MINIMUM TEMPERATURE (F)   34        17      1951


SUNRISE AND SUNSET
NOVEMBER  3 2014......SUNRISE   630 AM EST   SUNSET   448 PM EST
NOVEMBER  4 2014......SUNRISE   631 AM EST   SUNSET   447 PM EST


-  INDICATES NEGATIVE NUMBERS.
R  INDICATES RECORD WAS SET OR TIED.
MM INDICATES DATA IS MISSING.
T  INDICATES TRACE AMOUNT.






RECORDS FOR KPOU DATE BACK TO 1949...
HOWEVER...DATA IS MISSING FROM JANUARY 1993 - JULY 2000.
$$
