000
CDUS41 KALY 260625
CLIPOU


CLIMATE REPORT
NATIONAL WEATHER SERVICE ALBANY NY
125 AM EST THU FEB 26 2015


...................................

...THE POUGHKEEPSIE NY CLIMATE SUMMARY FOR FEBRUARY 25 2015...

CLIMATE NORMAL PERIOD 1981 TO 2010
CLIMATE RECORD PERIOD 1949 TO 2015


WEATHER ITEM   OBSERVED TIME   RECORD YEAR NORMAL DEPARTURE LAST
                VALUE   (LST)  VALUE       VALUE  FROM      YEAR
                                                  NORMAL
..................................................................
TEMPERATURE (F)
 YESTERDAY
  MAXIMUM         36    418 PM  70    1976  42     -6       30
  MINIMUM          1    657 AM  -3    1964  20    -19       12
  AVERAGE         19                        31    -12       21

PRECIPITATION (IN)
  YESTERDAY        0.00          2.14 2010   0.11  -0.11      T
  MONTH TO DATE    1.36                      2.35  -0.99     2.78
  SINCE DEC 1      7.30                      8.96  -1.66     7.61
  SINCE JAN 1      4.30                      5.43  -1.13     4.28

DEGREE DAYS
 HEATING
  YESTERDAY       46                        34     12       44
  MONTH TO DATE 1222                       917    305     1019
  SINCE DEC 1   3382                      3191    191     3310
  SINCE JUL 1   4533                      4469     64     4553

 COOLING
  YESTERDAY        0                         0      0        0
  MONTH TO DATE    0                         0      0        0
  SINCE DEC 1      0                         0      0        0
  SINCE JAN 1      0                         0      0        0
..................................................................


WIND (MPH)
  HIGHEST WIND SPEED    22   HIGHEST WIND DIRECTION     W (250)
  HIGHEST GUST SPEED    26   HIGHEST GUST DIRECTION     W (280)
  AVERAGE WIND SPEED     6.0


SKY COVER
  AVERAGE SKY COVER 0.1



RELATIVE HUMIDITY (PERCENT)
 HIGHEST    88           800 AM
 LOWEST     28           600 PM
 AVERAGE    58

..........................................................


THE POUGHKEEPSIE NY CLIMATE NORMALS FOR TODAY
                         NORMAL    RECORD    YEAR
 MAXIMUM TEMPERATURE (F)   42        65      2002
 MINIMUM TEMPERATURE (F)   20        -7      1963


SUNRISE AND SUNSET
FEBRUARY 26 2015......SUNRISE   635 AM EST   SUNSET   542 PM EST
FEBRUARY 27 2015......SUNRISE   634 AM EST   SUNSET   543 PM EST


-  INDICATES NEGATIVE NUMBERS.
R  INDICATES RECORD WAS SET OR TIED.
MM INDICATES DATA IS MISSING.
T  INDICATES TRACE AMOUNT.




RECORDS FOR KPOU DATE BACK TO 1949...
HOWEVER...DATA IS MISSING FROM JANUARY 1993 - JULY 2000.
$$
