000
CDUS41 KALY 220623
CLIPOU


CLIMATE REPORT
NATIONAL WEATHER SERVICE ALBANY NY
223 AM EDT FRI AUG 22 2014




THE POUGHKEEPSIE NY CLIMATE SUMMARY FOR AUGUST 21 2014...

CLIMATE NORMAL PERIOD 1981 TO 2010
CLIMATE RECORD PERIOD 1949 TO 2014


WEATHER ITEM   OBSERVED TIME   RECORD YEAR NORMAL DEPARTURE LAST
                VALUE   (LST)  VALUE       VALUE  FROM      YEAR
                                                  NORMAL

TEMPERATURE (F)
 YESTERDAY
  MAXIMUM         79    354 PM  94    2005  82     -3       87
  MINIMUM         65    606 AM  43    1977  59      6       58
  AVERAGE         72                        71      1       73

PRECIPITATION (IN)
  YESTERDAY        0.08          2.21 2004   0.14  -0.06     0.00
  MONTH TO DATE    2.82                      3.01  -0.19     5.87
  SINCE JUN 1     10.08                     12.09  -2.01    18.83
  SINCE JAN 1     24.11                     29.59  -5.48    29.48

DEGREE DAYS
 HEATING
  YESTERDAY        0                         0      0        0
  MONTH TO DATE    3                         0      3        3
  SINCE JUN 1     10                        54    -44       34
  SINCE JUL 1      3                         5     -2        3

 COOLING
  YESTERDAY        7                         6      1        8
  MONTH TO DATE  107                       150    -43       96
  SINCE JUN 1    510                       517     -7      633
  SINCE JAN 1    543                       553    -10      686



WIND (MPH)
  HIGHEST WIND SPEED    10   HIGHEST WIND DIRECTION    SE (140)
  HIGHEST GUST SPEED    16   HIGHEST GUST DIRECTION    SE (140)
  AVERAGE WIND SPEED     4.2


SKY COVER
  AVERAGE SKY COVER 0.8



RELATIVE HUMIDITY (PERCENT)
 HIGHEST    93           400 AM
 LOWEST     56          1200 PM
 AVERAGE    75




THE POUGHKEEPSIE NY CLIMATE NORMALS FOR TODAY
                         NORMAL    RECORD    YEAR
 MAXIMUM TEMPERATURE (F)   82        90      2003
 MINIMUM TEMPERATURE (F)   59        41      1982


SUNRISE AND SUNSET
AUGUST 22 2014........SUNRISE   611 AM EDT   SUNSET   745 PM EDT
AUGUST 23 2014........SUNRISE   612 AM EDT   SUNSET   743 PM EDT


-  INDICATES NEGATIVE NUMBERS.
R  INDICATES RECORD WAS SET OR TIED.
MM INDICATES DATA IS MISSING.
T  INDICATES TRACE AMOUNT.






RECORDS FOR KPOU DATE BACK TO 1949...
HOWEVER...DATA IS MISSING FROM JANUARY 1993 - JULY 2000.
$$
