000
CDUS41 KALY 272045
CLIPOU


CLIMATE REPORT
NATIONAL WEATHER SERVICE ALBANY NY
444 PM EDT THU MAR 27 2014




THE POUGHKEEPSIE NY CLIMATE SUMMARY FOR MARCH 27 2014...
VALID TODAY AS OF 0400 PM LOCAL TIME.

CLIMATE NORMAL PERIOD 1981 TO 2010
CLIMATE RECORD PERIOD 1949 TO 2014


WEATHER ITEM   OBSERVED TIME   RECORD YEAR NORMAL DEPARTURE LAST
                VALUE   (LST)  VALUE       VALUE  FROM      YEAR
                                                  NORMAL

TEMPERATURE (F)
 TODAY
  MAXIMUM         44    337 PM  77    1949  52     -8       54
  MINIMUM         17    616 AM  12    2001  30    -13       22
  AVERAGE         31                        41    -10       38

PRECIPITATION (IN)
  TODAY            0.00          0.92 1983   0.12  -0.12     0.00
  MONTH TO DATE    0.86                      3.10  -2.24     1.31
  SINCE MAR 1      0.86                      3.10  -2.24     1.31
  SINCE JAN 1      5.14                      8.84  -3.70     4.97

DEGREE DAYS
 HEATING
  TODAY           34                        24     10       27
  MONTH TO DATE  937                       781    156      773
  SINCE MAR 1    937                       781    156      773
  SINCE JUL 1   5640                      5352    288     4894

 COOLING
  TODAY            0                         0      0        0
  MONTH TO DATE    0                         0      0        0
  SINCE MAR 1      0                         0      0        0
  SINCE JAN 1      0                         0      0        0



WIND (MPH)
  HIGHEST WIND SPEED    14   HIGHEST WIND DIRECTION     W (250)
  HIGHEST GUST SPEED    18   HIGHEST GUST DIRECTION    SW (230)
  AVERAGE WIND SPEED     5.0


SKY COVER
  AVERAGE SKY COVER 0.0



RELATIVE HUMIDITY (PERCENT)
 HIGHEST    67           600 AM
 LOWEST     20           300 PM
 AVERAGE    44




THE POUGHKEEPSIE NY CLIMATE NORMALS FOR TOMORROW
                         NORMAL    RECORD    YEAR
 MAXIMUM TEMPERATURE (F)   53        83      1989
 MINIMUM TEMPERATURE (F)   30        13      1956


SUNRISE AND SUNSET
MARCH 27 2014.........SUNRISE   647 AM EDT   SUNSET   715 PM EDT
MARCH 28 2014.........SUNRISE   645 AM EDT   SUNSET   716 PM EDT


-  INDICATES NEGATIVE NUMBERS.
R  INDICATES RECORD WAS SET OR TIED.
MM INDICATES DATA IS MISSING.
T  INDICATES TRACE AMOUNT.






RECORDS FOR KPOU DATE BACK TO 1949...
HOWEVER...DATA IS MISSING FROM JANUARY 1993 - JULY 2000.
$$
