000
CDUS41 KALY 110624
CLIPOU


CLIMATE REPORT
NATIONAL WEATHER SERVICE ALBANY NY
223 AM EDT MON SEP 11 2017


...................................

...THE POUGHKEEPSIE NY CLIMATE SUMMARY FOR SEPTEMBER 10 2017...

CLIMATE NORMAL PERIOD 1981 TO 2010
CLIMATE RECORD PERIOD 1949 TO 2017


WEATHER ITEM   OBSERVED TIME   RECORD YEAR NORMAL DEPARTURE LAST
                VALUE   (LST)  VALUE       VALUE  FROM      YEAR
                                                  NORMAL
..................................................................
TEMPERATURE (F)
 YESTERDAY
  MAXIMUM         72    320 PM  95    1983  77     -5       88
  MINIMUM         43    512 AM  34    1956  53    -10       68
  AVERAGE         58                        65     -7       78

PRECIPITATION (IN)
  YESTERDAY        0.00          1.54 1976   0.14  -0.14     0.14
  MONTH TO DATE    1.36                      1.36   0.00     0.23
  SINCE SEP 1      1.36                      1.36   0.00     0.23
  SINCE JAN 1     29.96                     32.14  -2.18    22.55

DEGREE DAYS
 HEATING
  YESTERDAY        7                         3      4        0
  MONTH TO DATE   55                        18     37        0
  SINCE SEP 1     55                        18     37        0
  SINCE JUL 1     75                        35     40        2

 COOLING
  YESTERDAY        0                         3     -3       13
  MONTH TO DATE   11                        35    -24       69
  SINCE SEP 1     11                        35    -24       69
  SINCE JAN 1    585                       639    -54     1011
..................................................................


WIND (MPH)
  HIGHEST WIND SPEED    16   HIGHEST WIND DIRECTION     N (10)
  HIGHEST GUST SPEED    21   HIGHEST GUST DIRECTION    NE (30)
  AVERAGE WIND SPEED     4.0


SKY COVER
  AVERAGE SKY COVER 0.0



RELATIVE HUMIDITY (PERCENT)
 HIGHEST   100           400 AM
 LOWEST     38           200 PM
 AVERAGE    69

..........................................................


THE POUGHKEEPSIE NY CLIMATE NORMALS FOR TODAY
                         NORMAL    RECORD    YEAR
 MAXIMUM TEMPERATURE (F)   77        97      1983
 MINIMUM TEMPERATURE (F)   53        37      1949


SUNRISE AND SUNSET
SEPTEMBER 11 2017.....SUNRISE   632 AM EDT   SUNSET   711 PM EDT
SEPTEMBER 12 2017.....SUNRISE   633 AM EDT   SUNSET   710 PM EDT


-  INDICATES NEGATIVE NUMBERS.
R  INDICATES RECORD WAS SET OR TIED.
MM INDICATES DATA IS MISSING.
T  INDICATES TRACE AMOUNT.




RECORDS FOR KPOU DATE BACK TO 1949...
HOWEVER...DATA IS MISSING FROM JANUARY 1993 - JULY 2000.
$$
