000
CDUS41 KALY 272150
CLIPOU


CLIMATE REPORT
NATIONAL WEATHER SERVICE ALBANY NY
450 PM EST FRI JAN 27 2017


...................................

...THE POUGHKEEPSIE NY CLIMATE SUMMARY FOR JANUARY 27 2017...
VALID TODAY AS OF 0400 PM LOCAL TIME.

CLIMATE NORMAL PERIOD 1981 TO 2010
CLIMATE RECORD PERIOD 1949 TO 2017


WEATHER ITEM   OBSERVED TIME   RECORD YEAR NORMAL DEPARTURE LAST
                VALUE   (LST)  VALUE       VALUE  FROM      YEAR
                                                  NORMAL
..................................................................
TEMPERATURE (F)
 TODAY
  MAXIMUM         40    221 PM  63    1974  36      4       47
  MINIMUM         36    446 AM -12    1987  16     20       24
  AVERAGE         38                        26     12       36

PRECIPITATION (IN)
  TODAY            0.00          0.95 1976   0.09  -0.09     0.00
  MONTH TO DATE    2.92                      2.69   0.23     1.21
  SINCE DEC 1      5.52                      6.22  -0.70     5.11
  SINCE JAN 1      2.92                      2.69   0.23     1.21

DEGREE DAYS
 HEATING
  TODAY           27                        39    -12       29
  MONTH TO DATE  869                      1069   -200      912
  SINCE DEC 1   1909                      2120   -211     1546
  SINCE JUL 1   3055                      3398   -343     2534

 COOLING
  TODAY            0                         0      0        0
  MONTH TO DATE    0                         0      0        0
  SINCE DEC 1      0                         0      0        0
  SINCE JAN 1      0                         0      0        0
..................................................................


WIND (MPH)
  HIGHEST WIND SPEED    17   HIGHEST WIND DIRECTION     W (280)
  HIGHEST GUST SPEED    30   HIGHEST GUST DIRECTION    NW (300)
  AVERAGE WIND SPEED    13.9


SKY COVER
  AVERAGE SKY COVER 0.7



RELATIVE HUMIDITY (PERCENT)
 HIGHEST    70          1200 AM
 LOWEST     44           400 PM
 AVERAGE    57

..........................................................


THE POUGHKEEPSIE NY CLIMATE NORMALS FOR TOMORROW
                         NORMAL    RECORD    YEAR
 MAXIMUM TEMPERATURE (F)   36        58      2002
 MINIMUM TEMPERATURE (F)   16       -14      2005


SUNRISE AND SUNSET
JANUARY 27 2017.......SUNRISE   712 AM EST   SUNSET   505 PM EST
JANUARY 28 2017.......SUNRISE   711 AM EST   SUNSET   506 PM EST


-  INDICATES NEGATIVE NUMBERS.
R  INDICATES RECORD WAS SET OR TIED.
MM INDICATES DATA IS MISSING.
T  INDICATES TRACE AMOUNT.




RECORDS FOR KPOU DATE BACK TO 1949...
HOWEVER...DATA IS MISSING FROM JANUARY 1993 - JULY 2000.
$$
