000
CDUS41 KALY 070624
CLIPOU


CLIMATE REPORT
NATIONAL WEATHER SERVICE ALBANY NY
223 AM EDT THU AUG 7 2014




THE POUGHKEEPSIE NY CLIMATE SUMMARY FOR AUGUST 6 2014...

CLIMATE NORMAL PERIOD 1981 TO 2010
CLIMATE RECORD PERIOD 1949 TO 2014


WEATHER ITEM   OBSERVED TIME   RECORD YEAR NORMAL DEPARTURE LAST
                VALUE   (LST)  VALUE       VALUE  FROM      YEAR
                                                  NORMAL

TEMPERATURE (F)
 YESTERDAY
  MAXIMUM         82    250 PM  95    2001  84     -2       80
  MINIMUM         60   1130 PM  43    1951  61     -1       50
  AVERAGE         71                        72     -1       65

PRECIPITATION (IN)
  YESTERDAY        0.49          2.52 1990   0.15   0.34     0.00
  MONTH TO DATE    1.37                      0.94   0.43     0.42
  SINCE JUN 1      8.63                     10.02  -1.39    13.38
  SINCE JAN 1     22.66                     27.52  -4.86    24.03

DEGREE DAYS
 HEATING
  YESTERDAY        0                         0      0        0
  MONTH TO DATE    0                         0      0        1
  SINCE JUN 1      7                        54    -47       32
  SINCE JUL 1      0                         5     -5        1

 COOLING
  YESTERDAY        6                         8     -2        0
  MONTH TO DATE   45                        48     -3       22
  SINCE JUN 1    448                       415     33      559
  SINCE JAN 1    481                       451     30      612



WIND (MPH)
  HIGHEST WIND SPEED    30   HIGHEST WIND DIRECTION    NE (40)
  HIGHEST GUST SPEED    38   HIGHEST GUST DIRECTION    NE (40)
  AVERAGE WIND SPEED     1.3


SKY COVER
  AVERAGE SKY COVER 0.5



RELATIVE HUMIDITY (PERCENT)
 HIGHEST    93           100 AM
 LOWEST     51           200 PM
 AVERAGE    72




THE POUGHKEEPSIE NY CLIMATE NORMALS FOR TODAY
                         NORMAL    RECORD    YEAR
 MAXIMUM TEMPERATURE (F)   84        97      2001
 MINIMUM TEMPERATURE (F)   61        46      1964


SUNRISE AND SUNSET
AUGUST  7 2014........SUNRISE   556 AM EDT   SUNSET   806 PM EDT
AUGUST  8 2014........SUNRISE   557 AM EDT   SUNSET   805 PM EDT


-  INDICATES NEGATIVE NUMBERS.
R  INDICATES RECORD WAS SET OR TIED.
MM INDICATES DATA IS MISSING.
T  INDICATES TRACE AMOUNT.





RECORDS FOR KPOU DATE BACK TO 1949...
HOWEVER...DATA IS MISSING FROM JANUARY 1993 - JULY 2000.
$$
