000
CDUS41 KALY 100702
CLIPOU


CLIMATE REPORT
NATIONAL WEATHER SERVICE ALBANY NY
302 AM EDT FRI OCT 10 2014


...................................

...THE POUGHKEEPSIE NY CLIMATE SUMMARY FOR OCTOBER 9 2014...

CLIMATE NORMAL PERIOD 1981 TO 2010
CLIMATE RECORD PERIOD 1949 TO 2014


WEATHER ITEM   OBSERVED TIME   RECORD YEAR NORMAL DEPARTURE LAST
                VALUE   (LST)  VALUE       VALUE  FROM      YEAR
                                                  NORMAL
..................................................................
TEMPERATURE (F)
 YESTERDAY
  MAXIMUM         70    303 PM  83    1959  66      4       65
  MINIMUM         44   1141 PM  26    2001  41      3       41
  AVERAGE         57                        53      4       53

PRECIPITATION (IN)
  YESTERDAY        0.00          1.44 1977   0.15  -0.15     0.00
  MONTH TO DATE    1.06                      1.33  -0.27     1.27
  SINCE SEP 1      1.58                      5.61  -4.03     3.59
  SINCE JAN 1     26.25                     36.39 -10.14    33.81

DEGREE DAYS
 HEATING
  YESTERDAY        8                        12     -4       12
  MONTH TO DATE   50                        93    -43       33
  SINCE SEP 1    139                       216    -77      173
  SINCE JUL 1    144                       233    -89      176

 COOLING
  YESTERDAY        0                         0      0        0
  MONTH TO DATE    0                         0      0        5
  SINCE SEP 1     86                        64     22       69
  SINCE JAN 1    683                       668     15      826
..................................................................


WIND (MPH)
  HIGHEST WIND SPEED    23   HIGHEST WIND DIRECTION     W (260)
  HIGHEST GUST SPEED    32   HIGHEST GUST DIRECTION    SW (240)
  AVERAGE WIND SPEED     8.0


SKY COVER
  AVERAGE SKY COVER 0.2



RELATIVE HUMIDITY (PERCENT)
 HIGHEST    86           300 AM
 LOWEST     28           200 PM
 AVERAGE    57

..........................................................


THE POUGHKEEPSIE NY CLIMATE NORMALS FOR TODAY
                         NORMAL    RECORD    YEAR
 MAXIMUM TEMPERATURE (F)   65        87      1949
 MINIMUM TEMPERATURE (F)   41        26      1986


SUNRISE AND SUNSET
OCTOBER 10 2014.......SUNRISE   702 AM EDT   SUNSET   622 PM EDT
OCTOBER 11 2014.......SUNRISE   703 AM EDT   SUNSET   621 PM EDT


-  INDICATES NEGATIVE NUMBERS.
R  INDICATES RECORD WAS SET OR TIED.
MM INDICATES DATA IS MISSING.
T  INDICATES TRACE AMOUNT.






RECORDS FOR KPOU DATE BACK TO 1949...
HOWEVER...DATA IS MISSING FROM JANUARY 1993 - JULY 2000.
$$
