000
CDUS41 KALY 170824
CLIPOU


CLIMATE REPORT
NATIONAL WEATHER SERVICE ALBANY NY
423 AM EDT WED JUN 17 2015


...................................

...THE POUGHKEEPSIE NY CLIMATE SUMMARY FOR JUNE 16 2015...

CLIMATE NORMAL PERIOD 1981 TO 2010
CLIMATE RECORD PERIOD 1949 TO 2015


WEATHER ITEM   OBSERVED TIME   RECORD YEAR NORMAL DEPARTURE LAST
                VALUE   (LST)  VALUE       VALUE  FROM      YEAR
                                                  NORMAL
..................................................................
TEMPERATURE (F)
 YESTERDAY
  MAXIMUM         83    521 PM  97    1957  80      3       85
  MINIMUM         63   1156 PM  41    1961  56      7       53
  AVERAGE         73                        68      5       69

PRECIPITATION (IN)
  YESTERDAY        0.03          2.06 2005   0.15  -0.12     0.00
  MONTH TO DATE    2.31                      2.54  -0.23     1.59
  SINCE JUN 1      2.31                      2.54  -0.23     1.59
  SINCE JAN 1     12.98                     20.04  -7.06    15.62

DEGREE DAYS
 HEATING
  YESTERDAY        0                         1     -1        0
  MONTH TO DATE   40                        38      2        6
  SINCE JUN 1     40                        38      2        6
  SINCE JUL 1   6285                      6200     85     6350

 COOLING
  YESTERDAY        8                         4      4        4
  MONTH TO DATE   62                        50     12       37
  SINCE JUN 1     62                        50     12       37
  SINCE JAN 1    175                        86     89       70
..................................................................


WIND (MPH)
  HIGHEST WIND SPEED     8   HIGHEST WIND DIRECTION     N (360)
  HIGHEST GUST SPEED    22   HIGHEST GUST DIRECTION     N (360)
  AVERAGE WIND SPEED     3.9


SKY COVER
  AVERAGE SKY COVER 0.7



RELATIVE HUMIDITY (PERCENT)
 HIGHEST    93           100 AM
 LOWEST     62           700 PM
 AVERAGE    78

..........................................................


THE POUGHKEEPSIE NY CLIMATE NORMALS FOR TODAY
                         NORMAL    RECORD    YEAR
 MAXIMUM TEMPERATURE (F)   80        93      1957
 MINIMUM TEMPERATURE (F)   56        39      1965


SUNRISE AND SUNSET
JUNE 17 2015..........SUNRISE   521 AM EDT   SUNSET   832 PM EDT
JUNE 18 2015..........SUNRISE   521 AM EDT   SUNSET   832 PM EDT


-  INDICATES NEGATIVE NUMBERS.
R  INDICATES RECORD WAS SET OR TIED.
MM INDICATES DATA IS MISSING.
T  INDICATES TRACE AMOUNT.




RECORDS FOR KPOU DATE BACK TO 1949...
HOWEVER...DATA IS MISSING FROM JANUARY 1993 - JULY 2000.
$$
