000
CDUS41 KALY 240622
CLIPOU


CLIMATE REPORT
NATIONAL WEATHER SERVICE ALBANY NY
121 AM EST SUN JAN 24 2016


...................................

...THE POUGHKEEPSIE NY CLIMATE SUMMARY FOR JANUARY 23 2016...

CLIMATE NORMAL PERIOD 1981 TO 2010
CLIMATE RECORD PERIOD 1949 TO 2016


WEATHER ITEM   OBSERVED TIME   RECORD YEAR NORMAL DEPARTURE LAST
                VALUE   (LST)  VALUE       VALUE  FROM      YEAR
                                                  NORMAL
..................................................................
TEMPERATURE (F)
 YESTERDAY
  MAXIMUM         30   1253 PM  60    1957  36     -6       37
  MINIMUM         24   1159 PM -16    1961  15      9       12
  AVERAGE         27                        25      2       25

PRECIPITATION (IN)
  YESTERDAY        T             0.99 1983   0.09  -0.09     0.00
  MONTH TO DATE    1.21                      2.30  -1.09     2.43
  SINCE DEC 1      5.11                      5.83  -0.72     5.43
  SINCE JAN 1      1.21                      2.30  -1.09     2.43

DEGREE DAYS
 HEATING
  YESTERDAY       38                        40     -2       40
  MONTH TO DATE  777                       912   -135      911
  SINCE DEC 1   1411                      1963   -552     1811
  SINCE JUL 1   2399                      3241   -842     2962

 COOLING
  YESTERDAY        0                         0      0        0
  MONTH TO DATE    0                         0      0        0
  SINCE DEC 1      0                         0      0        0
  SINCE JAN 1      0                         0      0        0
..................................................................


WIND (MPH)
  HIGHEST WIND SPEED    23   HIGHEST WIND DIRECTION     N (10)
  HIGHEST GUST SPEED    30   HIGHEST GUST DIRECTION     N (360)
  AVERAGE WIND SPEED    12.7


SKY COVER
  AVERAGE SKY COVER 0.9



RELATIVE HUMIDITY (PERCENT)
 HIGHEST    50           800 AM
 LOWEST     39           700 PM
 AVERAGE    45

..........................................................


THE POUGHKEEPSIE NY CLIMATE NORMALS FOR TODAY
                         NORMAL    RECORD    YEAR
 MAXIMUM TEMPERATURE (F)   36        63      1967
 MINIMUM TEMPERATURE (F)   15       -15      1961


SUNRISE AND SUNSET
JANUARY 24 2016.......SUNRISE   715 AM EST   SUNSET   501 PM EST
JANUARY 25 2016.......SUNRISE   714 AM EST   SUNSET   502 PM EST


-  INDICATES NEGATIVE NUMBERS.
R  INDICATES RECORD WAS SET OR TIED.
MM INDICATES DATA IS MISSING.
T  INDICATES TRACE AMOUNT.




RECORDS FOR KPOU DATE BACK TO 1949...
HOWEVER...DATA IS MISSING FROM JANUARY 1993 - JULY 2000.
$$
