000
CDUS41 KALY 270624
CLIPOU


CLIMATE REPORT
NATIONAL WEATHER SERVICE ALBANY NY
223 AM EDT WED AUG 27 2014




THE POUGHKEEPSIE NY CLIMATE SUMMARY FOR AUGUST 26 2014...

CLIMATE NORMAL PERIOD 1981 TO 2010
CLIMATE RECORD PERIOD 1949 TO 2014


WEATHER ITEM   OBSERVED TIME   RECORD YEAR NORMAL DEPARTURE LAST
                VALUE   (LST)  VALUE       VALUE  FROM      YEAR
                                                  NORMAL

TEMPERATURE (F)
 YESTERDAY
  MAXIMUM         88    418 PM  92    1949  81      7       78
  MINIMUM         58    552 AM  43    1963  58      0       64
  AVERAGE         73                        70      3       71

PRECIPITATION (IN)
  YESTERDAY        0.00          1.19 1976   0.12  -0.12     0.57
  MONTH TO DATE    2.82                      3.63  -0.81     6.44
  SINCE JUN 1     10.08                     12.71  -2.63    19.40
  SINCE JAN 1     24.11                     30.21  -6.10    30.05

DEGREE DAYS
 HEATING
  YESTERDAY        0                         1     -1        0
  MONTH TO DATE    3                         4     -1        3
  SINCE JUN 1     10                        58    -48       34
  SINCE JUL 1      3                         9     -6        3

 COOLING
  YESTERDAY        8                         5      3        6
  MONTH TO DATE  132                       178    -46      116
  SINCE JUN 1    535                       545    -10      653
  SINCE JAN 1    568                       581    -13      706



WIND (MPH)
  HIGHEST WIND SPEED     9   HIGHEST WIND DIRECTION     S (200)
  HIGHEST GUST SPEED    13   HIGHEST GUST DIRECTION     S (180)
  AVERAGE WIND SPEED     2.4


SKY COVER
  AVERAGE SKY COVER 0.0



RELATIVE HUMIDITY (PERCENT)
 HIGHEST    97           200 AM
 LOWEST     39           400 PM
 AVERAGE    68




THE POUGHKEEPSIE NY CLIMATE NORMALS FOR TODAY
                         NORMAL    RECORD    YEAR
 MAXIMUM TEMPERATURE (F)   81        95      1980
 MINIMUM TEMPERATURE (F)   58        42      1954


SUNRISE AND SUNSET
AUGUST 27 2014........SUNRISE   616 AM EDT   SUNSET   737 PM EDT
AUGUST 28 2014........SUNRISE   617 AM EDT   SUNSET   735 PM EDT


-  INDICATES NEGATIVE NUMBERS.
R  INDICATES RECORD WAS SET OR TIED.
MM INDICATES DATA IS MISSING.
T  INDICATES TRACE AMOUNT.





RECORDS FOR KPOU DATE BACK TO 1949...
HOWEVER...DATA IS MISSING FROM JANUARY 1993 - JULY 2000.
$$
