000
CDUS41 KALY 010626
CLIPOU


CLIMATE REPORT
NATIONAL WEATHER SERVICE ALBANY NY
225 AM EDT MON JUN 1 2015


...................................

...THE POUGHKEEPSIE NY CLIMATE SUMMARY FOR MAY 31 2015...

CLIMATE NORMAL PERIOD 1981 TO 2010
CLIMATE RECORD PERIOD 1949 TO 2015


WEATHER ITEM   OBSERVED TIME   RECORD YEAR NORMAL DEPARTURE LAST
                VALUE   (LST)  VALUE       VALUE  FROM      YEAR
                                                  NORMAL
..................................................................
TEMPERATURE (F)
 YESTERDAY
  MAXIMUM         75   1141 AM  93    2013  75      0       72
  MINIMUM         54   1048 PM  35    1961  51      3       45
  AVERAGE         65                        63      2       59

PRECIPITATION (IN)
  YESTERDAY        0.56          2.79 1972   0.15   0.41     0.00
  MONTH TO DATE    1.97                      4.41  -2.44     2.57
  SINCE MAR 1      6.37                     11.76  -5.39     9.75
  SINCE JAN 1     10.67                     17.50  -6.83    14.03

DEGREE DAYS
 HEATING
  YESTERDAY        0                         4     -4        6
  MONTH TO DATE   94                       223   -129      140
  SINCE MAR 1   1560                      1591    -31     1641
  SINCE JUL 1   6245                      6162     83     6344

 COOLING
  YESTERDAY        0                         2     -2        0
  MONTH TO DATE  113                        31     82       27
  SINCE MAR 1    113                        36     77       33
  SINCE JAN 1    113                        36     77       33
..................................................................


WIND (MPH)
  HIGHEST WIND SPEED    17   HIGHEST WIND DIRECTION     N (350)
  HIGHEST GUST SPEED    22   HIGHEST GUST DIRECTION     N (360)
  AVERAGE WIND SPEED     6.0


SKY COVER
  AVERAGE SKY COVER 0.9



RELATIVE HUMIDITY (PERCENT)
 HIGHEST    93          1000 PM
 LOWEST     68           200 AM
 AVERAGE    81

..........................................................


THE POUGHKEEPSIE NY CLIMATE NORMALS FOR TODAY
                         NORMAL    RECORD    YEAR
 MAXIMUM TEMPERATURE (F)   76        91      2013
 MINIMUM TEMPERATURE (F)   52        35      2001


SUNRISE AND SUNSET
JUNE  1 2015..........SUNRISE   524 AM EDT   SUNSET   823 PM EDT
JUNE  2 2015..........SUNRISE   523 AM EDT   SUNSET   824 PM EDT


-  INDICATES NEGATIVE NUMBERS.
R  INDICATES RECORD WAS SET OR TIED.
MM INDICATES DATA IS MISSING.
T  INDICATES TRACE AMOUNT.




RECORDS FOR KPOU DATE BACK TO 1949...
HOWEVER...DATA IS MISSING FROM JANUARY 1993 - JULY 2000.
$$
