941
CDUS41 KALY 270622
CLIPOU


CLIMATE REPORT
NATIONAL WEATHER SERVICE ALBANY NY
222 AM EDT FRI MAY 27 2016


...................................

...THE POUGHKEEPSIE NY CLIMATE SUMMARY FOR MAY 26 2016...

CLIMATE NORMAL PERIOD 1981 TO 2010
CLIMATE RECORD PERIOD 1949 TO 2016


WEATHER ITEM   OBSERVED TIME   RECORD YEAR NORMAL DEPARTURE LAST
                VALUE   (LST)  VALUE       VALUE  FROM      YEAR
                                                  NORMAL
..................................................................
TEMPERATURE (F)
 YESTERDAY
  MAXIMUM         90    330 PM  95    2010  74     16       89
  MINIMUM         58    527 AM  31    1949  50      8       63
  AVERAGE         74                        62     12       76

PRECIPITATION (IN)
  YESTERDAY        0.00          1.49 1983   0.16  -0.16     0.02
  MONTH TO DATE    2.76                      3.63  -0.87     1.07
  SINCE MAR 1      6.03                     10.98  -4.95     5.47
  SINCE JAN 1     11.71                     16.72  -5.01     9.77

DEGREE DAYS
 HEATING
  YESTERDAY        0                         5     -5        0
  MONTH TO DATE  184                       202    -18       94
  SINCE MAR 1   1237                      1570   -333     1560
  SINCE JUL 1   4769                      6141  -1372     6245

 COOLING
  YESTERDAY        9                         2      7       11
  MONTH TO DATE   14                        22     -8       81
  SINCE MAR 1     18                        27     -9       81
  SINCE JAN 1     18                        27     -9       81
..................................................................


WIND (MPH)
  HIGHEST WIND SPEED    12   HIGHEST WIND DIRECTION    SW (230)
  HIGHEST GUST SPEED    16   HIGHEST GUST DIRECTION    SW (220)
  AVERAGE WIND SPEED     1.8


SKY COVER
  AVERAGE SKY COVER 0.1



RELATIVE HUMIDITY (PERCENT)
 HIGHEST    93           400 AM
 LOWEST     27           200 PM
 AVERAGE    60

..........................................................


THE POUGHKEEPSIE NY CLIMATE NORMALS FOR TODAY
                         NORMAL    RECORD    YEAR
 MAXIMUM TEMPERATURE (F)   74        91      1965
 MINIMUM TEMPERATURE (F)   50        35      1969


SUNRISE AND SUNSET
MAY 27 2016...........SUNRISE   526 AM EDT   SUNSET   820 PM EDT
MAY 28 2016...........SUNRISE   526 AM EDT   SUNSET   821 PM EDT


-  INDICATES NEGATIVE NUMBERS.
R  INDICATES RECORD WAS SET OR TIED.
MM INDICATES DATA IS MISSING.
T  INDICATES TRACE AMOUNT.




RECORDS FOR KPOU DATE BACK TO 1949...
HOWEVER...DATA IS MISSING FROM JANUARY 1993 - JULY 2000.
$$
