000
CDUS41 KALY 260625
CLIPOU


CLIMATE REPORT
NATIONAL WEATHER SERVICE ALBANY NY
124 AM EST SUN FEB 26 2017


...................................

...THE POUGHKEEPSIE NY CLIMATE SUMMARY FOR FEBRUARY 25 2017...

CLIMATE NORMAL PERIOD 1981 TO 2010
CLIMATE RECORD PERIOD 1949 TO 2017


WEATHER ITEM   OBSERVED TIME   RECORD YEAR NORMAL DEPARTURE LAST
                VALUE   (LST)  VALUE       VALUE  FROM      YEAR
                                                  NORMAL
..................................................................
TEMPERATURE (F)
 YESTERDAY
  MAXIMUM         67    252 PM  70    1976  42     25       63
  MINIMUM         39   1159 PM  -3    1964  20     19       38
  AVERAGE         53                        31     22       51

PRECIPITATION (IN)
  YESTERDAY        0.43          2.14 2010   0.11   0.32     0.27
  MONTH TO DATE    1.20                      2.35  -1.15     4.43
  SINCE DEC 1      6.77                      8.96  -2.19     9.54
  SINCE JAN 1      4.17                      5.43  -1.26     5.64

DEGREE DAYS
 HEATING
  YESTERDAY       12                        34    -22       14
  MONTH TO DATE  770                       917   -147      778
  SINCE DEC 1   2820                      3191   -371     2442
  SINCE JUL 1   3966                      4469   -503     3430

 COOLING
  YESTERDAY        0                         0      0        0
  MONTH TO DATE    0                         0      0        0
  SINCE DEC 1      0                         0      0        0
  SINCE JAN 1      0                         0      0        0
..................................................................


WIND (MPH)
  HIGHEST WIND SPEED    29   HIGHEST WIND DIRECTION    SW (220)
  HIGHEST GUST SPEED    41   HIGHEST GUST DIRECTION    SW (240)
  AVERAGE WIND SPEED     8.9


SKY COVER
  AVERAGE SKY COVER 0.9



RELATIVE HUMIDITY (PERCENT)
 HIGHEST    85          1100 PM
 LOWEST     63           300 PM
 AVERAGE    74

..........................................................


THE POUGHKEEPSIE NY CLIMATE NORMALS FOR TODAY
                         NORMAL    RECORD    YEAR
 MAXIMUM TEMPERATURE (F)   42        65      2002
 MINIMUM TEMPERATURE (F)   20        -7      1963


SUNRISE AND SUNSET
FEBRUARY 26 2017......SUNRISE   635 AM EST   SUNSET   543 PM EST
FEBRUARY 27 2017......SUNRISE   633 AM EST   SUNSET   544 PM EST


-  INDICATES NEGATIVE NUMBERS.
R  INDICATES RECORD WAS SET OR TIED.
MM INDICATES DATA IS MISSING.
T  INDICATES TRACE AMOUNT.




RECORDS FOR KPOU DATE BACK TO 1949...
HOWEVER...DATA IS MISSING FROM JANUARY 1993 - JULY 2000.
$$
