000
CDUS41 KALY 202118
CLIPOU


CLIMATE REPORT
NATIONAL WEATHER SERVICE ALBANY NY
517 PM EDT WED JUL 20 2016


...................................

...THE POUGHKEEPSIE NY CLIMATE SUMMARY FOR JULY 20 2016...
VALID TODAY AS OF 0400 PM LOCAL TIME.

CLIMATE NORMAL PERIOD 1981 TO 2010
CLIMATE RECORD PERIOD 1949 TO 2016


WEATHER ITEM   OBSERVED TIME   RECORD YEAR NORMAL DEPARTURE LAST
                VALUE   (LST)  VALUE       VALUE  FROM      YEAR
                                                  NORMAL
..................................................................
TEMPERATURE (F)
 TODAY
  MAXIMUM         84    407 PM 102    1991  85     -1       93
  MINIMUM         55    514 AM  46    1965  61     -6       72
  AVERAGE         70                        73     -3       83

PRECIPITATION (IN)
  TODAY            0.00          2.04 1959   0.14  -0.14     0.00
  MONTH TO DATE    2.79                      2.87  -0.08     0.99
  SINCE JUN 1      4.82                      7.30  -2.48     5.12
  SINCE JAN 1     16.98                     24.80  -7.82    15.79

DEGREE DAYS
 HEATING
  TODAY            0                         0      0        0
  MONTH TO DATE    0                         0      0        0
  SINCE JUN 1      8                        49    -41       46
  SINCE JUL 1      0                         0      0        0

 COOLING
  TODAY            5                         8     -3       18
  MONTH TO DATE  208                       152     56      165
  SINCE JUN 1    379                       279    100      298
  SINCE JAN 1    460                       315    145      411
..................................................................


WIND (MPH)
  HIGHEST WIND SPEED    10   HIGHEST WIND DIRECTION     W (250)
  HIGHEST GUST SPEED    13   HIGHEST GUST DIRECTION     W (250)
  AVERAGE WIND SPEED     1.5


SKY COVER
  AVERAGE SKY COVER 0.0



RELATIVE HUMIDITY (PERCENT)
 HIGHEST    93           300 AM
 LOWEST     37           200 PM
 AVERAGE    65

..........................................................


THE POUGHKEEPSIE NY CLIMATE NORMALS FOR TOMORROW
                         NORMAL    RECORD    YEAR
 MAXIMUM TEMPERATURE (F)   85       100      1977
 MINIMUM TEMPERATURE (F)   61        45      1965


SUNRISE AND SUNSET
JULY 20 2016..........SUNRISE   539 AM EDT   SUNSET   824 PM EDT
JULY 21 2016..........SUNRISE   540 AM EDT   SUNSET   823 PM EDT


-  INDICATES NEGATIVE NUMBERS.
R  INDICATES RECORD WAS SET OR TIED.
MM INDICATES DATA IS MISSING.
T  INDICATES TRACE AMOUNT.




RECORDS FOR KPOU DATE BACK TO 1949...
HOWEVER...DATA IS MISSING FROM JANUARY 1993 - JULY 2000.
$$
