000
CDUS41 KALY 290624
CLIPOU


CLIMATE REPORT
NATIONAL WEATHER SERVICE ALBANY NY
224 AM EDT WED OCT 29 2014


...................................

...THE POUGHKEEPSIE NY CLIMATE SUMMARY FOR OCTOBER 28 2014...

CLIMATE NORMAL PERIOD 1981 TO 2010
CLIMATE RECORD PERIOD 1949 TO 2014


WEATHER ITEM   OBSERVED TIME   RECORD YEAR NORMAL DEPARTURE LAST
                VALUE   (LST)  VALUE       VALUE  FROM      YEAR
                                                  NORMAL
..................................................................
TEMPERATURE (F)
 YESTERDAY
  MAXIMUM         73    158 PM  78    1971  59     14       61
  MINIMUM         38    311 AM  19    1976  35      3       28
  AVERAGE         56                        47      9       45

PRECIPITATION (IN)
  YESTERDAY        0.00          1.20 2008   0.13  -0.13     0.00
  MONTH TO DATE    3.70                      4.07  -0.37     1.37
  SINCE SEP 1      4.22                      8.35  -4.13     3.69
  SINCE JAN 1     28.89                     39.13 -10.24    33.91

DEGREE DAYS
 HEATING
  YESTERDAY        9                        18     -9       20
  MONTH TO DATE  267                       382   -115      284
  SINCE SEP 1    356                       505   -149      424
  SINCE JUL 1    361                       522   -161      427

 COOLING
  YESTERDAY        0                         0      0        0
  MONTH TO DATE   13                         0     13        8
  SINCE SEP 1     99                        64     35       72
  SINCE JAN 1    696                       668     28      829
..................................................................


WIND (MPH)
  HIGHEST WIND SPEED     9   HIGHEST WIND DIRECTION     S (170)
  HIGHEST GUST SPEED    16   HIGHEST GUST DIRECTION     S (170)
  AVERAGE WIND SPEED     2.3


SKY COVER
  AVERAGE SKY COVER 0.0



RELATIVE HUMIDITY (PERCENT)
 HIGHEST    92           600 AM
 LOWEST     41           100 PM
 AVERAGE    67

..........................................................


THE POUGHKEEPSIE NY CLIMATE NORMALS FOR TODAY
                         NORMAL    RECORD    YEAR
 MAXIMUM TEMPERATURE (F)   59        74      1971
 MINIMUM TEMPERATURE (F)   35        19      1985


SUNRISE AND SUNSET
OCTOBER 29 2014.......SUNRISE   724 AM EDT   SUNSET   554 PM EDT
OCTOBER 30 2014.......SUNRISE   725 AM EDT   SUNSET   553 PM EDT


-  INDICATES NEGATIVE NUMBERS.
R  INDICATES RECORD WAS SET OR TIED.
MM INDICATES DATA IS MISSING.
T  INDICATES TRACE AMOUNT.





RECORDS FOR KPOU DATE BACK TO 1949...
HOWEVER...DATA IS MISSING FROM JANUARY 1993 - JULY 2000.
$$
