000
CDUS41 KALY 210631
CLIPOU


CLIMATE REPORT
NATIONAL WEATHER SERVICE ALBANY NY
229 AM EDT THU MAY 21 2015


...................................

...THE POUGHKEEPSIE NY CLIMATE SUMMARY FOR MAY 20 2015...

CLIMATE NORMAL PERIOD 1981 TO 2010
CLIMATE RECORD PERIOD 1949 TO 2015


WEATHER ITEM   OBSERVED TIME   RECORD YEAR NORMAL DEPARTURE LAST
                VALUE   (LST)  VALUE       VALUE  FROM      YEAR
                                                  NORMAL
..................................................................
TEMPERATURE (F)
 YESTERDAY
  MAXIMUM         60    423 PM  91    1975  72    -12       78
  MINIMUM         43   1159 PM  29    2002  48     -5       41
  AVERAGE         52                        60     -8       60

PRECIPITATION (IN)
  YESTERDAY        0.00          1.39 1949   0.15  -0.15     0.00
  MONTH TO DATE    1.05                      2.67  -1.62     1.94
  SINCE MAR 1      5.45                     10.02  -4.57     9.12
  SINCE JAN 1      9.75                     15.76  -6.01    13.40

DEGREE DAYS
 HEATING
  YESTERDAY       13                         6      7        5
  MONTH TO DATE   66                       170   -104      110
  SINCE MAR 1   1532                      1538     -6     1611
  SINCE JUL 1   6217                      6109    108     6314

 COOLING
  YESTERDAY        0                         1     -1        0
  MONTH TO DATE   62                        14     48       12
  SINCE MAR 1     62                        19     43       18
  SINCE JAN 1     62                        19     43       18
..................................................................


WIND (MPH)
  HIGHEST WIND SPEED    21   HIGHEST WIND DIRECTION    NW (320)
  HIGHEST GUST SPEED    29   HIGHEST GUST DIRECTION    NW (320)
  AVERAGE WIND SPEED     6.9


SKY COVER
  AVERAGE SKY COVER 0.3



RELATIVE HUMIDITY (PERCENT)
 HIGHEST    86           400 AM
 LOWEST     36           400 PM
 AVERAGE    61

..........................................................


THE POUGHKEEPSIE NY CLIMATE NORMALS FOR TODAY
                         NORMAL    RECORD    YEAR
 MAXIMUM TEMPERATURE (F)   73        90      2013
 MINIMUM TEMPERATURE (F)   48        29      2002


SUNRISE AND SUNSET
MAY 21 2015...........SUNRISE   531 AM EDT   SUNSET   814 PM EDT
MAY 22 2015...........SUNRISE   530 AM EDT   SUNSET   815 PM EDT


-  INDICATES NEGATIVE NUMBERS.
R  INDICATES RECORD WAS SET OR TIED.
MM INDICATES DATA IS MISSING.
T  INDICATES TRACE AMOUNT.




RECORDS FOR KPOU DATE BACK TO 1949...
HOWEVER...DATA IS MISSING FROM JANUARY 1993 - JULY 2000.
$$
