000
CXUS51 KALY 290829
CLMPOU


CLIMATE REPORT
NATIONAL WEATHER SERVICE ALBANY NY
425 AM EDT THU MAY 29 2014

...................................

...THE POUGHKEEPSIE NY CLIMATE SUMMARY FOR THE MONTH OF APRIL 2014...

CLIMATE NORMAL PERIOD 1981 TO 2010
CLIMATE RECORD PERIOD 1949 TO 2014

WEATHER         OBSERVED          NORMAL  DEPART  LAST YEAR`S
                 VALUE   DATE(S)  VALUE   FROM    VALUE  DATE(S)
                                          NORMAL
................................................................
TEMPERATURE (F)
HIGHEST            80   04/13                         75  04/09
LOWEST             25R  04/06                         22  04/04
AVG. MAXIMUM     61.9              60.8     1.1     60.6
AVG. MINIMUM     36.5              36.6    -0.1     36.8
MEAN             49.2              48.7     0.5     48.7
DAYS MAX >= 90      0               0.2    -0.2        0
DAYS MAX <= 32      0               0.0     0.0        0
DAYS MIN <= 32     12               9.3     2.7       10
DAYS MIN <= 0       0               0.0     0.0        0

PRECIPITATION (INCHES)
RECORD
 MAXIMUM         8.51   1983
 MINIMUM         1.03   1978
TOTALS           4.43              3.78    0.65     1.32
DAILY AVG.       0.15              0.13    0.02     0.04
DAYS >= .01        12              10.8     1.2        7
DAYS >= .10         6               6.6    -0.6        4
DAYS >= .50         3               2.2     0.8        0
DAYS >= 1.00        2               0.9     1.1        0
GREATEST
 24 HR. TOTAL    1.70   04/30 TO 04/30

DEGREE_DAYS
HEATING TOTAL     474               494     -20      479
 SINCE 7/1       6204              5939     265     5468
COOLING TOTAL       6                 5       1        0
 SINCE 1/1          6                 5       1        0

FREEZE DATES
RECORD
 EARLIEST     09/15/1963
 LATEST       05/25/1949
EARLIEST                        10/09
LATEST                          04/29
.................................................................

WIND (MPH)
AVERAGE WIND SPEED              6.2
HIGHEST WIND SPEED/DIRECTION    26/260    DATE  04/05
HIGHEST GUST SPEED/DIRECTION    36/300    DATE  04/24

SKY COVER
AVERAGE SKY COVER           0.40

AVERAGE RH (PERCENT)     59

WEATHER CONDITIONS. NUMBER OF DAYS WITH
THUNDERSTORM              0     MIXED PRECIP               0
HEAVY RAIN                1     RAIN                       6
LIGHT RAIN               15     FREEZING RAIN              0
LT FREEZING RAIN          0     HAIL                       0
HEAVY SNOW                0     SNOW                       0
LIGHT SNOW                1     SLEET                      0
FOG                      13     FOG W/VIS <= 1/4 MILE      1
HAZE                      6

-  INDICATES NEGATIVE NUMBERS.
R  INDICATES RECORD WAS SET OR TIED.
MM INDICATES DATA IS MISSING.
T  INDICATES TRACE AMOUNT.

$$
