000
CXUS51 KALY 010950
CLMPOU


CLIMATE REPORT
NATIONAL WEATHER SERVICE ALBANY NY
537 AM EDT FRI NOV 1 2013

...................................

...THE POUGHKEEPSIE NY CLIMATE SUMMARY FOR THE MONTH OF OCTOBER 2013...

CLIMATE NORMAL PERIOD 1981 TO 2010
CLIMATE RECORD PERIOD 1949 TO 2013

WEATHER         OBSERVED          NORMAL  DEPART  LAST YEAR`S
                 VALUE   DATE(S)  VALUE   FROM    VALUE  DATE(S)
                                          NORMAL
................................................................
TEMPERATURE (F)
RECORD
 HIGH              89   10/08/2007
 LOW               18   10/20/1974
                        10/21/1952
                        10/31/1988
HIGHEST            82   10/02                         78  10/05
LOWEST             28   10/28                         27  10/13
AVG. MAXIMUM     66.1              63.1     3.0     63.6
AVG. MINIMUM     41.8              39.0     2.8     46.3
MEAN             54.0              51.0     3.0     55.0
DAYS MAX >= 90      0               0.0     0.0        0
DAYS MAX <= 32      0               0.0     0.0        0
DAYS MIN <= 32      5               7.8    -2.8        3
DAYS MIN <= 0       0               0.0     0.0        0

PRECIPITATION (INCHES)
RECORD
 MAXIMUM        17.59   2005
 MINIMUM         0.36   1963
TOTALS           1.61              4.47   -2.86     3.79
DAILY AVG.       0.05              0.14   -0.09     0.12
DAYS >= .01         6               9.1    -3.1       15
DAYS >= .10         3               6.2    -3.2        7
DAYS >= .50         2               2.8    -0.8        3
DAYS >= 1.00        0               1.3    -1.3        0
GREATEST
 24 HR. TOTAL    0.64   10/07 TO 10/07

DEGREE_DAYS
HEATING TOTAL     345               436     -91      309
 SINCE 7/1        488               576     -88      409
COOLING TOTAL       8                 4       4        6
 SINCE 1/1        829               672     157      895

FREEZE DATES
RECORD
 EARLIEST     09/15/1963
 LATEST       05/25/1949
EARLIEST                        10/09
LATEST                          04/29
.................................................................

WIND (MPH)
AVERAGE WIND SPEED              3.3
HIGHEST WIND SPEED/DIRECTION    23/270    DATE  10/24
HIGHEST GUST SPEED/DIRECTION    36/260    DATE  10/07

SKY COVER
AVERAGE SKY COVER           0.40

AVERAGE RH (PERCENT)     71

WEATHER CONDITIONS. NUMBER OF DAYS WITH
THUNDERSTORM              0     MIXED PRECIP               0
HEAVY RAIN                2     RAIN                       2
LIGHT RAIN               10     FREEZING RAIN              0
LT FREEZING RAIN          0     HAIL                       0
HEAVY SNOW                0     SNOW                       0
LIGHT SNOW                0     SLEET                      0
FOG                      16     FOG W/VIS <= 1/4 MILE      7
HAZE                      3

-  INDICATES NEGATIVE NUMBERS.
R  INDICATES RECORD WAS SET OR TIED.
MM INDICATES DATA IS MISSING.
T  INDICATES TRACE AMOUNT.


RECORDS FOR POUGHKEEPSIE DATE BACK TO 1949...
HOWEVER DATA IS MISSING FROM JANUARY 1993 TO JULY 2000.

$$
