000
CXUS51 KALY 011028
CLMPOU


CLIMATE REPORT
NATIONAL WEATHER SERVICE ALBANY NY
528 AM EST SUN DEC 1 2013

...................................

...THE POUGHKEEPSIE NY CLIMATE SUMMARY FOR THE MONTH OF NOVEMBER 2013...

CLIMATE NORMAL PERIOD 1981 TO 2010
CLIMATE RECORD PERIOD 1949 TO 2013

WEATHER         OBSERVED          NORMAL  DEPART  LAST YEAR`S
                 VALUE   DATE(S)  VALUE   FROM    VALUE  DATE(S)
                                          NORMAL
................................................................
TEMPERATURE (F)
HIGHEST            71   11/01                         65  11/11
LOWEST             12R  11/25                         20  11/06
AVG. MAXIMUM     50.2              52.3    -2.1     49.0
AVG. MINIMUM     29.1              30.9    -1.8     29.5
MEAN             39.6              41.6    -2.0     39.3
DAYS MAX >= 90      0               0.0     0.0        0
DAYS MAX <= 32      1               0.3     0.7        0
DAYS MIN <= 32     19              17.7     1.3       18
DAYS MIN <= 0       0               0.0     0.0        0

PRECIPITATION (INCHES)
RECORD
 MAXIMUM         8.11   1973
 MINIMUM         0.67   1976
TOTALS           2.43              3.47   -1.04     0.69
DAILY AVG.       0.08              0.12   -0.04     0.02
DAYS >= .01        10               9.7     0.3        4
DAYS >= .10         6               6.1    -0.1        2
DAYS >= .50         1               2.6    -1.6        0
DAYS >= 1.00        1               0.8     0.2        0
GREATEST
 24 HR. TOTAL    1.56   11/26 TO 11/27

DEGREE_DAYS
HEATING TOTAL     755               702      53      737
 SINCE 7/1       1243              1278     -35     1146
COOLING TOTAL       0                 0       0        0
 SINCE 1/1        829               672     157      895

FREEZE DATES
RECORD
 EARLIEST     09/15/1963
 LATEST       05/25/1949
EARLIEST                        10/09
LATEST                          04/29
.................................................................

WIND (MPH)
AVERAGE WIND SPEED              5.4
HIGHEST WIND SPEED/DIRECTION    36/240    DATE  11/01
HIGHEST GUST SPEED/DIRECTION    49/240    DATE  11/01

SKY COVER
AVERAGE SKY COVER           0.50

AVERAGE RH (PERCENT)     62

WEATHER CONDITIONS. NUMBER OF DAYS WITH
THUNDERSTORM              0     MIXED PRECIP               0
HEAVY RAIN                2     RAIN                       1
LIGHT RAIN               11     FREEZING RAIN              0
LT FREEZING RAIN          0     HAIL                       0
HEAVY SNOW                0     SNOW                       0
LIGHT SNOW                3     SLEET                      0
FOG                      10     FOG W/VIS <= 1/4 MILE      0
HAZE                      7

-  INDICATES NEGATIVE NUMBERS.
R  INDICATES RECORD WAS SET OR TIED.
MM INDICATES DATA IS MISSING.
T  INDICATES TRACE AMOUNT.

$$
