000
CXUS51 KALY 010705
CLMPOU


CLIMATE REPORT
NATIONAL WEATHER SERVICE ALBANY NY
302 AM EDT SUN SEP 1 2013

...................................

...THE POUGHKEEPSIE NY CLIMATE SUMMARY FOR THE MONTH OF AUGUST 2013...

CLIMATE NORMAL PERIOD 1981 TO 2010
CLIMATE RECORD PERIOD 1948 TO 2013

WEATHER         OBSERVED          NORMAL  DEPART  LAST YEAR`S
                 VALUE   DATE(S)  VALUE   FROM    VALUE
                                          NORMAL
.............................................................
TEMPERATURE (F)
HIGHEST            87   08/21                         92
LOWEST             49   08/25                         49
                        08/15
AVG. MAXIMUM     80.6              82.6    -2.0     83.9
AVG. MINIMUM     59.5              59.6    -0.1     61.5
MEAN             70.0              71.1    -1.1     72.7
DAYS MAX >= 90      0               3.8    -3.8        3
DAYS MAX <= 32      0               0.0     0.0        0
DAYS MIN <= 32      0               0.0     0.0        0
DAYS MIN <= 0       0               0.0     0.0        0

PRECIPITATION (INCHES)
TOTALS           6.61              4.20    2.41     3.59
DAILY AVG.       0.21              0.14    0.07     0.12
DAYS >= .01        10              10.2    -0.2       13
DAYS >= .10         6               6.8    -0.8        9
DAYS >= .50         2               2.7    -0.7        2
DAYS >= 1.00        1               1.2    -0.2        0
GREATEST
 24 HR. TOTAL    5.20   08/09 TO 08/10

DEGREE_DAYS
HEATING TOTAL       3                12      -9        2
 SINCE 7/1          3                17     -14        2
COOLING TOTAL     167               201     -34      239
 SINCE 1/1        757               604     153      811
..............................................................

WIND (MPH)
AVERAGE WIND SPEED              2.6
HIGHEST WIND SPEED/DIRECTION    25/010    DATE  08/04
HIGHEST GUST SPEED/DIRECTION    35/280    DATE  08/13

SKY COVER
AVERAGE SKY COVER           0.30

AVERAGE RH (PERCENT)     74

WEATHER CONDITIONS. NUMBER OF DAYS WITH
THUNDERSTORM              4     MIXED PRECIP               0
HEAVY RAIN                5     RAIN                       6
LIGHT RAIN               13     FREEZING RAIN              0
LT FREEZING RAIN          0     HAIL                       0
HEAVY SNOW                0     SNOW                       0
LIGHT SNOW                0     SLEET                      0
FOG                      21     FOG W/VIS <= 1/4 MILE      4
HAZE                      5

-  INDICATES NEGATIVE NUMBERS.
R  INDICATES RECORD WAS SET OR TIED.
MM INDICATES DATA IS MISSING.
T  INDICATES TRACE AMOUNT.

$$
