000
CXUS51 KALY 010933
CLMPOU


CLIMATE REPORT
NATIONAL WEATHER SERVICE ALBANY NY
530 AM EDT WED NOV 1 2017

...................................

...THE POUGHKEEPSIE NY CLIMATE SUMMARY FOR THE MONTH OF OCTOBER 2017...

CLIMATE NORMAL PERIOD 1981 TO 2010
CLIMATE RECORD PERIOD 1949 TO 2017

WEATHER         OBSERVED          NORMAL  DEPART  LAST YEAR`S
                 VALUE   DATE(S)  VALUE   FROM    VALUE  DATE(S)
                                          NORMAL
................................................................
TEMPERATURE (F)
HIGHEST            80   10/08                         84  10/18
                        10/07
                        10/05
LOWEST             30   10/17                         25  10/26
AVG. MAXIMUM     70.8              63.1     7.7     64.3
AVG. MINIMUM     46.3              39.0     7.3     40.4
MEAN             58.5              51.0     7.5     52.3
DAYS MAX >= 90      0               0.0     0.0        0
DAYS MAX <= 32      0               0.0     0.0        0
DAYS MIN <= 32      1               7.8    -6.8        8
DAYS MIN <= 0       0               0.0     0.0        0

PRECIPITATION (INCHES)
RECORD
 MAXIMUM        17.59   2005
 MINIMUM         0.36   1963
TOTALS           3.87              4.47   -0.60     2.54
DAILY AVG.       0.12              0.14   -0.02     0.08
DAYS >= .01         9               9.1    -0.1        8
DAYS >= .10         5               6.2    -1.2        4
DAYS >= .50         3               2.8     0.2        2
DAYS >= 1.00        1               1.3    -0.3        0
GREATEST
 24 HR. TOTAL    1.89   10/29 TO 10/29

DEGREE_DAYS
HEATING TOTAL     224               436    -212      389
 SINCE 7/1        337               576    -239      462
COOLING TOTAL      30                 4      26        4
 SINCE 1/1        718               672      46     1053

FREEZE DATES
RECORD
 EARLIEST     09/15/1963
 LATEST       05/25/1949
EARLIEST      10/17             10/09
LATEST                          04/29
.................................................................

WIND (MPH)
AVERAGE WIND SPEED              4.2
HIGHEST WIND SPEED/DIRECTION    29/250    DATE  10/30
HIGHEST GUST SPEED/DIRECTION    42/210    DATE  10/29

SKY COVER
AVERAGE SKY COVER           0.40

AVERAGE RH (PERCENT)     71

WEATHER CONDITIONS. NUMBER OF DAYS WITH
THUNDERSTORM              2     MIXED PRECIP               0
HEAVY RAIN                3     RAIN                       6
LIGHT RAIN                9     FREEZING RAIN              0
LT FREEZING RAIN          0     HAIL                       0
HEAVY SNOW                0     SNOW                       0
LIGHT SNOW                0     SLEET                      0
FOG                      16     FOG W/VIS <= 1/4 MILE      5
HAZE                      2

-  INDICATES NEGATIVE NUMBERS.
R  INDICATES RECORD WAS SET OR TIED.
MM INDICATES DATA IS MISSING.
T  INDICATES TRACE AMOUNT.

$$

RECORDS FOR POUGHKEEPSIE DATYE BACK TO 1949...HOWEVER DATA IS
MISSING GFROM JANUARY 1993 THROUGH JULY 2000.
