000
CXUS51 KALY 010853
CLMPOU


CLIMATE REPORT
NATIONAL WEATHER SERVICE ALBANY NY
353 AM EST MON DEC 1 2014

...................................

...THE POUGHKEEPSIE NY CLIMATE SUMMARY FOR THE MONTH OF NOVEMBER 2014...

CLIMATE NORMAL PERIOD 1981 TO 2010
CLIMATE RECORD PERIOD 1949 TO 2014

WEATHER         OBSERVED          NORMAL  DEPART  LAST YEAR`S
                 VALUE   DATE(S)  VALUE   FROM    VALUE  DATE(S)
                                          NORMAL
................................................................
TEMPERATURE (F)
HIGHEST            72   11/04                         71  11/01
LOWEST             10R  11/29                         12  11/25
AVG. MAXIMUM     49.9              52.3    -2.4     50.2
AVG. MINIMUM     30.2              30.9    -0.7     29.1
MEAN             40.1              41.6    -1.5     39.6
DAYS MAX >= 90      0               0.0     0.0        0
DAYS MAX <= 32      0               0.3    -0.3        1
DAYS MIN <= 32     17              17.7    -0.7       19
DAYS MIN <= 0       0               0.0     0.0        0

PRECIPITATION (INCHES)
RECORD
 MAXIMUM         8.11   1973
 MINIMUM         0.67   1976
TOTALS           2.19              3.47   -1.28     2.43
DAILY AVG.       0.07              0.12   -0.05     0.08
DAYS >= .01         9               9.7    -0.7       10
DAYS >= .10         5               6.1    -1.1        6
DAYS >= .50         2               2.6    -0.6        1
DAYS >= 1.00        0               0.8    -0.8        1
GREATEST
 24 HR. TOTAL    0.83   11/26 TO 11/26

DEGREE_DAYS
HEATING TOTAL     742               702      40      755
 SINCE 7/1       1151              1278    -127     1243
COOLING TOTAL       0                 0       0        0
 SINCE 1/1        696               672      24      829

FREEZE DATES
RECORD
 EARLIEST     09/15/1963
 LATEST       05/25/1949
EARLIEST                        10/09
LATEST                          04/29
.................................................................

WIND (MPH)
AVERAGE WIND SPEED              5.4
HIGHEST WIND SPEED/DIRECTION    31/360    DATE  11/02
HIGHEST GUST SPEED/DIRECTION    46/360    DATE  11/02

SKY COVER
AVERAGE SKY COVER           0.50

AVERAGE RH (PERCENT)     62

WEATHER CONDITIONS. NUMBER OF DAYS WITH
THUNDERSTORM              0     MIXED PRECIP               0
HEAVY RAIN                0     RAIN                       2
LIGHT RAIN                9     FREEZING RAIN              0
LT FREEZING RAIN          0     HAIL                       0
HEAVY SNOW                1     SNOW                       1
LIGHT SNOW                4     SLEET                      0
FOG                      12     FOG W/VIS <= 1/4 MILE      2
HAZE                      5

-  INDICATES NEGATIVE NUMBERS.
R  INDICATES RECORD WAS SET OR TIED.
MM INDICATES DATA IS MISSING.
T  INDICATES TRACE AMOUNT.

$$
