000
CXUS51 KALY 011202
CLMPOU


CLIMATE REPORT
NATIONAL WEATHER SERVICE ALBANY NY
800 AM EDT MON SEP 1 2014

...................................

...THE POUGHKEEPSIE NY CLIMATE SUMMARY FOR THE MONTH OF AUGUST 2014...

CLIMATE NORMAL PERIOD 1981 TO 2010
CLIMATE RECORD PERIOD 1949 TO 2014

WEATHER         OBSERVED          NORMAL  DEPART  LAST YEAR`S
                 VALUE   DATE(S)  VALUE   FROM    VALUE  DATE(S)
                                          NORMAL
................................................................
TEMPERATURE (F)
HIGHEST            91   08/27                         87  08/21
LOWEST             48R  08/29                         49  08/25
                                                          08/15
AVG. MAXIMUM     81.4              82.6    -1.2     80.6
AVG. MINIMUM     58.3              59.6    -1.3     59.5
MEAN             69.8              71.1    -1.3     70.0
DAYS MAX >= 90      1               3.8    -2.8        0
DAYS MAX <= 32      0               0.0     0.0        0
DAYS MIN <= 32      0               0.0     0.0        0
DAYS MIN <= 0       0               0.0     0.0        0

PRECIPITATION (INCHES)
RECORD
 MAXIMUM        13.23   2011
 MINIMUM         0.64   1981
TOTALS           3.38              4.20   -0.82     6.61
DAILY AVG.       0.11              0.14   -0.03     0.21
DAYS >= .01        10              10.2    -0.2       10
DAYS >= .10         4               6.8    -2.8        6
DAYS >= .50         3               2.7     0.3        2
DAYS >= 1.00        1               1.2    -0.2        1
GREATEST
 24 HR. TOTAL    1.30   08/13 TO 08/13
                        08/12 TO 08/13
                        08/13 TO 08/13

DEGREE_DAYS
HEATING TOTAL       5                12      -7        3
 SINCE 7/1          5                17     -12        3
COOLING TOTAL     161               201     -40      167
 SINCE 1/1        597               604      -7      757

FREEZE DATES
RECORD
 EARLIEST     09/15/1963
 LATEST       05/25/1949
EARLIEST                        10/09
LATEST                          04/29
.................................................................

WIND (MPH)
AVERAGE WIND SPEED              3.0
HIGHEST WIND SPEED/DIRECTION    30/040    DATE  08/06
HIGHEST GUST SPEED/DIRECTION    38/040    DATE  08/06

SKY COVER
AVERAGE SKY COVER           0.40

AVERAGE RH (PERCENT)     71

WEATHER CONDITIONS. NUMBER OF DAYS WITH
THUNDERSTORM              0     MIXED PRECIP               0
HEAVY RAIN                3     RAIN                       1
LIGHT RAIN               12     FREEZING RAIN              0
LT FREEZING RAIN          0     HAIL                       0
HEAVY SNOW                0     SNOW                       0
LIGHT SNOW                0     SLEET                      0
FOG                      16     FOG W/VIS <= 1/4 MILE      3
HAZE                      3

-  INDICATES NEGATIVE NUMBERS.
R  INDICATES RECORD WAS SET OR TIED.
MM INDICATES DATA IS MISSING.
T  INDICATES TRACE AMOUNT.

$$
