000
CXUS51 KALY 011502
CLMPOU

CLIMATE REPORT
NATIONAL WEATHER SERVICE ALBANY NY
957 AM EST FRI DEC 1 2017

...................................

...THE POUGHKEEPSIE NY CLIMATE SUMMARY FOR THE MONTH OF NOVEMBER
2017...

CLIMATE NORMAL PERIOD 1981 TO 2010
CLIMATE RECORD PERIOD 1949 TO 2017

WEATHER         OBSERVED          NORMAL  DEPART  LAST YEAR`S
                 VALUE   DATE(S)  VALUE   FROM    VALUE  DATE(S)
                                          NORMAL
................................................................
TEMPERATURE (F)
HIGHEST            72   11/02                         71  11/03
                                                          11/02
LOWEST             14   11/11                         20  11/28
AVG. MAXIMUM     51.3              52.3    -1.0     53.7
AVG. MINIMUM     28.6              30.9    -2.3     30.2
MEAN             39.9              41.6    -1.7     41.9
DAYS MAX >= 90      0               0.0     0.0        0
DAYS MAX <= 32      0               0.3    -0.3        0
DAYS MIN <= 32     20              17.7     2.3       22
DAYS MIN <= 0       0               0.0     0.0        0

PRECIPITATION (INCHES)
RECORD
 MAXIMUM         8.11   1973
 MINIMUM         0.67   1976
TOTALS           0.82              3.47   -2.65     4.73
DAILY AVG.       0.03              0.12   -0.09     0.16
DAYS >= .01        11               9.7     1.3        9
DAYS >= .10         2               6.1    -4.1        5
DAYS >= .50         0               2.6    -2.6        4
DAYS >= 1.00        0               0.8    -0.8        2
GREATEST
 24 HR. TOTAL    0.21   11/16 TO 11/16

DEGREE_DAYS
HEATING TOTAL     746               702      44      684
 SINCE 7/1       1083              1278    -195     1146
COOLING TOTAL       0                 0       0        0
 SINCE 1/1        718               672      46     1053

FREEZE DATES
RECORD
 EARLIEST     09/15/1963
 LATEST       05/25/1949
EARLIEST                        10/09
LATEST                          04/29
.................................................................

WIND (MPH)
AVERAGE WIND SPEED              4.9
HIGHEST WIND SPEED/DIRECTION    31/270    DATE  11/19
HIGHEST GUST SPEED/DIRECTION    41/310    DATE  11/19

SKY COVER
AVERAGE SKY COVER           0.40

AVERAGE RH (PERCENT)     67

WEATHER CONDITIONS. NUMBER OF DAYS WITH
THUNDERSTORM              0     MIXED PRECIP               0
HEAVY RAIN                0     RAIN                       2
LIGHT RAIN               10     FREEZING RAIN              0
LT FREEZING RAIN          0     HAIL                       0
HEAVY SNOW                0     SNOW                       0
LIGHT SNOW                1     SLEET                      0
FOG                      15     FOG W/VIS <= 1/4 MILE      0
HAZE                      1

-  INDICATES NEGATIVE NUMBERS.
R  INDICATES RECORD WAS SET OR TIED.
MM INDICATES DATA IS MISSING.
T  INDICATES TRACE AMOUNT.

$$

RECORDS FOR KPOU DATE BACK TO 1949...
HOWEVER...DATA IS MISSING FROM JANUARY 1993 - JULY 2000.
