000
CXUS51 KALY 011240
CLMPOU


CLIMATE REPORT
NATIONAL WEATHER SERVICE ALBANY NY
740 AM EST SUN MAR 1 2015

...................................

...THE POUGHKEEPSIE NY CLIMATE SUMMARY FOR THE MONTH OF FEBRUARY 2015...

CLIMATE NORMAL PERIOD 1981 TO 2010
CLIMATE RECORD PERIOD 1949 TO 2015

WEATHER         OBSERVED          NORMAL  DEPART  LAST YEAR`S
                 VALUE   DATE(S)  VALUE   FROM    VALUE  DATE(S)
                                          NORMAL
................................................................
TEMPERATURE (F)
HIGHEST            42   02/22                         52  02/22
LOWEST            -14R  02/16                         -9  02/12
AVG. MAXIMUM     28.1              39.4   -11.3     34.6
AVG. MINIMUM      3.2              17.8   -14.6     11.4
MEAN             15.6              28.6   -13.0     23.0
DAYS MAX >= 90      0               0.0     0.0        0
DAYS MAX <= 32     22               5.8    16.2       16
DAYS MIN <= 32     28              26.2     1.8       28
DAYS MIN <= 0      12               1.2    10.8        4

PRECIPITATION (INCHES)
RECORD
 MAXIMUM         7.50   2008
 MINIMUM         0.32   1987
TOTALS           1.36              2.66   -1.30     2.78
DAILY AVG.       0.05              0.10   -0.05     0.10
DAYS >= .01         9               9.1    -0.1       11
DAYS >= .10         3               6.2    -3.2        6
DAYS >= .50         0               1.6    -1.6        2
DAYS >= 1.00        0               0.4    -0.4        0
GREATEST
 24 HR. TOTAL    0.48   02/01 TO 02/02

DEGREE_DAYS
HEATING TOTAL    1374              1019     355     1169
 SINCE 7/1       4685              4571     114     4703
COOLING TOTAL       0                 0       0        0
 SINCE 1/1          0                 0       0        0

FREEZE DATES
RECORD
 EARLIEST     09/15/1963
 LATEST       05/25/1949
EARLIEST      02/01             10/09
LATEST        02/28             04/29
.................................................................

WIND (MPH)
AVERAGE WIND SPEED              5.4
HIGHEST WIND SPEED/DIRECTION    26/350    DATE  02/15
HIGHEST GUST SPEED/DIRECTION    40/010    DATE  02/15

SKY COVER
AVERAGE SKY COVER           0.40

AVERAGE RH (PERCENT)     61

WEATHER CONDITIONS. NUMBER OF DAYS WITH
THUNDERSTORM              0     MIXED PRECIP               0
HEAVY RAIN                0     RAIN                       0
LIGHT RAIN                0     FREEZING RAIN              0
LT FREEZING RAIN          0     HAIL                       0
HEAVY SNOW                1     SNOW                       5
LIGHT SNOW               13     SLEET                      0
FOG                      17     FOG W/VIS <= 1/4 MILE      1
HAZE                     24

-  INDICATES NEGATIVE NUMBERS.
R  INDICATES RECORD WAS SET OR TIED.
MM INDICATES DATA IS MISSING.
T  INDICATES TRACE AMOUNT.

$$
