000
CXUS51 KALY 010837
CLMPOU


CLIMATE REPORT
NATIONAL WEATHER SERVICE ALBANY NY
433 AM EDT SAT JUL 1 2017

...................................

...THE POUGHKEEPSIE NY CLIMATE SUMMARY FOR THE MONTH OF JUNE 2017...

CLIMATE NORMAL PERIOD 1981 TO 2010
CLIMATE RECORD PERIOD 1949 TO 2017

WEATHER         OBSERVED          NORMAL  DEPART  LAST YEAR`S
                 VALUE   DATE(S)  VALUE   FROM    VALUE  DATE(S)
                                          NORMAL
................................................................
TEMPERATURE (F)
HIGHEST            93   06/13                         92  06/26
                                                          06/20
                                                          06/19
LOWEST             43   06/03                         45  06/11
AVG. MAXIMUM     79.5              79.5     0.0     83.0
AVG. MINIMUM     56.1              55.7     0.4     57.2
MEAN             67.8              67.6     0.2     70.1
DAYS MAX >= 90      4               2.4     1.6        3
DAYS MAX <= 32      0               0.0     0.0        0
DAYS MIN <= 32      0               0.0     0.0        0
DAYS MIN <= 0       0               0.0     0.0        0

PRECIPITATION (INCHES)
RECORD
 MAXIMUM         9.82   2013
 MINIMUM         0.30   1988
TOTALS           3.38              4.43   -1.05     2.03
DAILY AVG.       0.11              0.15   -0.04     0.07
DAYS >= .01        12              12.2    -0.2        6
DAYS >= .10         8               8.0     0.0        4
DAYS >= .50         2               3.1    -1.1        3
DAYS >= 1.00        1               1.0     0.0        0
GREATEST
 24 HR. TOTAL    1.19   06/19 TO 06/19

DEGREE_DAYS
HEATING TOTAL      50                49       1        8
 SINCE 7/1       5714              6211    -497     4777
COOLING TOTAL     139               127      12      171
 SINCE 1/1        187               163      24      252

FREEZE DATES
RECORD
 EARLIEST     09/15/1963
 LATEST       05/25/1949
EARLIEST      10/11             10/09
LATEST        05/11             04/29
.................................................................

WIND (MPH)
AVERAGE WIND SPEED              4.9
HIGHEST WIND SPEED/DIRECTION    23/240    DATE  06/27
HIGHEST GUST SPEED/DIRECTION    32/230    DATE  06/27

SKY COVER
AVERAGE SKY COVER           0.30

AVERAGE RH (PERCENT)     69

WEATHER CONDITIONS. NUMBER OF DAYS WITH
THUNDERSTORM              6     MIXED PRECIP               0
HEAVY RAIN                4     RAIN                       5
LIGHT RAIN               15     FREEZING RAIN              0
LT FREEZING RAIN          0     HAIL                       0
HEAVY SNOW                0     SNOW                       0
LIGHT SNOW                0     SLEET                      0
FOG                      10     FOG W/VIS <= 1/4 MILE      1
HAZE                      2

-  INDICATES NEGATIVE NUMBERS.
R  INDICATES RECORD WAS SET OR TIED.
MM INDICATES DATA IS MISSING.
T  INDICATES TRACE AMOUNT.

$$

RECORDS FOR POUGHKEEPSIE DATE BACK TO 1949...HOWEVER DATA
IS MISSING FROM JANUARY 1993 THROUGH JULY 2000.
