000
CXUS51 KALY 010631
CLMPOU


CLIMATE REPORT
NATIONAL WEATHER SERVICE ALBANY NY
230 AM EDT TUE JUL 1 2014

...................................

...THE POUGHKEEPSIE NY CLIMATE SUMMARY FOR THE MONTH OF JUNE 2014...

CLIMATE NORMAL PERIOD 1981 TO 2010
CLIMATE RECORD PERIOD 1949 TO 2014

WEATHER         OBSERVED          NORMAL  DEPART  LAST YEAR`S
                 VALUE   DATE(S)  VALUE   FROM    VALUE  DATE(S)
                                          NORMAL
................................................................
TEMPERATURE (F)
HIGHEST            90   06/17                         94  06/24
LOWEST             48R  06/15                         44  06/05
                        06/02
                        06/01
AVG. MAXIMUM     81.0              79.5     1.5     80.0
AVG. MINIMUM     57.6              55.7     1.9     57.7
MEAN             69.3              67.6     1.7     68.9
DAYS MAX >= 90      1               2.4    -1.4        4
DAYS MAX <= 32      0               0.0     0.0        0
DAYS MIN <= 32      0               0.0     0.0        0
DAYS MIN <= 0       0               0.0     0.0        0

PRECIPITATION (INCHES)
RECORD
 MAXIMUM         9.82   2013
 MINIMUM         0.30   1988
TOTALS           2.29              4.43   -2.14     9.82
DAILY AVG.       0.08              0.15   -0.07     0.33
DAYS >= .01         9              12.2    -3.2       16
DAYS >= .10         7               8.0    -1.0       11
DAYS >= .50         1               3.1    -2.1        7
DAYS >= 1.00        0               1.0    -1.0        5
GREATEST
 24 HR. TOTAL    0.89   06/12 TO 06/13

DEGREE_DAYS
HEATING TOTAL       7                49     -42       31
 SINCE 7/1       6351              6211     140     5714
COOLING TOTAL     138               127      11      154
 SINCE 1/1        171               163       8      207

FREEZE DATES
RECORD
 EARLIEST     09/15/1963
 LATEST       05/25/1949
EARLIEST      03/01             10/09
LATEST        04/25             04/29
.................................................................

WIND (MPH)
AVERAGE WIND SPEED              3.6
HIGHEST WIND SPEED/DIRECTION    20/280    DATE  06/18
HIGHEST GUST SPEED/DIRECTION    29/270    DATE  06/18

SKY COVER
AVERAGE SKY COVER           0.40

AVERAGE RH (PERCENT)     67

WEATHER CONDITIONS. NUMBER OF DAYS WITH
THUNDERSTORM              0     MIXED PRECIP               0
HEAVY RAIN                3     RAIN                       6
LIGHT RAIN                9     FREEZING RAIN              0
LT FREEZING RAIN          0     HAIL                       0
HEAVY SNOW                0     SNOW                       0
LIGHT SNOW                0     SLEET                      0
FOG                      11     FOG W/VIS <= 1/4 MILE      1
HAZE                      2

-  INDICATES NEGATIVE NUMBERS.
R  INDICATES RECORD WAS SET OR TIED.
MM INDICATES DATA IS MISSING.
T  INDICATES TRACE AMOUNT.

$$
