000
CXUS51 KALY 061712 CCA
CLMPOU

CLIMATE REPORT...CORRECTED
NATIONAL WEATHER SERVICE ALBANY NY
1205 PM EST WED MAR 6 2017

...................................

...THE POUGHKEEPSIE NY CLIMATE SUMMARY FOR THE MONTH OF FEBRUARY 2017...

CLIMATE NORMAL PERIOD 1981 TO 2010
CLIMATE RECORD PERIOD 1949 TO 2017

WEATHER         OBSERVED          NORMAL  DEPART  LAST YEAR`S
                 VALUE   DATE(S)  VALUE   FROM    VALUE  DATE(S)
                                          NORMAL
................................................................
TEMPERATURE (F)
HIGHEST            73R  02/24                         66  02/24
LOWEST             12   02/09                         -6  02/14
AVG. MAXIMUM     45.4              39.4     6.0     45.4
AVG. MINIMUM     23.8              17.8     6.0     23.5
MEAN             34.6              28.6     6.0     34.4
DAYS MAX >= 90      0               0.0     0.0        0
DAYS MAX <= 32      3               5.8    -2.8        5
DAYS MIN <= 32     24              26.2    -2.2       23
DAYS MIN <= 0       0               1.2    -1.2        2

PRECIPITATION (INCHES)
RECORD
 MAXIMUM         7.50   2008
 MINIMUM         0.32   1987
TOTALS           1.90              2.66   -0.76     4.47
DAILY AVG.       0.07              0.10   -0.03     0.15
DAYS >= .01         8               9.1    -1.1       10
DAYS >= .10         3               6.2    -3.2        6
DAYS >= .50         2               1.6     0.4        3
DAYS >= 1.00        0               0.4    -0.4        1
GREATEST
 24 HR. TOTAL    0.70   02/09 TO 02/09

DEGREE_DAYS
HEATING TOTAL     846              1019    -173      880
 SINCE 7/1       4042              4571    -529     3532
COOLING TOTAL       0                 0       0        0
 SINCE 1/1          0                 0       0        0

FREEZE DATES
RECORD
 EARLIEST     09/15/1963
 LATEST       05/25/1949
EARLIEST                        10/09
LATEST                          04/29
.................................................................

WIND (MPH)
AVERAGE WIND SPEED              6.1
HIGHEST WIND SPEED/DIRECTION    41/310    DATE  02/13
HIGHEST GUST SPEED/DIRECTION    59/300    DATE  02/13

SKY COVER
AVERAGE SKY COVER           0.40

AVERAGE RH (PERCENT)     65

WEATHER CONDITIONS. NUMBER OF DAYS WITH
THUNDERSTORM              3     MIXED PRECIP               1
HEAVY RAIN                1     RAIN                       1
LIGHT RAIN                5     FREEZING RAIN              0
LT FREEZING RAIN          1     HAIL                       0
HEAVY SNOW                2     SNOW                       2
LIGHT SNOW                6     SLEET                      0
FOG                      12     FOG W/VIS <= 1/4 MILE      5
HAZE                      6

-  INDICATES NEGATIVE NUMBERS.
R  INDICATES RECORD WAS SET OR TIED.
MM INDICATES DATA IS MISSING.
T  INDICATES TRACE AMOUNT.

$$

CORRECTED PRECIPITATION FOR MONTH

RECORDS FOR POUGHKEEPSIE DATE BACK TO 1949...HOWEVER DATA IS
MISSING FROM JANUARY 1993 THROUGH JULY 2000
