000
CXUS51 KALY 010642
CLMPOU


CLIMATE REPORT
NATIONAL WEATHER SERVICE ALBANY NY
138 AM EST MON FEB 1 2016

...................................

...THE POUGHKEEPSIE NY CLIMATE SUMMARY FOR THE MONTH OF JANUARY 2016...

CLIMATE NORMAL PERIOD 1981 TO 2010
CLIMATE RECORD PERIOD 1949 TO 2016

WEATHER         OBSERVED          NORMAL  DEPART  LAST YEAR`S
                 VALUE   DATE(S)  VALUE   FROM    VALUE  DATE(S)
                                          NORMAL
................................................................
TEMPERATURE (F)
HIGHEST            65   01/10                         51  01/04
LOWEST              9   01/06                         -5  01/29
AVG. MAXIMUM     41.2              35.4     5.8     32.8
AVG. MINIMUM     21.9              15.7     6.2     15.5
MEAN             31.5              25.6     5.9     24.1
DAYS MAX >= 90      0               0.0     0.0        0
DAYS MAX <= 32      6              11.5    -5.5       14
DAYS MIN <= 32     27              28.8    -1.8       30
DAYS MIN <= 0       0               3.4    -3.4        1

PRECIPITATION (INCHES)
RECORD
 MAXIMUM         8.30   1979
 MINIMUM         0.43   1970
TOTALS           1.21              3.08   -1.87     2.94
DAILY AVG.       0.04              0.10   -0.06     0.09
DAYS >= .01         3              10.9    -7.9       10
DAYS >= .10         2               6.6    -4.6        6
DAYS >= .50         1               2.1    -1.1        3
DAYS >= 1.00        0               0.5    -0.5        1
GREATEST
 24 HR. TOTAL    0.91   01/10 TO 01/10

DEGREE_DAYS
HEATING TOTAL    1030              1223    -193     1260
 SINCE 7/1       2652              3552    -900     3311
COOLING TOTAL       0                 0       0        0
 SINCE 1/1          0                 0       0        0

FREEZE DATES
RECORD
 EARLIEST     09/15/1963
 LATEST       05/25/1949
EARLIEST                        10/09
LATEST                          04/29
.................................................................

WIND (MPH)
AVERAGE WIND SPEED              6.2
HIGHEST WIND SPEED/DIRECTION    28/300    DATE  01/18
HIGHEST GUST SPEED/DIRECTION    47/260    DATE  01/10

SKY COVER
AVERAGE SKY COVER           0.40

AVERAGE RH (PERCENT)     56

WEATHER CONDITIONS. NUMBER OF DAYS WITH
THUNDERSTORM              1     MIXED PRECIP               0
HEAVY RAIN                1     RAIN                       1
LIGHT RAIN                2     FREEZING RAIN              0
LT FREEZING RAIN          0     HAIL                       0
HEAVY SNOW                0     SNOW                       2
LIGHT SNOW                6     SLEET                      0
FOG                       6     FOG W/VIS <= 1/4 MILE      0
HAZE                     10

-  INDICATES NEGATIVE NUMBERS.
R  INDICATES RECORD WAS SET OR TIED.
MM INDICATES DATA IS MISSING.
T  INDICATES TRACE AMOUNT.

RECORDS FOR KPOU DATE BACK TO 1949...
HOWEVER...DATA IS MISSING FROM JANUARY 1993 TO JULY 2000.
$$
