000
CXUS51 KALY 010818
CLMPOU


CLIMATE REPORT
NATIONAL WEATHER SERVICE ALBANY NY
415 AM EDT MON JUN 1 2015

...................................

...THE POUGHKEEPSIE NY CLIMATE SUMMARY FOR THE MONTH OF MAY 2015...

CLIMATE NORMAL PERIOD 1981 TO 2010
CLIMATE RECORD PERIOD 1949 TO 2015

WEATHER         OBSERVED          NORMAL  DEPART  LAST YEAR`S
                 VALUE   DATE(S)  VALUE   FROM    VALUE  DATE(S)
                                          NORMAL
................................................................
TEMPERATURE (F)
HIGHEST            89   05/26                         89  05/27
                        05/11
                        05/10
LOWEST             35R  05/14                         35  05/07
AVG. MAXIMUM     79.3              71.3     8.0     72.7
AVG. MINIMUM     51.5              46.3     5.2     49.4
MEAN             65.4              58.8     6.6     61.1
DAYS MAX >= 90      0               0.5    -0.5        0
DAYS MAX <= 32      0               0.0     0.0        0
DAYS MIN <= 32      0               0.9    -0.9        0
DAYS MIN <= 0       0               0.0     0.0        0

PRECIPITATION (INCHES)
RECORD
 MAXIMUM        11.81   1989
 MINIMUM         0.94   1964
TOTALS           1.97              4.41   -2.44     2.57
DAILY AVG.       0.06              0.14   -0.08     0.08
DAYS >= .01         7              12.5    -5.5       13
DAYS >= .10         4               7.9    -3.9        6
DAYS >= .50         2               2.8    -0.8        1
DAYS >= 1.00        0               1.2    -1.2        1
GREATEST
 24 HR. TOTAL    0.84   05/16 TO 05/17

DEGREE_DAYS
HEATING TOTAL      94               223    -129      140
 SINCE 7/1       6245              6162      83     6344
COOLING TOTAL     113                31      82       27
 SINCE 1/1        113                36      77       33

FREEZE DATES
RECORD
 EARLIEST     09/15/1963
 LATEST       05/25/1949
EARLIEST                        10/09
LATEST                          04/29
.................................................................

WIND (MPH)
AVERAGE WIND SPEED              4.9
HIGHEST WIND SPEED/DIRECTION    28/250    DATE  05/12
HIGHEST GUST SPEED/DIRECTION    38/230    DATE  05/12

SKY COVER
AVERAGE SKY COVER           0.30

AVERAGE RH (PERCENT)     61

WEATHER CONDITIONS. NUMBER OF DAYS WITH
THUNDERSTORM              6     MIXED PRECIP               0
HEAVY RAIN                4     RAIN                       3
LIGHT RAIN                8     FREEZING RAIN              0
LT FREEZING RAIN          0     HAIL                       0
HEAVY SNOW                0     SNOW                       0
LIGHT SNOW                0     SLEET                      0
FOG                       9     FOG W/VIS <= 1/4 MILE      1
HAZE                      4

-  INDICATES NEGATIVE NUMBERS.
R  INDICATES RECORD WAS SET OR TIED.
MM INDICATES DATA IS MISSING.
T  INDICATES TRACE AMOUNT.

RECORDS FOR KPOU DATE BACK TO 1949...HOWEVER...DATA IS MISSING FROM
JANUARY 1993 - JULY 2000.

$$
