000
CXUS51 KALY 011013
CLMPOU


CLIMATE REPORT
NATIONAL WEATHER SERVICE ALBANY NY
509 AM EST SAT FEB 1 2014

...................................

...THE POUGHKEEPSIE NY CLIMATE SUMMARY FOR THE MONTH OF JANUARY 2014...

CLIMATE NORMAL PERIOD 1981 TO 2010
CLIMATE RECORD PERIOD 1949 TO 2014

WEATHER         OBSERVED          NORMAL  DEPART  LAST YEAR`S
                 VALUE   DATE(S)  VALUE   FROM    VALUE  DATE(S)
                                          NORMAL
................................................................
TEMPERATURE (F)
HIGHEST            60   01/11                         62  01/31
LOWEST             -9   01/04                          2  01/24
AVG. MAXIMUM     33.9              35.4    -1.5     38.3
AVG. MINIMUM     14.5              15.7    -1.2     20.0
MEAN             24.2              25.6    -1.4     29.1
DAYS MAX >= 90      0               0.0     0.0        0
DAYS MAX <= 32     16              11.5     4.5        9
DAYS MIN <= 32     29              28.8     0.2       26
DAYS MIN <= 0       2               3.4    -1.4        0

PRECIPITATION (INCHES)
RECORD
 MAXIMUM         8.30   1979
 MINIMUM         0.43   1970
TOTALS           1.50              3.08   -1.58     2.05
DAILY AVG.       0.05              0.10   -0.05     0.07
DAYS >= .01         8              10.9    -2.9        8
DAYS >= .10         3               6.6    -3.6        5
DAYS >= .50         0               2.1    -2.1        1
DAYS >= 1.00        0               0.5    -0.5        0
GREATEST
 24 HR. TOTAL    0.49   01/14 TO 01/14

DEGREE_DAYS
HEATING TOTAL    1256              1223      33     1101
 SINCE 7/1       3534              3552     -18     3151
COOLING TOTAL       0                 0       0        0
 SINCE 1/1          0                 0       0        0

FREEZE DATES
RECORD
 EARLIEST     09/15/1963
 LATEST       05/25/1949
EARLIEST                        10/09
LATEST                          04/29
.................................................................

WIND (MPH)
AVERAGE WIND SPEED              6.2
HIGHEST WIND SPEED/DIRECTION    31/270    DATE  01/07
HIGHEST GUST SPEED/DIRECTION    41/270    DATE  01/07

SKY COVER
AVERAGE SKY COVER           0.50

AVERAGE RH (PERCENT)     63

WEATHER CONDITIONS. NUMBER OF DAYS WITH
THUNDERSTORM              0     MIXED PRECIP               0
HEAVY RAIN                1     RAIN                       4
LIGHT RAIN                5     FREEZING RAIN              0
LT FREEZING RAIN          0     HAIL                       0
HEAVY SNOW                0     SNOW                       5
LIGHT SNOW                9     SLEET                      0
FOG                      12     FOG W/VIS <= 1/4 MILE      4
HAZE                     16

-  INDICATES NEGATIVE NUMBERS.
R  INDICATES RECORD WAS SET OR TIED.
MM INDICATES DATA IS MISSING.
T  INDICATES TRACE AMOUNT.

RECORDS FOR KPOU DATE BACK TO 1949...
HOWEVER...DATA IS MISSING FROM JANUARY 1993 - JULY 2000.


$$
