000
CXUS51 KALY 012252 CCA
CLMPOU

CLIMATE REPORT
NATIONAL WEATHER SERVICE ALBANY NY
505 AM EDT FRI MAY 1 2015

...................................

...THE POUGHKEEPSIE NY CLIMATE SUMMARY FOR THE MONTH OF APRIL 2015...

CLIMATE NORMAL PERIOD 1981 TO 2010
CLIMATE RECORD PERIOD 1949 TO 2015

WEATHER         OBSERVED          NORMAL  DEPART  LAST YEAR`S
                 VALUE   DATE(S)  VALUE   FROM    VALUE  DATE(S)
                                          NORMAL
................................................................
TEMPERATURE (F)
HIGHEST            81   04/18                         80  04/13
LOWEST             24   04/02                         25  04/06
                        04/01
AVG. MAXIMUM     61.3              60.8     0.5     61.9
AVG. MINIMUM     37.1              36.6     0.5     36.5
MEAN             49.2              48.7     0.5     49.2
DAYS MAX >= 90      0               0.2    -0.2        0
DAYS MAX <= 32      0               0.0     0.0        0
DAYS MIN <= 32      9               9.3    -0.3       12
DAYS MIN <= 0       0               0.0     0.0        0

PRECIPITATION (INCHES)
RECORD
 MAXIMUM         8.51   1983
 MINIMUM         1.03   1978
TOTALS           2.23              3.78   -1.55     4.43
DAILY AVG.       0.07              0.13   -0.06     0.15
DAYS >= .01        10              10.8    -0.8       12
DAYS >= .10         9               6.6     2.4        6
DAYS >= .50         1               2.2    -1.2        3
DAYS >= 1.00        0               0.9    -0.9        2
GREATEST
 24 HR. TOTAL    0.64   04/20 TO 04/21

DEGREE_DAYS
HEATING TOTAL     465               494     -29      474
 SINCE 7/1       6151              5939     212     6204
COOLING TOTAL       0                 5      -5        6
 SINCE 1/1          0                 5      -5        6

FREEZE DATES
RECORD
 EARLIEST     09/15/1963
 LATEST       05/25/1949
EARLIEST                        10/09
LATEST                          04/29
.................................................................

WIND (MPH)
AVERAGE WIND SPEED              6.3
HIGHEST WIND SPEED/DIRECTION    31/270    DATE  04/22
HIGHEST GUST SPEED/DIRECTION    42/230    DATE  04/22

SKY COVER
AVERAGE SKY COVER           0.50

AVERAGE RH (PERCENT)     59

WEATHER CONDITIONS. NUMBER OF DAYS WITH
THUNDERSTORM              3     MIXED PRECIP               0
HEAVY RAIN                5     RAIN                       6
LIGHT RAIN               14     FREEZING RAIN              0
LT FREEZING RAIN          0     HAIL                       0
HEAVY SNOW                0     SNOW                       0
LIGHT SNOW                1     SLEET                      0
FOG                      14     FOG W/VIS <= 1/4 MILE      4
HAZE                      6

-  INDICATES NEGATIVE NUMBERS.
R  INDICATES RECORD WAS SET OR TIED.
MM INDICATES DATA IS MISSING.
T  INDICATES TRACE AMOUNT.

RECORDS FOR KPOU DATE BACK TO 1949...
HOWEVER...DATA IS MISSING FROM JANUARY 1993 - JULY 2000.

$$
