000
CXUS51 KALY 010822
CLMPOU


CLIMATE REPORT
NATIONAL WEATHER SERVICE ALBANY NY
418 AM EDT THU AUG 1 2013

...................................

...THE POUGHKEEPSIE NY CLIMATE SUMMARY FOR THE MONTH OF JULY 2013...

CLIMATE NORMAL PERIOD 1981 TO 2010
CLIMATE RECORD PERIOD 1948 TO 2013

WEATHER         OBSERVED          NORMAL  DEPART  LAST YEAR`S
                 VALUE   DATE(S)  VALUE   FROM    VALUE
                                          NORMAL
.............................................................
TEMPERATURE (F)
HIGHEST            97   07/19                         96
LOWEST             56   07/31                         54
                        07/30
AVG. MAXIMUM     86.6              84.4     2.2     87.1
AVG. MINIMUM     67.6              60.8     6.8     64.3
MEAN             77.1              72.6     4.5     75.7
DAYS MAX >= 90     11               6.3     4.7       11
DAYS MAX <= 32      0               0.0     0.0        0
DAYS MIN <= 32      0               0.0     0.0        0
DAYS MIN <= 0       0               0.0     0.0        0

PRECIPITATION (INCHES)
TOTALS           3.14              4.65   -1.51     4.07
DAILY AVG.       0.10              0.15   -0.05     0.13
DAYS >= .01        14              10.3     3.7       12
DAYS >= .10         5               7.1    -2.1        6
DAYS >= .50         2               3.1    -1.1        4
DAYS >= 1.00        2               1.2     0.8        1
GREATEST
 24 HR. TOTAL    2.15   06/30 TO 07/01

DEGREE_DAYS
HEATING TOTAL       0                 5      -5        0
 SINCE 7/1          0                 5      -5        0
COOLING TOTAL     383               240     143      339
 SINCE 1/1        590               403     187      572
..............................................................

WIND (MPH)
AVERAGE WIND SPEED              3.4
HIGHEST WIND SPEED/DIRECTION    20/240    DATE  07/19
HIGHEST GUST SPEED/DIRECTION    30/210    DATE  07/09

SKY COVER
AVERAGE SKY COVER           0.30

AVERAGE RH (PERCENT)     73

WEATHER CONDITIONS. NUMBER OF DAYS WITH
THUNDERSTORM              3     MIXED PRECIP               0
HEAVY RAIN                3     RAIN                       4
LIGHT RAIN               13     FREEZING RAIN              0
LT FREEZING RAIN          0     HAIL                       0
HEAVY SNOW                0     SNOW                       0
LIGHT SNOW                0     SLEET                      0
FOG                      20     FOG W/VIS <= 1/4 MILE      3
HAZE                      8

-  INDICATES NEGATIVE NUMBERS.
R  INDICATES RECORD WAS SET OR TIED.
MM INDICATES DATA IS MISSING.
T  INDICATES TRACE AMOUNT.

$$
