000
CXUS51 KALY 010820
CLMPOU


CLIMATE REPORT
NATIONAL WEATHER SERVICE ALBANY NY
315 AM EST SUN NOV 1 2015

...................................

...THE POUGHKEEPSIE NY CLIMATE SUMMARY FOR THE MONTH OF OCTOBER 2015...

CLIMATE NORMAL PERIOD 1981 TO 2010
CLIMATE RECORD PERIOD 1949 TO 2015

WEATHER         OBSERVED          NORMAL  DEPART  LAST YEAR`S
                 VALUE   DATE(S)  VALUE   FROM    VALUE  DATE(S)
                                          NORMAL
................................................................
TEMPERATURE (F)
HIGHEST            78   10/22                         79  10/15
                        10/21
                        10/12
LOWEST             21R  10/19                         30  10/20
AVG. MAXIMUM     64.5              63.1     1.4     65.2
AVG. MINIMUM     39.1              39.0     0.1     44.9
MEAN             51.8              51.0     0.8     55.1
DAYS MAX >= 90      0               0.0     0.0        0
DAYS MAX <= 32      0               0.0     0.0        0
DAYS MIN <= 32      9               7.8     1.2        2
DAYS MIN <= 0       0               0.0     0.0        0

PRECIPITATION (INCHES)
RECORD
 MAXIMUM        17.59   2005
 MINIMUM         0.36   1963
TOTALS           1.68              4.47   -2.79     3.76
DAILY AVG.       0.05              0.14   -0.09     0.12
DAYS >= .01         9               9.1    -0.1       12
DAYS >= .10         4               6.2    -2.2        9
DAYS >= .50         1               2.8    -1.8        4
DAYS >= 1.00        1               1.3    -0.3        0
GREATEST
 24 HR. TOTAL    1.41   09/30 TO 10/01

DEGREE_DAYS
HEATING TOTAL     401               436     -35      315
 SINCE 7/1        434               576    -142      409
COOLING TOTAL       0                 4      -4       13
 SINCE 1/1        962               672     290      696

FREEZE DATES
RECORD
 EARLIEST     09/15/1963
 LATEST       05/25/1949
EARLIEST                        10/09
LATEST                          04/29
.................................................................

WIND (MPH)
AVERAGE WIND SPEED              4.9
HIGHEST WIND SPEED/DIRECTION    33/240    DATE  10/29
HIGHEST GUST SPEED/DIRECTION    42/250    DATE  10/29

SKY COVER
AVERAGE SKY COVER           0.30

AVERAGE RH (PERCENT)     65

WEATHER CONDITIONS. NUMBER OF DAYS WITH
THUNDERSTORM              1     MIXED PRECIP               0
HEAVY RAIN                2     RAIN                       3
LIGHT RAIN                8     FREEZING RAIN              0
LT FREEZING RAIN          0     HAIL                       0
HEAVY SNOW                0     SNOW                       0
LIGHT SNOW                0     SLEET                      0
FOG                       8     FOG W/VIS <= 1/4 MILE      1
HAZE                      3

-  INDICATES NEGATIVE NUMBERS.
R  INDICATES RECORD WAS SET OR TIED.
MM INDICATES DATA IS MISSING.
T  INDICATES TRACE AMOUNT.

RECORDS FOR KPOU DATE BACK TO 1949...
HOWEVER...DATA IS MISSING FROM JANUARY 1993 - JULY 2000.

$$
