000
CXUS51 KALY 010943
CLMPOU


CLIMATE REPORT
NATIONAL WEATHER SERVICE ALBANY NY
539 AM EDT MON JUL 1 2013

...................................

...THE POUGHKEEPSIE NY CLIMATE SUMMARY FOR THE MONTH OF JUNE 2013...

CLIMATE NORMAL PERIOD 1981 TO 2010
CLIMATE RECORD PERIOD 1948 TO 2013

WEATHER         OBSERVED          NORMAL  DEPART  LAST YEAR`S
                 VALUE   DATE(S)  VALUE   FROM    VALUE
                                          NORMAL
.............................................................
TEMPERATURE (F)
HIGHEST            94   06/24                         96
LOWEST             44   06/05                         47
AVG. MAXIMUM     80.0              79.5     0.5     79.9
AVG. MINIMUM     57.7              55.7     2.0     56.7
MEAN             68.9              67.6     1.3     68.3
DAYS MAX >= 90      4               2.4     1.6        5
DAYS MAX <= 32      0               0.0     0.0        0
DAYS MIN <= 32      0               0.0     0.0        0
DAYS MIN <= 0       0               0.0     0.0        0

PRECIPITATION (INCHES)
TOTALS           9.82R             4.43    5.39     3.06
DAILY AVG.       0.33              0.15    0.18     0.10
DAYS >= .01        16              12.2     3.8       17
DAYS >= .10        11               8.0     3.0        7
DAYS >= .50         7               3.1     3.9        1
DAYS >= 1.00        5               1.0     4.0        1
GREATEST
 24 HR. TOTAL    2.03   06/13 TO 06/14

DEGREE_DAYS
HEATING TOTAL      31                49     -18       31
 SINCE 7/1       5714              6211    -497     4781
COOLING TOTAL     154               127      27      138
 SINCE 1/1        207               163      44      233
..............................................................

WIND (MPH)
AVERAGE WIND SPEED              4.2
HIGHEST WIND SPEED/DIRECTION    25/280    DATE  06/25
HIGHEST GUST SPEED/DIRECTION    36/360    DATE  06/25

SKY COVER
AVERAGE SKY COVER           0.30

AVERAGE RH (PERCENT)     73

WEATHER CONDITIONS. NUMBER OF DAYS WITH
THUNDERSTORM              6     MIXED PRECIP               0
HEAVY RAIN                8     RAIN                       9
LIGHT RAIN               14     FREEZING RAIN              0
LT FREEZING RAIN          0     HAIL                       0
HEAVY SNOW                0     SNOW                       0
LIGHT SNOW                0     SLEET                      0
FOG                      21     FOG W/VIS <= 1/4 MILE      3
HAZE                      8

-  INDICATES NEGATIVE NUMBERS.
R  INDICATES RECORD WAS SET OR TIED.
MM INDICATES DATA IS MISSING.
T  INDICATES TRACE AMOUNT.

$$
