000
CXUS51 KALY 012132 CCA
CLMPOU

CLIMATE REPORT...CORRECTED
NATIONAL WEATHER SERVICE ALBANY NY
438 AM EDT TUE OCT 1 2013

...................................

...THE POUGHKEEPSIE NY CLIMATE SUMMARY FOR THE MONTH OF SEPTEMBER 2013...

CLIMATE NORMAL PERIOD 1981 TO 2010
CLIMATE RECORD PERIOD 1949 TO 2013

WEATHER         OBSERVED          NORMAL  DEPART  LAST YEAR`S
                 VALUE   DATE(S)  VALUE   FROM    VALUE
                                          NORMAL
.............................................................
TEMPERATURE (F)
HIGHEST            95   09/11                         89
LOWEST             37   09/24                         39
AVG. MAXIMUM     74.8              75.0    -0.2     74.6
AVG. MINIMUM     49.4              51.1    -1.7     53.5
MEAN             62.1              63.1    -1.0     64.1
DAYS MAX >= 90      1               0.9     0.1        0
DAYS MAX <= 32      0               0.0     0.0        0
DAYS MIN <= 32      0               0.1    -0.1        0
DAYS MIN <= 0       0               0.0     0.0        0

PRECIPITATION (INCHES)
TOTALS           2.32              4.28   -1.96     5.60
DAILY AVG.       0.08              0.14   -0.06     0.19
DAYS >= .01         8               9.3    -1.3       12
DAYS >= .10         6               5.8     0.2        9
DAYS >= .50         2               2.4    -0.4        3
DAYS >= 1.00        0               1.1    -1.1        1
GREATEST
 24 HR. TOTAL    0.98   09/02 TO 09/02

DEGREE_DAYS
HEATING TOTAL     140               123      17       98
 SINCE 7/1        143               140       3      100
COOLING TOTAL      64                64       0       78
 SINCE 1/1        821               668     153      889
..............................................................

WIND (MPH)
AVERAGE WIND SPEED              2.6
HIGHEST WIND SPEED/DIRECTION    29/270    DATE  09/11
HIGHEST GUST SPEED/DIRECTION    38/260    DATE  09/11

SKY COVER
AVERAGE SKY COVER           0.30

AVERAGE RH (PERCENT)     72

WEATHER CONDITIONS. NUMBER OF DAYS WITH
THUNDERSTORM              2     MIXED PRECIP               0
HEAVY RAIN                4     RAIN                       5
LIGHT RAIN               10     FREEZING RAIN              0
LT FREEZING RAIN          0     HAIL                       0
HEAVY SNOW                0     SNOW                       0
LIGHT SNOW                0     SLEET                      0
FOG                      19     FOG W/VIS <= 1/4 MILE      4
HAZE                      3

-  INDICATES NEGATIVE NUMBERS.
R  INDICATES RECORD WAS SET OR TIED.
MM INDICATES DATA IS MISSING.
T  INDICATES TRACE AMOUNT.

$$
