000
CXUS51 KALY 010806
CLMPOU


CLIMATE REPORT
NATIONAL WEATHER SERVICE ALBANY NY
404 AM EDT WED MAY 1 2013

...................................

...THE POUGHKEEPSIE NY CLIMATE SUMMARY FOR THE MONTH OF APRIL 2013...

CLIMATE NORMAL PERIOD 1981 TO 2010
CLIMATE RECORD PERIOD 1948 TO 2013

WEATHER         OBSERVED          NORMAL  DEPART  LAST YEAR`S
                 VALUE   DATE(S)  VALUE   FROM    VALUE
                                          NORMAL
.............................................................
TEMPERATURE (F)
HIGHEST            75   04/09                         91
LOWEST             22   04/04                         26
AVG. MAXIMUM     60.6              60.8    -0.2     63.4
AVG. MINIMUM     36.8              36.6     0.2     36.8
MEAN             48.7              48.7     0.0     50.1
DAYS MAX >= 90      0               0.2    -0.2        1
DAYS MAX <= 32      0               0.0     0.0        0
DAYS MIN <= 32     10               9.3     0.7       12
DAYS MIN <= 0       0               0.0     0.0        0

PRECIPITATION (INCHES)
TOTALS           1.32              3.78   -2.46     2.06
DAILY AVG.       0.04              0.13   -0.09     0.07
DAYS >= .01         7              10.8    -3.8        5
DAYS >= .10         4               6.6    -2.6        4
DAYS >= .50         0               2.2    -2.2        1
DAYS >= 1.00        0               0.9    -0.9        1
GREATEST
 24 HR. TOTAL    0.65   04/19 TO 04/20

DEGREE_DAYS
HEATING TOTAL     479               494     -15      444
 SINCE 7/1       5468              5939    -471     4652
COOLING TOTAL       0                 5      -5        7
 SINCE 1/1          0                 5      -5        7
..............................................................

WIND (MPH)
AVERAGE WIND SPEED              6.0
HIGHEST WIND SPEED/DIRECTION    28/330    DATE  04/10
HIGHEST GUST SPEED/DIRECTION    37/330    DATE  04/10

SKY COVER
AVERAGE SKY COVER           0.40

AVERAGE RH (PERCENT)     59

WEATHER CONDITIONS. NUMBER OF DAYS WITH
THUNDERSTORM              0     MIXED PRECIP               0
HEAVY RAIN                2     RAIN                       3
LIGHT RAIN               10     FREEZING RAIN              0
LT FREEZING RAIN          0     HAIL                       0
HEAVY SNOW                0     SNOW                       0
LIGHT SNOW                0     SLEET                      0
FOG                      11     FOG W/VIS <= 1/4 MILE      0
HAZE                      7

-  INDICATES NEGATIVE NUMBERS.
R  INDICATES RECORD WAS SET OR TIED.
MM INDICATES DATA IS MISSING.
T  INDICATES TRACE AMOUNT.

$$
