000
CXUS51 KALY 010737
CLMPOU


CLIMATE REPORT
NATIONAL WEATHER SERVICE ALBANY NY
334 AM EDT TUE SEP 1 2015

...................................

...THE POUGHKEEPSIE NY CLIMATE SUMMARY FOR THE MONTH OF AUGUST 2015...

CLIMATE NORMAL PERIOD 1981 TO 2010
CLIMATE RECORD PERIOD 1949 TO 2015

WEATHER         OBSERVED          NORMAL  DEPART  LAST YEAR`S
                 VALUE   DATE(S)  VALUE   FROM    VALUE  DATE(S)
                                          NORMAL
................................................................
TEMPERATURE (F)
HIGHEST            95   08/17                         91  08/27
LOWEST             52   08/29                         48  08/29
                        08/28
AVG. MAXIMUM     86.6              82.6     4.0     81.4
AVG. MINIMUM     60.6              59.6     1.0     58.3
MEAN             73.6              71.1     2.5     69.8
DAYS MAX >= 90     10               3.8     6.2        1
DAYS MAX <= 32      0               0.0     0.0        0
DAYS MIN <= 32      0               0.0     0.0        0
DAYS MIN <= 0       0               0.0     0.0        0

PRECIPITATION (INCHES)
RECORD
 MAXIMUM        13.23   2011
 MINIMUM         0.64   1981
TOTALS           2.21              4.20   -1.99     3.38
DAILY AVG.       0.07              0.14   -0.07     0.11
DAYS >= .01         6              10.2    -4.2       10
DAYS >= .10         3               6.8    -3.8        4
DAYS >= .50         2               2.7    -0.7        3
DAYS >= 1.00        1               1.2    -0.2        1
GREATEST
 24 HR. TOTAL    1.08   08/11 TO 08/11

DEGREE_DAYS
HEATING TOTAL       0                12     -12        5
 SINCE 7/1          0                17     -17        5
COOLING TOTAL     274               201      73      161
 SINCE 1/1        805               604     201      597

FREEZE DATES
RECORD
 EARLIEST     09/15/1963
 LATEST       05/25/1949
EARLIEST                        10/09
LATEST                          04/29
.................................................................

WIND (MPH)
AVERAGE WIND SPEED              3.5
HIGHEST WIND SPEED/DIRECTION    25/010    DATE  08/21
HIGHEST GUST SPEED/DIRECTION    33/010    DATE  08/21

SKY COVER
AVERAGE SKY COVER           0.20

AVERAGE RH (PERCENT)     65

WEATHER CONDITIONS. NUMBER OF DAYS WITH
THUNDERSTORM              6     MIXED PRECIP               0
HEAVY RAIN                2     RAIN                       3
LIGHT RAIN                6     FREEZING RAIN              0
LT FREEZING RAIN          0     HAIL                       0
HEAVY SNOW                0     SNOW                       0
LIGHT SNOW                0     SLEET                      0
FOG                       8     FOG W/VIS <= 1/4 MILE      0
HAZE                      2

-  INDICATES NEGATIVE NUMBERS.
R  INDICATES RECORD WAS SET OR TIED.
MM INDICATES DATA IS MISSING.
T  INDICATES TRACE AMOUNT.

RECORDS FOR KPOU DATE BACK TO 1949...
HOWEVER...DATA IS MISSING FROM JANUARY 1993 - JULY 2000.

$$
