000
CXUS51 KALY 010917
CLMPOU


CLIMATE REPORT
NATIONAL WEATHER SERVICE ALBANY NY
514 AM EDT WED JUL 1 2015

...................................

...THE POUGHKEEPSIE NY CLIMATE SUMMARY FOR THE MONTH OF JUNE 2015...

CLIMATE NORMAL PERIOD 1981 TO 2010
CLIMATE RECORD PERIOD 1949 TO 2015

WEATHER         OBSERVED          NORMAL  DEPART  LAST YEAR`S
                 VALUE   DATE(S)  VALUE   FROM    VALUE  DATE(S)
                                          NORMAL
................................................................
TEMPERATURE (F)
HIGHEST            89   06/11                         90  06/17
LOWEST             40R  06/07                         48  06/15
                                                          06/02
                                                          06/01
AVG. MAXIMUM     77.8              79.5    -1.7     81.0
AVG. MINIMUM     57.6              55.7     1.9     57.6
MEAN             67.7              67.6     0.1     69.3
DAYS MAX >= 90      0               2.4    -2.4        1
DAYS MAX <= 32      0               0.0     0.0        0
DAYS MIN <= 32      0               0.0     0.0        0
DAYS MIN <= 0       0               0.0     0.0        0

PRECIPITATION (INCHES)
RECORD
 MAXIMUM         9.82   2013
 MINIMUM         0.30   1988
TOTALS           4.13              4.43   -0.30     2.29
DAILY AVG.       0.14              0.15   -0.01     0.08
DAYS >= .01        16              12.2     3.8        9
DAYS >= .10        10               8.0     2.0        7
DAYS >= .50         2               3.1    -1.1        1
DAYS >= 1.00        0               1.0    -1.0        0
GREATEST
 24 HR. TOTAL    0.94   06/01 TO 06/02

DEGREE_DAYS
HEATING TOTAL      46                49      -3        7
 SINCE 7/1       6291              6211      80     6351
COOLING TOTAL     133               127       6      138
 SINCE 1/1        246               163      83      171

FREEZE DATES
RECORD
 EARLIEST     09/15/1963
 LATEST       05/25/1949
EARLIEST      02/01             10/09
LATEST        04/26             04/29
.................................................................

WIND (MPH)
AVERAGE WIND SPEED              4.6
HIGHEST WIND SPEED/DIRECTION    25/230    DATE  06/09
HIGHEST GUST SPEED/DIRECTION    39/240    DATE  06/09

SKY COVER
AVERAGE SKY COVER           0.50

AVERAGE RH (PERCENT)     70

WEATHER CONDITIONS. NUMBER OF DAYS WITH
THUNDERSTORM              5     MIXED PRECIP               0
HEAVY RAIN                5     RAIN                       6
LIGHT RAIN               14     FREEZING RAIN              0
LT FREEZING RAIN          0     HAIL                       0
HEAVY SNOW                0     SNOW                       0
LIGHT SNOW                0     SLEET                      0
FOG                      17     FOG W/VIS <= 1/4 MILE      0
HAZE                      3

-  INDICATES NEGATIVE NUMBERS.
R  INDICATES RECORD WAS SET OR TIED.
MM INDICATES DATA IS MISSING.
T  INDICATES TRACE AMOUNT.

RECORDS FOR KPOU DATE BACK TO 1949...HOWEVER...DATA IS MISSING FROM JANUARY 1993 -
JULY 2000.

$$
