000
CXUS51 KALY 010813
CLMPOU


CLIMATE REPORT
NATIONAL WEATHER SERVICE ALBANY NY
408 AM EDT TUE NOV 1 2016

...................................

...THE POUGHKEEPSIE NY CLIMATE SUMMARY FOR THE MONTH OF OCTOBER 2016...

CLIMATE NORMAL PERIOD 1981 TO 2010
CLIMATE RECORD PERIOD 1949 TO 2016

WEATHER         OBSERVED          NORMAL  DEPART  LAST YEAR`S
                 VALUE   DATE(S)  VALUE   FROM    VALUE  DATE(S)
                                          NORMAL
................................................................
TEMPERATURE (F)
HIGHEST            84   10/18                         78  10/22
                                                          10/21
                                                          10/12
LOWEST             25   10/26                         21  10/19
AVG. MAXIMUM     64.3              63.1     1.2     64.5
AVG. MINIMUM     40.4              39.0     1.4     39.1
MEAN             52.3              51.0     1.3     51.8
DAYS MAX >= 90      0               0.0     0.0        0
DAYS MAX <= 32      0               0.0     0.0        0
DAYS MIN <= 32      8               7.8     0.2        9
DAYS MIN <= 0       0               0.0     0.0        0

PRECIPITATION (INCHES)
RECORD
 MAXIMUM        17.59   2005
 MINIMUM         0.36   1963
TOTALS           2.54              4.47   -1.93     1.68
DAILY AVG.       0.08              0.14   -0.06     0.05
DAYS >= .01         8               9.1    -1.1        9
DAYS >= .10         4               6.2    -2.2        4
DAYS >= .50         2               2.8    -0.8        1
DAYS >= 1.00        0               1.3    -1.3        1
GREATEST
 24 HR. TOTAL    1.36   10/21 TO 10/22

DEGREE_DAYS
HEATING TOTAL     389               436     -47      401
 SINCE 7/1        462               576    -114      434
COOLING TOTAL       4                 4       0        0
 SINCE 1/1       1053               672     381      962

FREEZE DATES
RECORD
 EARLIEST     09/15/1963
 LATEST       05/25/1949
EARLIEST      10/11             10/09
LATEST                          04/29
.................................................................

WIND (MPH)
AVERAGE WIND SPEED              4.6
HIGHEST WIND SPEED/DIRECTION    30/280    DATE  10/23
HIGHEST GUST SPEED/DIRECTION    42/280    DATE  10/23

SKY COVER
AVERAGE SKY COVER           0.40

AVERAGE RH (PERCENT)     73

WEATHER CONDITIONS. NUMBER OF DAYS WITH
THUNDERSTORM              0     MIXED PRECIP               0
HEAVY RAIN                1     RAIN                       4
LIGHT RAIN               11     FREEZING RAIN              0
LT FREEZING RAIN          0     HAIL                       0
HEAVY SNOW                0     SNOW                       0
LIGHT SNOW                1     SLEET                      0
FOG                      16     FOG W/VIS <= 1/4 MILE      3
HAZE                      0

-  INDICATES NEGATIVE NUMBERS.
R  INDICATES RECORD WAS SET OR TIED.
MM INDICATES DATA IS MISSING.
T  INDICATES TRACE AMOUNT.

RECORDS FOR KPOU DATE BACK TO 1949...
HOWEVER...DATA IS MISSING FROM JANUARY 1993 - JULY 2000.

$$
