000
CXUS51 KALY 011134
CLMPOU


CLIMATE REPORT
NATIONAL WEATHER SERVICE ALBANY NY
730 AM EDT SAT NOV 1 2014

...................................

...THE POUGHKEEPSIE NY CLIMATE SUMMARY FOR THE MONTH OF OCTOBER 2014...

CLIMATE NORMAL PERIOD 1981 TO 2010
CLIMATE RECORD PERIOD 1949 TO 2014

WEATHER         OBSERVED          NORMAL  DEPART  LAST YEAR`S
                 VALUE   DATE(S)  VALUE   FROM    VALUE  DATE(S)
                                          NORMAL
................................................................
TEMPERATURE (F)
HIGHEST            79   10/15                         82  10/02
LOWEST             30   10/20                         28  10/28
AVG. MAXIMUM     65.2              63.1     2.1     66.1
AVG. MINIMUM     44.9              39.0     5.9     41.8
MEAN             55.1              51.0     4.1     54.0
DAYS MAX >= 90      0               0.0     0.0        0
DAYS MAX <= 32      0               0.0     0.0        0
DAYS MIN <= 32      2               7.8    -5.8        5
DAYS MIN <= 0       0               0.0     0.0        0

PRECIPITATION (INCHES)
RECORD
 MAXIMUM        17.59   2005
 MINIMUM         0.36   1963
TOTALS           3.76              4.47   -0.71     1.61
DAILY AVG.       0.12              0.14   -0.02     0.05
DAYS >= .01        12               9.1     2.9        6
DAYS >= .10         9               6.2     2.8        3
DAYS >= .50         4               2.8     1.2        2
DAYS >= 1.00        0               1.3    -1.3        0
GREATEST
 24 HR. TOTAL    1.16   10/15 TO 10/16

DEGREE_DAYS
HEATING TOTAL     315               436    -121      345
 SINCE 7/1        409               576    -167      488
COOLING TOTAL      13                 4       9        8
 SINCE 1/1        696               672      24      829

FREEZE DATES
RECORD
 EARLIEST     09/15/1963
 LATEST       05/25/1949
EARLIEST      10/20             10/09
LATEST                          04/29
.................................................................

WIND (MPH)
AVERAGE WIND SPEED              5.2
HIGHEST WIND SPEED/DIRECTION    25/290    DATE  10/26
HIGHEST GUST SPEED/DIRECTION    38/280    DATE  10/26

SKY COVER
AVERAGE SKY COVER           0.60

AVERAGE RH (PERCENT)     71

WEATHER CONDITIONS. NUMBER OF DAYS WITH
THUNDERSTORM              0     MIXED PRECIP               0
HEAVY RAIN                5     RAIN                       6
LIGHT RAIN               15     FREEZING RAIN              0
LT FREEZING RAIN          0     HAIL                       0
HEAVY SNOW                0     SNOW                       0
LIGHT SNOW                0     SLEET                      0
FOG                      18     FOG W/VIS <= 1/4 MILE      2
HAZE                      1

-  INDICATES NEGATIVE NUMBERS.
R  INDICATES RECORD WAS SET OR TIED.
MM INDICATES DATA IS MISSING.
T  INDICATES TRACE AMOUNT.

RECORDS FOR KPOU DATE BACK TO 1949...
HOWEVER...DATA IS MISSING FROM JAUNARY 1993 - JULY 2000.

$$
