000
CXUS51 KALY 010639
CLMPOU


CLIMATE REPORT
NATIONAL WEATHER SERVICE ALBANY NY
135 AM EST TUE MAR 1 2016

...................................

...THE POUGHKEEPSIE NY CLIMATE SUMMARY FOR THE MONTH OF FEBRUARY 2016...

CLIMATE NORMAL PERIOD 1981 TO 2010
CLIMATE RECORD PERIOD 1949 TO 2016

WEATHER         OBSERVED          NORMAL  DEPART  LAST YEAR`S
                 VALUE   DATE(S)  VALUE   FROM    VALUE  DATE(S)
                                          NORMAL
................................................................
TEMPERATURE (F)
HIGHEST            66   02/24                         42  02/22
LOWEST             -6   02/14                        -14  02/16
AVG. MAXIMUM     45.4              39.4     6.0     28.1
AVG. MINIMUM     23.5              17.8     5.7      3.2
MEAN             34.4              28.6     5.8     15.6
DAYS MAX >= 90      0               0.0     0.0        0
DAYS MAX <= 32      5               5.8    -0.8       22
DAYS MIN <= 32     23              26.2    -3.2       28
DAYS MIN <= 0       2               1.2     0.8       12

PRECIPITATION (INCHES)
RECORD
 MAXIMUM         7.50   2008
 MINIMUM         0.32   1987
TOTALS           4.47              2.66    1.81     1.36
DAILY AVG.       0.15                MM      MM     0.05
DAYS >= .01        10               9.1     0.9        9
DAYS >= .10         6               6.2    -0.2        3
DAYS >= .50         3               1.6     1.4        0
DAYS >= 1.00        1               0.4     0.6        0
GREATEST
 24 HR. TOTAL    2.45   02/24 TO 02/25

DEGREE_DAYS
HEATING TOTAL     880              1019    -139     1374
 SINCE 7/1       3532              4604   -1072     4685
COOLING TOTAL       0                 0       0        0
 SINCE 1/1          0                 0       0        0

FREEZE DATES
RECORD
 EARLIEST     09/15/1963
 LATEST       05/25/1949
EARLIEST      02/01             10/09
LATEST                          04/29
.................................................................

WIND (MPH)
AVERAGE WIND SPEED              6.5
HIGHEST WIND SPEED/DIRECTION    32/230    DATE  02/24
HIGHEST GUST SPEED/DIRECTION    47/230    DATE  02/24

SKY COVER
AVERAGE SKY COVER           0.40

AVERAGE RH (PERCENT)     58

WEATHER CONDITIONS. NUMBER OF DAYS WITH
THUNDERSTORM              2     MIXED PRECIP               0
HEAVY RAIN                3     RAIN                       4
LIGHT RAIN                7     FREEZING RAIN              2
LT FREEZING RAIN          2     HAIL                       0
HEAVY SNOW                0     SNOW                       1
LIGHT SNOW                8     SLEET                      0
FOG                       9     FOG W/VIS <= 1/4 MILE      1
HAZE                      9

-  INDICATES NEGATIVE NUMBERS.
R  INDICATES RECORD WAS SET OR TIED.
MM INDICATES DATA IS MISSING.
T  INDICATES TRACE AMOUNT.

$$

NOTE: RECORDS FOR POUGHKEEPSIE DATE BACK TO 1949...HOWEVER DATA IS
MISSING FROM JANUARY 1993 THROUGH JULY 2000.
