000
CXUS51 KALY 010633
CLMPOU


CLIMATE REPORT
NATIONAL WEATHER SERVICE ALBANY NY
230 AM EDT FRI JUL 1 2016

...................................

...THE POUGHKEEPSIE NY CLIMATE SUMMARY FOR THE MONTH OF JUNE 2016...

CLIMATE NORMAL PERIOD 1981 TO 2010
CLIMATE RECORD PERIOD 1949 TO 2016

WEATHER         OBSERVED          NORMAL  DEPART  LAST YEAR`S
                 VALUE   DATE(S)  VALUE   FROM    VALUE  DATE(S)
                                          NORMAL
................................................................
TEMPERATURE (F)
HIGHEST            92   06/26                         89  06/11
                        06/20
                        06/19
LOWEST             45   06/11                         40  06/07
AVG. MAXIMUM     83.0              79.5     3.5     77.8
AVG. MINIMUM     57.2              55.7     1.5     57.6
MEAN             70.1              67.6     2.5     67.7
DAYS MAX >= 90      3               2.4     0.6        0
DAYS MAX <= 32      0               0.0     0.0        0
DAYS MIN <= 32      0               0.0     0.0        0
DAYS MIN <= 0       0               0.0     0.0        0

PRECIPITATION (INCHES)
RECORD
 MAXIMUM         9.82   2013
 MINIMUM         0.30   1988
TOTALS           2.03              4.43   -2.40     4.13
DAILY AVG.       0.07              0.15   -0.08     0.14
DAYS >= .01         6              12.2    -6.2       16
DAYS >= .10         4               8.0    -4.0       10
DAYS >= .50         3               3.1    -0.1        2
DAYS >= 1.00        0               1.0    -1.0        0
GREATEST
 24 HR. TOTAL    0.63   06/27 TO 06/28

DEGREE_DAYS
HEATING TOTAL       8                49     -41       46
 SINCE 7/1       4777              6211   -1434     6291
COOLING TOTAL     171               127      44      133
 SINCE 1/1        252               163      89      246

FREEZE DATES
RECORD
 EARLIEST     09/15/1963
 LATEST       05/25/1949
EARLIEST      02/01             10/09
LATEST        04/15             04/29
.................................................................

WIND (MPH)
AVERAGE WIND SPEED              4.7
HIGHEST WIND SPEED/DIRECTION    25/270    DATE  06/09
HIGHEST GUST SPEED/DIRECTION    36/280    DATE  06/09

SKY COVER
AVERAGE SKY COVER           0.30

AVERAGE RH (PERCENT)     61

WEATHER CONDITIONS. NUMBER OF DAYS WITH
THUNDERSTORM              0     MIXED PRECIP               0
HEAVY RAIN                4     RAIN                       4
LIGHT RAIN                7     FREEZING RAIN              0
LT FREEZING RAIN          0     HAIL                       0
HEAVY SNOW                0     SNOW                       0
LIGHT SNOW                0     SLEET                      0
FOG                       8     FOG W/VIS <= 1/4 MILE      0
HAZE                      3

-  INDICATES NEGATIVE NUMBERS.
R  INDICATES RECORD WAS SET OR TIED.
MM INDICATES DATA IS MISSING.
T  INDICATES TRACE AMOUNT.

$$

RECORDS FOR POUGHKEEPSIE DATE BACK TO 1949...HOWEVER DATA IS
MISSING FROM JANUARY 1993 THROUGH JULY 2000
