000
CXUS51 KALY 010627
CLMPOU


CLIMATE REPORT
NATIONAL WEATHER SERVICE ALBANY NY
125 AM EST SAT MAR 1 2014

...................................

...THE POUGHKEEPSIE NY CLIMATE SUMMARY FOR THE MONTH OF FEBRUARY 2014...

CLIMATE NORMAL PERIOD 1981 TO 2010
CLIMATE RECORD PERIOD 1949 TO 2014

WEATHER         OBSERVED          NORMAL  DEPART  LAST YEAR`S
                 VALUE   DATE(S)  VALUE   FROM    VALUE  DATE(S)
                                          NORMAL
................................................................
TEMPERATURE (F)
HIGHEST            52   02/22                         52  02/15
LOWEST             -9R  02/12                         -5  02/10
AVG. MAXIMUM     34.6              39.4    -4.8     38.2
AVG. MINIMUM     11.4              17.8    -6.4     21.9
MEAN             23.0              28.6    -5.6     30.1
DAYS MAX >= 90      0               0.0     0.0        0
DAYS MAX <= 32     16               5.8    10.2        7
DAYS MIN <= 32     28              26.2     1.8       25
DAYS MIN <= 0       4               1.2     2.8        1

PRECIPITATION (INCHES)
RECORD
 MAXIMUM         7.50   2008
 MINIMUM         0.32   1987
TOTALS           2.78              2.66    0.12     1.61
DAILY AVG.       0.10              0.10    0.00     0.06
DAYS >= .01        11               9.1     1.9       12
DAYS >= .10         6               6.2    -0.2        5
DAYS >= .50         2               1.6     0.4        1
DAYS >= 1.00        0               0.4    -0.4        0
GREATEST
 24 HR. TOTAL    0.95   02/04 TO 02/05

DEGREE_DAYS
HEATING TOTAL    1169              1019     150      970
 SINCE 7/1       4703              4571     132     4121
COOLING TOTAL       0                 0       0        0
 SINCE 1/1          0                 0       0        0

FREEZE DATES
RECORD
 EARLIEST     09/15/1963
 LATEST       05/25/1949
EARLIEST                        10/09
LATEST                          04/29
.................................................................

WIND (MPH)
AVERAGE WIND SPEED              4.7
HIGHEST WIND SPEED/DIRECTION    28/270    DATE  02/27
HIGHEST GUST SPEED/DIRECTION    40/270    DATE  02/27

SKY COVER
AVERAGE SKY COVER           0.40

AVERAGE RH (PERCENT)     66

WEATHER CONDITIONS. NUMBER OF DAYS WITH
THUNDERSTORM              2     MIXED PRECIP               0
HEAVY RAIN                0     RAIN                       2
LIGHT RAIN                4     FREEZING RAIN              2
LT FREEZING RAIN          2     HAIL                       0
HEAVY SNOW                3     SNOW                       6
LIGHT SNOW                9     SLEET                      0
FOG                      20     FOG W/VIS <= 1/4 MILE      7
HAZE                     20

-  INDICATES NEGATIVE NUMBERS.
R  INDICATES RECORD WAS SET OR TIED.
MM INDICATES DATA IS MISSING.
T  INDICATES TRACE AMOUNT.

RECORDS FOR KPOU DATE BACK TO 1949...
HOWEVER...DATA IS MISSING FROM JANUARY 1993 - JULY 2000.

$$
