000
CXUS51 KALY 010757
CLMPOU


CLIMATE REPORT
NATIONAL WEATHER SERVICE ALBANY NY
354 AM EDT THU OCT 1 2015

...................................

...THE POUGHKEEPSIE NY CLIMATE SUMMARY FOR THE MONTH OF SEPTEMBER 2015...

CLIMATE NORMAL PERIOD 1981 TO 2010
CLIMATE RECORD PERIOD 1949 TO 2015

WEATHER         OBSERVED          NORMAL  DEPART  LAST YEAR`S
                 VALUE   DATE(S)  VALUE   FROM    VALUE  DATE(S)
                                          NORMAL
................................................................
TEMPERATURE (F)
HIGHEST            97   09/08                         92  09/06
LOWEST             41   09/27                         38  09/23
AVG. MAXIMUM     82.4              75.0     7.4     77.3
AVG. MINIMUM     55.4              51.1     4.3     52.0
MEAN             68.9              63.1     5.8     64.6
DAYS MAX >= 90      6               0.9     5.1        2
DAYS MAX <= 32      0               0.0     0.0        0
DAYS MIN <= 32      0               0.1    -0.1        0
DAYS MIN <= 0       0               0.0     0.0        0

PRECIPITATION (INCHES)
RECORD
 MAXIMUM        10.10   2011
 MINIMUM         0.46   1986
TOTALS           3.46              4.28   -0.82     0.52
DAILY AVG.       0.12              0.14   -0.02     0.02
DAYS >= .01         6               9.3    -3.3        6
DAYS >= .10         5               5.8    -0.8        3
DAYS >= .50         3               2.4     0.6        0
DAYS >= 1.00        1               1.1    -0.1        0
GREATEST
 24 HR. TOTAL    1.76   09/29 TO 09/30

DEGREE_DAYS
HEATING TOTAL      33               123     -90       89
 SINCE 7/1         33               140    -107       94
COOLING TOTAL     157                64      93       86
 SINCE 1/1        962               668     294      683

FREEZE DATES
RECORD
 EARLIEST     09/15/1963
 LATEST       05/25/1949
EARLIEST                        10/09
LATEST                          04/29
.................................................................

WIND (MPH)
AVERAGE WIND SPEED              3.7
HIGHEST WIND SPEED/DIRECTION    22/020    DATE  09/30
HIGHEST GUST SPEED/DIRECTION    31/020    DATE  09/30

SKY COVER
AVERAGE SKY COVER           0.20

AVERAGE RH (PERCENT)     66

WEATHER CONDITIONS. NUMBER OF DAYS WITH
THUNDERSTORM              2     MIXED PRECIP               0
HEAVY RAIN                3     RAIN                       5
LIGHT RAIN                7     FREEZING RAIN              0
LT FREEZING RAIN          0     HAIL                       0
HEAVY SNOW                0     SNOW                       0
LIGHT SNOW                0     SLEET                      0
FOG                      11     FOG W/VIS <= 1/4 MILE      0
HAZE                      3

-  INDICATES NEGATIVE NUMBERS.
R  INDICATES RECORD WAS SET OR TIED.
MM INDICATES DATA IS MISSING.
T  INDICATES TRACE AMOUNT.

RECORDS FOR POUGHKEEPSIE DATE BACK TO 1949...HOWEVER DATA IS MISSING
FROM JANUARY 1993 THROUGH JULY 2000.

$$
