587
CXUS51 KALY 010627
CLMPOU


CLIMATE REPORT
NATIONAL WEATHER SERVICE ALBANY NY
226 AM EDT WED JUN 1 2016

...................................

...THE POUGHKEEPSIE NY CLIMATE SUMMARY FOR THE MONTH OF MAY 2016...

CLIMATE NORMAL PERIOD 1981 TO 2010
CLIMATE RECORD PERIOD 1949 TO 2016

WEATHER         OBSERVED          NORMAL  DEPART  LAST YEAR`S
                 VALUE   DATE(S)  VALUE   FROM    VALUE  DATE(S)
                                          NORMAL
................................................................
TEMPERATURE (F)
HIGHEST            94   05/28                         89  05/26
                                                          05/11
                                                          05/10
LOWEST             35R  05/10                         35  05/14
AVG. MAXIMUM     72.9              71.3     1.6     79.3
AVG. MINIMUM     49.9              46.3     3.6     51.5
MEAN             61.4              58.8     2.6     65.4
DAYS MAX >= 90      4               0.5     3.5        0
DAYS MAX <= 32      0               0.0     0.0        0
DAYS MIN <= 32      0               0.9    -0.9        0
DAYS MIN <= 0       0               0.0     0.0        0

PRECIPITATION (INCHES)
RECORD
 MAXIMUM        11.81   1989
 MINIMUM         0.94   1964
TOTALS           3.21              4.41   -1.20     1.97
DAILY AVG.       0.10              0.14   -0.04     0.06
DAYS >= .01        13              12.5     0.5        7
DAYS >= .10         8               7.9     0.1        4
DAYS >= .50         1               2.8    -1.8        2
DAYS >= 1.00        0               1.2    -1.2        0
GREATEST
 24 HR. TOTAL    0.69   05/02 TO 05/03

DEGREE_DAYS
HEATING TOTAL     184               223     -39       94
 SINCE 7/1       4769              6162   -1393     6245
COOLING TOTAL      77                31      46      113
 SINCE 1/1         81                36      45      113

FREEZE DATES
RECORD
 EARLIEST     09/15/1963
 LATEST       05/25/1949
EARLIEST                        10/09
LATEST                          04/29
.................................................................

WIND (MPH)
AVERAGE WIND SPEED              4.4
HIGHEST WIND SPEED/DIRECTION    28/260    DATE  05/16
HIGHEST GUST SPEED/DIRECTION    39/270    DATE  05/16

SKY COVER
AVERAGE SKY COVER           0.50

AVERAGE RH (PERCENT)     64

WEATHER CONDITIONS. NUMBER OF DAYS WITH
THUNDERSTORM              0     MIXED PRECIP               0
HEAVY RAIN                2     RAIN                       8
LIGHT RAIN               13     FREEZING RAIN              0
LT FREEZING RAIN          0     HAIL                       0
HEAVY SNOW                0     SNOW                       0
LIGHT SNOW                0     SLEET                      0
FOG                      14     FOG W/VIS <= 1/4 MILE      3
HAZE                     10

-  INDICATES NEGATIVE NUMBERS.
R  INDICATES RECORD WAS SET OR TIED.
MM INDICATES DATA IS MISSING.
T  INDICATES TRACE AMOUNT.

$$
