000
CXUS51 KALY 010820
CLMPOU


CLIMATE REPORT
NATIONAL WEATHER SERVICE ALBANY NY
416 AM EDT MON MAY 1 2017

...................................

...THE POUGHKEEPSIE NY CLIMATE SUMMARY FOR THE MONTH OF APRIL 2017...

CLIMATE NORMAL PERIOD 1981 TO 2010
CLIMATE RECORD PERIOD 1949 TO 2017

WEATHER         OBSERVED          NORMAL  DEPART  LAST YEAR`S
                 VALUE   DATE(S)  VALUE   FROM    VALUE  DATE(S)
                                          NORMAL
................................................................
TEMPERATURE (F)
HIGHEST            86   04/11                         81  04/22
LOWEST             26   04/09                         19  04/06
AVG. MAXIMUM     64.4              60.8     3.6     61.2
AVG. MINIMUM     41.7              36.6     5.1     37.3
MEAN             53.0              48.7     4.3     49.3
DAYS MAX >= 90      0               0.2    -0.2        0
DAYS MAX <= 32      0               0.0     0.0        0
DAYS MIN <= 32      4               9.3    -5.3        9
DAYS MIN <= 0       0               0.0     0.0        0

PRECIPITATION (INCHES)
RECORD
 MAXIMUM         8.51   1983
 MINIMUM         1.03   1978
TOTALS           2.38              3.78   -1.40     2.23
DAILY AVG.       0.08              0.13   -0.05     0.07
DAYS >= .01        14              10.8     3.2       10
DAYS >= .10         7               6.6     0.4        7
DAYS >= .50         2               2.2    -0.2        0
DAYS >= 1.00        0               0.9    -0.9        0
GREATEST
 24 HR. TOTAL    0.74   03/31 TO 04/01

DEGREE_DAYS
HEATING TOTAL     367               494    -127      470
 SINCE 7/1       5404              5939    -535     4585
COOLING TOTAL      17                 5      12        4
 SINCE 1/1         17                 5      12        4

FREEZE DATES
RECORD
 EARLIEST     09/15/1963
 LATEST       05/25/1949
EARLIEST                        10/09
LATEST                          04/29
.................................................................

WIND (MPH)
AVERAGE WIND SPEED              5.4
HIGHEST WIND SPEED/DIRECTION    32/280    DATE  04/16
HIGHEST GUST SPEED/DIRECTION    45/280    DATE  04/16

SKY COVER
AVERAGE SKY COVER           0.50

AVERAGE RH (PERCENT)     66

WEATHER CONDITIONS. NUMBER OF DAYS WITH
THUNDERSTORM              0     MIXED PRECIP               0
HEAVY RAIN                4     RAIN                       8
LIGHT RAIN               14     FREEZING RAIN              0
LT FREEZING RAIN          0     HAIL                       0
HEAVY SNOW                0     SNOW                       0
LIGHT SNOW                0     SLEET                      0
FOG                      14     FOG W/VIS <= 1/4 MILE      0
HAZE                      5

-  INDICATES NEGATIVE NUMBERS.
R  INDICATES RECORD WAS SET OR TIED.
MM INDICATES DATA IS MISSING.
T  INDICATES TRACE AMOUNT.

$$
