630
CXUS51 KALY 010642
CLMPOU


CLIMATE REPORT
NATIONAL WEATHER SERVICE ALBANY NY
239 AM EDT SAT OCT 1 2016

...................................

...THE POUGHKEEPSIE NY CLIMATE SUMMARY FOR THE MONTH OF SEPTEMBER 2016...

CLIMATE NORMAL PERIOD 1981 TO 2010
CLIMATE RECORD PERIOD 1949 TO 2016

WEATHER         OBSERVED          NORMAL  DEPART  LAST YEAR`S
                 VALUE   DATE(S)  VALUE   FROM    VALUE  DATE(S)
                                          NORMAL
................................................................
TEMPERATURE (F)
HIGHEST            91   09/09                         97  09/08
LOWEST             34R  09/26                         41  09/27
AVG. MAXIMUM     78.8              75.0     3.8     82.4
AVG. MINIMUM     53.1              51.1     2.0     55.4
MEAN             66.0              63.1     2.9     68.9
DAYS MAX >= 90      2               0.9     1.1        6
DAYS MAX <= 32      0               0.0     0.0        0
DAYS MIN <= 32      0               0.1    -0.1        0
DAYS MIN <= 0       0               0.0     0.0        0

PRECIPITATION (INCHES)
RECORD
 MAXIMUM        10.10   2011
 MINIMUM         0.46   1986
TOTALS           0.93              4.28   -3.35     3.46
DAILY AVG.       0.03              0.14   -0.11     0.12
DAYS >= .01         7               9.3    -2.3        6
DAYS >= .10         4               5.8    -1.8        5
DAYS >= .50         0               2.4    -2.4        3
DAYS >= 1.00        0               1.1    -1.1        1
GREATEST
 24 HR. TOTAL    0.35   09/27 TO 09/27
                        09/26 TO 09/27
                        09/27 TO 09/27

DEGREE_DAYS
HEATING TOTAL      71               123     -52       33
 SINCE 7/1         73               140     -67       33
COOLING TOTAL     107                64      43      157
 SINCE 1/1       1049               668     381      962

FREEZE DATES
RECORD
 EARLIEST     09/15/1963
 LATEST       05/25/1949
EARLIEST                        10/09
LATEST                          04/29
.................................................................

WIND (MPH)
AVERAGE WIND SPEED              4.3
HIGHEST WIND SPEED/DIRECTION    26/280    DATE  09/11
HIGHEST GUST SPEED/DIRECTION    36/280    DATE  09/11

SKY COVER
AVERAGE SKY COVER           0.30

AVERAGE RH (PERCENT)     70

WEATHER CONDITIONS. NUMBER OF DAYS WITH
THUNDERSTORM              2     MIXED PRECIP               0
HEAVY RAIN                1     RAIN                       5
LIGHT RAIN                8     FREEZING RAIN              0
LT FREEZING RAIN          0     HAIL                       0
HEAVY SNOW                0     SNOW                       0
LIGHT SNOW                0     SLEET                      0
FOG                      13     FOG W/VIS <= 1/4 MILE      2
HAZE                      1

-  INDICATES NEGATIVE NUMBERS.
R  INDICATES RECORD WAS SET OR TIED.
MM INDICATES DATA IS MISSING.
T  INDICATES TRACE AMOUNT.

RECORDS FOR KPOU DATE BACK TO 1949...
HOWEVER...DATA IS MISSING FROM JANUARY 1993 - JULY 2000.
$$
