000
CXUS51 KALY 010828
CLMPOU


CLIMATE REPORT
NATIONAL WEATHER SERVICE ALBANY NY
422 AM EDT THU JUN 1 2017

...................................

...THE POUGHKEEPSIE NY CLIMATE SUMMARY FOR THE MONTH OF MAY 2017...

CLIMATE NORMAL PERIOD 1981 TO 2010
CLIMATE RECORD PERIOD 1949 TO 2017

WEATHER         OBSERVED          NORMAL  DEPART  LAST YEAR`S
                 VALUE   DATE(S)  VALUE   FROM    VALUE  DATE(S)
                                          NORMAL
................................................................
TEMPERATURE (F)
HIGHEST            93   05/18                         94  05/28
LOWEST             32R  05/11                         35  05/10
                        05/04
AVG. MAXIMUM     67.7              71.3    -3.6     72.9
AVG. MINIMUM     47.0              46.3     0.7     49.9
MEAN             57.4              58.8    -1.4     61.4
DAYS MAX >= 90      2               0.5     1.5        4
DAYS MAX <= 32      0               0.0     0.0        0
DAYS MIN <= 32      2               0.9     1.1        0
DAYS MIN <= 0       0               0.0     0.0        0

PRECIPITATION (INCHES)
RECORD
 MAXIMUM        11.81   1989
 MINIMUM         0.94   1964
TOTALS           4.00              4.41   -0.41     3.21
DAILY AVG.       0.13              0.14   -0.01     0.10
DAYS >= .01         9              12.5    -3.5       13
DAYS >= .10         8               7.9     0.1        8
DAYS >= .50         2               2.8    -0.8        1
DAYS >= 1.00        2               1.2     0.8        0
GREATEST
 24 HR. TOTAL    1.43   05/13 TO 05/13

DEGREE_DAYS
HEATING TOTAL     260               223      37      184
 SINCE 7/1       5664              6162    -498     4769
COOLING TOTAL      31                31       0       77
 SINCE 1/1         48                36      12       81

FREEZE DATES
RECORD
 EARLIEST     09/15/1963
 LATEST       05/25/1949
EARLIEST                        10/09
LATEST                          04/29
.................................................................

WIND (MPH)
AVERAGE WIND SPEED              5.2
HIGHEST WIND SPEED/DIRECTION    31/240    DATE  05/02
HIGHEST GUST SPEED/DIRECTION    42/240    DATE  05/02

SKY COVER
AVERAGE SKY COVER           0.60

AVERAGE RH (PERCENT)     69

WEATHER CONDITIONS. NUMBER OF DAYS WITH
THUNDERSTORM              5     MIXED PRECIP               0
HEAVY RAIN                3     RAIN                       5
LIGHT RAIN               11     FREEZING RAIN              0
LT FREEZING RAIN          0     HAIL                       0
HEAVY SNOW                0     SNOW                       0
LIGHT SNOW                0     SLEET                      0
FOG                      14     FOG W/VIS <= 1/4 MILE      1
HAZE                      3

-  INDICATES NEGATIVE NUMBERS.
R  INDICATES RECORD WAS SET OR TIED.
MM INDICATES DATA IS MISSING.
T  INDICATES TRACE AMOUNT.

$$

RECORDS FOR POUGHKEEPSIE DATE BACK TO 1949...HOWEVER DATA IS
MISSING FROM JANUARY 1993 THROUGH JULY 2000
