000
CXUS51 KALY 031357
CLSPOU

CLIMATE REPORT
NATIONAL WEATHER SERVICE ALBANY NY
852 AM EST MON DEC 3 2012

...................................

...THE POUGHKEEPSIE NY CLIMATE SUMMARY FOR THE SEASON, FROM
9/1/2012 TO 11/30/2012...

CLIMATE NORMAL PERIOD 1981 TO 2010
CLIMATE RECORD PERIOD 1948 TO 2012

WEATHER         OBSERVED          NORMAL  DEPART
                 VALUE   DATE(S)  VALUE   FROM
                                          NORMAL
................................................
TEMPERATURE (F)
HIGHEST            89   09/01
LOWEST             20   11/06
AVG. MAXIMUM     62.4              63.5    -1.1
AVG. MINIMUM     43.1              40.4     2.7
MEAN             52.8              51.9     0.9
DAYS MAX >= 90      0               0.9    -0.9
DAYS MAX <= 32      0               0.3    -0.3
DAYS MIN <= 32     21              25.7    -4.7
DAYS MIN <= 0       0               0.0     0.0

PRECIPITATION (INCHES)
TOTALS          10.08             12.22   -2.14
DAILY AVG.       0.11              0.13   -0.02
DAYS >= .01        31              28.1     2.9
DAYS >= .10        18              18.1    -0.1
DAYS >= .50         6               7.8    -1.8
DAYS >= 1.00        1               3.2    -2.2

DEGREE_DAYS
HEATING TOTAL    1144              1261    -117
 SINCE 7/1       1146              1278    -132
COOLING TOTAL      84                68      16
 SINCE 1/1        895               672     223
.................................................

WIND (MPH)
AVERAGE WIND SPEED              3.9
HIGHEST WIND SPEED/DIRECTION    38/260    DATE  09/08
HIGHEST GUST SPEED/DIRECTION    85/090    DATE  10/03


WEATHER CONDITIONS. NUMBER OF DAYS WITH
THUNDERSTORM              0     MIXED PRECIP               0
HEAVY RAIN               10     RAIN                      14
LIGHT RAIN               33     FREEZING RAIN              0
LT FREEZING RAIN          0     HAIL                       0
HEAVY SNOW                0     SNOW                       2
LIGHT SNOW                2     SLEET                      0
FOG                      47     FOG W/VIS <= 1/4 MILE     10
HAZE                     11

-  INDICATES NEGATIVE NUMBERS.
R  INDICATES RECORD WAS SET OR TIED.
MM INDICATES DATA IS MISSING.
T  INDICATES TRACE AMOUNT.

$$
