000
CXUS51 KALY 011656
CLSPOU

CLIMATE REPORT
NATIONAL WEATHER SERVICE ALBANY NY
1137 AM EST FRI MAR 1 2013

...................................

...THE POUGHKEEPSIE NY CLIMATE SUMMARY FOR THE SEASON, FROM
12/1/2012 TO 2/28/2013...

CLIMATE NORMAL PERIOD 1981 TO 2010
CLIMATE RECORD PERIOD 1948 TO 2013

WEATHER         OBSERVED          NORMAL  DEPART
                 VALUE   DATE(S)  VALUE   FROM
                                          NORMAL
................................................
TEMPERATURE (F)
HIGHEST            62   01/31
LOWEST             -5   02/10
AVG. MAXIMUM     40.1              38.3     1.8
AVG. MINIMUM     23.1              18.5     4.6
MEAN             31.6              28.4     3.2
DAYS MAX >= 90      0               0.0     0.0
DAYS MAX <= 32     17              23.0    -6.0
DAYS MIN <= 32     73              81.7    -8.7
DAYS MIN <= 0       1               5.0    -4.0

PRECIPITATION (INCHES)
TOTALS           7.88              9.27   -1.39
DAILY AVG.       0.09              0.10   -0.01
DAYS >= .01        36              30.5     5.5
DAYS >= .10        18              19.8    -1.8
DAYS >= .50         6               6.3    -0.3
DAYS >= 1.00        1               1.5    -0.5

DEGREE_DAYS
HEATING TOTAL    2975              3293    -318
 SINCE 7/1       4121              4571    -450
COOLING TOTAL       0                 0       0
 SINCE 1/1          0                 0       0
.................................................

WIND (MPH)
AVERAGE WIND SPEED              5.0
HIGHEST WIND SPEED/DIRECTION    31/270    DATE  12/22
HIGHEST GUST SPEED/DIRECTION    46/250    DATE  01/31


WEATHER CONDITIONS. NUMBER OF DAYS WITH
THUNDERSTORM              0     MIXED PRECIP               0
HEAVY RAIN                2     RAIN                       7
LIGHT RAIN               30     FREEZING RAIN              1
LT FREEZING RAIN          4     HAIL                       0
HEAVY SNOW                2     SNOW                       6
LIGHT SNOW               24     SLEET                      0
FOG                      57     FOG W/VIS <= 1/4 MILE     14
HAZE                     33

-  INDICATES NEGATIVE NUMBERS.
R  INDICATES RECORD WAS SET OR TIED.
MM INDICATES DATA IS MISSING.
T  INDICATES TRACE AMOUNT.

$$
