000
CXUS51 KALY 011628
CLSPOU

CLIMATE REPORT
NATIONAL WEATHER SERVICE ALBANY NY
1128 AM EST THU MAR 1 2012

...................................

...THE POUGHKEEPSIE NY CLIMATE SUMMARY FOR THE SEASON, FROM
12/1/2011 TO 2/29/2012...

CLIMATE NORMAL PERIOD 1981 TO 2010
CLIMATE RECORD PERIOD 1948 TO 2012

WEATHER         OBSERVED          NORMAL  DEPART
                 VALUE   DATE(S)  VALUE   FROM
                                          NORMAL
................................................
TEMPERATURE (F)
HIGHEST            61   02/01
                        01/07
                        12/06
LOWEST              1   01/22
AVG. MAXIMUM     44.7              38.3     6.4
AVG. MINIMUM     25.1              18.5     6.6
MEAN             34.9              28.4     6.5
DAYS MAX >= 90      0               0.0     0.0
DAYS MAX <= 32     10              23.0   -13.0
DAYS MIN <= 32     78              81.7    -3.7
DAYS MIN <= 0       0               5.0    -5.0

PRECIPITATION (INCHES)
TOTALS           8.00              9.27   -1.27
DAILY AVG.       0.09              0.10   -0.01
DAYS >= .01        26              30.5    -4.5
DAYS >= .10        16              19.8    -3.8
DAYS >= .50         5               6.3    -1.3
DAYS >= 1.00        1               1.5    -0.5

DEGREE_DAYS
HEATING TOTAL    2714              3293    -579
 SINCE 7/1       3691              4604    -913
COOLING TOTAL       0                 0       0
 SINCE 1/1          0                 0       0
.................................................

WIND (MPH)
AVERAGE WIND SPEED              5.0
HIGHEST WIND SPEED/DIRECTION    32/260    DATE  02/25
HIGHEST GUST SPEED/DIRECTION    44/250    DATE  02/25


WEATHER CONDITIONS. NUMBER OF DAYS WITH
THUNDERSTORM              0     MIXED PRECIP               0
HEAVY RAIN                3     RAIN                       9
LIGHT RAIN               24     FREEZING RAIN              0
LT FREEZING RAIN          1     HAIL                       0
HEAVY SNOW                2     SNOW                       4
LIGHT SNOW               13     SLEET                      0
FOG                      45     FOG W/VIS <= 1/4 MILE      8
HAZE                     17

-  INDICATES NEGATIVE NUMBERS.
R  INDICATES RECORD WAS SET OR TIED.
MM INDICATES DATA IS MISSING.
T  INDICATES TRACE AMOUNT.

$$
