382
CXUS51 KALY 010650
CLSPOU

CLIMATE REPORT - SEASONAL
NATIONAL WEATHER SERVICE ALBANY NY
245 AM EDT FRI SEP 1 2017

...................................

...THE POUGHKEEPSIE NY CLIMATE SUMMARY FOR THE SEASON, FROM
6/1/2017 TO 8/31/2017...

CLIMATE NORMAL PERIOD 1981 TO 2010
CLIMATE RECORD PERIOD 1949 TO 2017

WEATHER         OBSERVED          NORMAL  DEPART  LAST YEAR`S
                 VALUE   DATE(S)  VALUE   FROM    VALUE  DATE(S)
                                          NORMAL
................................................................
TEMPERATURE (F)
HIGHEST            93   06/13                         98  07/22
LOWEST             43   06/03                         45  06/11
AVG. MAXIMUM     80.6              82.2    -1.6     86.0
AVG. MINIMUM     58.9              58.8     0.1     61.9
MEAN             69.8              70.5    -0.7     73.9
DAYS MAX >= 90      8              12.5    -4.5       25
DAYS MAX <= 32      0               0.0     0.0        0
DAYS MIN <= 32      0               0.0     0.0        0
DAYS MIN <= 0       0               0.0     0.0        0

PRECIPITATION (INCHES)
RECORD
 MAXIMUM        20.77   1975
 MINIMUM         2.87   1966
TOTALS          12.04             13.28   -1.24    10.16
DAILY AVG.       0.13              0.14   -0.01     0.11
DAYS >= .01        31              32.7    -1.7       31
DAYS >= .10        22              21.9     0.1       17
DAYS >= .50        10               8.9     1.1        8
DAYS >= 1.00        3               3.4    -0.4        2
GREATEST
 24 HR. TOTAL    1.61   08/02 TO 08/02

DEGREE_DAYS
HEATING TOTAL      70                65       5
 SINCE 7/1         20                17       3
COOLING TOTAL     526               567     -41
 SINCE 1/1        574               604     -30

FREEZE DATES
RECORD
 EARLIEST     09/15/1963
 LATEST       05/25/1949
EARLIEST                        10/09
LATEST                          04/29
.................................................................

WIND (MPH)
AVERAGE WIND SPEED              3.9
HIGHEST WIND SPEED/DIRECTION    24/340    DATE  07/12
HIGHEST GUST SPEED/DIRECTION    33/310    DATE  07/12


WEATHER CONDITIONS. NUMBER OF DAYS WITH
THUNDERSTORM             16     MIXED PRECIP               0
HEAVY RAIN               15     RAIN                      20
LIGHT RAIN               36     FREEZING RAIN              0
LT FREEZING RAIN          0     HAIL                       0
HEAVY SNOW                0     SNOW                       0
LIGHT SNOW                0     SLEET                      0
FOG                      47     FOG W/VIS <= 1/4 MILE      6
HAZE                      8

-  INDICATES NEGATIVE NUMBERS.
R  INDICATES RECORD WAS SET OR TIED.
MM INDICATES DATA IS MISSING.
T  INDICATES TRACE AMOUNT.

$$

RECORDS FOR POUGHKEEPSIE DATE BACK TO 1949...HOWEVER DATA IS
MISSING FROM JANUARY 1993 THORUGH JULY 2000
