000
CXUS51 KALY 010727
CLSPOU

CLIMATE REPORT...SEASONAL
NATIONAL WEATHER SERVICE ALBANY NY
214 AM EST TUE MAR 1 2016

...................................

...THE POUGHKEEPSIE NY CLIMATE SUMMARY FOR THE SEASON, FROM
12/1/2015 TO 2/29/2016...

CLIMATE NORMAL PERIOD 1981 TO 2010
CLIMATE RECORD PERIOD 1949 TO 2016

WEATHER         OBSERVED          NORMAL  DEPART  LAST YEAR`S
                 VALUE   DATE(S)  VALUE   FROM    VALUE  DATE(S)
                                          NORMAL
................................................................
TEMPERATURE (F)
HIGHEST            66   02/24                         62  12/25
LOWEST             -6   02/14                        -14  02/16
AVG. MAXIMUM     43.3              38.3     5.0     34.5
AVG. MINIMUM     22.7              18.5     4.2     15.8
MEAN             33.0              28.4     4.6     25.1
DAYS MAX >= 90      0               0.0     0.0        0
DAYS MAX <= 32     11              23.0   -12.0       39
DAYS MIN <= 32     50              81.7   -31.7       80
DAYS MIN <= 0       2               5.0    -3.0       13

PRECIPITATION (INCHES)
RECORD
 MAXIMUM        19.96   1973
 MINIMUM         3.61   1980
TOTALS           5.68              9.27   -3.59     7.30
DAILY AVG.       0.09              0.10   -0.01     0.08
DAYS >= .01        13              30.5   -17.5       33
DAYS >= .10         8              19.8   -11.8       15
DAYS >= .50         4               6.3    -2.3        5
DAYS >= 1.00        1               1.5    -0.5        2
GREATEST
 24 HR. TOTAL    2.45   02/24 TO 02/25

DEGREE_DAYS
HEATING TOTAL    2544              3293    -749
 SINCE 7/1       3532              4571   -1039
COOLING TOTAL       0                 0       0
 SINCE 1/1          0                 0       0

FREEZE DATES
RECORD
 EARLIEST     09/15/1963
 LATEST       05/25/1949
EARLIEST                        10/09
LATEST                          04/29
.................................................................

WIND (MPH)
AVERAGE WIND SPEED              6.3
HIGHEST WIND SPEED/DIRECTION    32/230    DATE  02/24
HIGHEST GUST SPEED/DIRECTION    47/230    DATE  02/24


WEATHER CONDITIONS. NUMBER OF DAYS WITH
THUNDERSTORM              3     MIXED PRECIP               0
HEAVY RAIN                4     RAIN                       5
LIGHT RAIN                9     FREEZING RAIN              2
LT FREEZING RAIN          2     HAIL                       0
HEAVY SNOW                0     SNOW                       3
LIGHT SNOW               14     SLEET                      0
FOG                      15     FOG W/VIS <= 1/4 MILE      1
HAZE                     19

-  INDICATES NEGATIVE NUMBERS.
R  INDICATES RECORD WAS SET OR TIED.
MM INDICATES DATA IS MISSING.
T  INDICATES TRACE AMOUNT.

$$

NITE: RECORDS FOR POUGHKEEPSIE DATE BACK TO 1949...HOWEVER DATA IS
MISSING FROM JANUARY 1993 THROUGH JULY 2000.
