000
CXUS51 KALY 011631
CLSPOU

ALBCLMPOU 000
TTAA00 KALY 011627


CLIMATE REPORT
NATIONAL WEATHER SERVICE ALBANY NY
1131 AM EST FRI DEC 1 2017

...................................

...THE POUGHKEEPSIE NY CLIMATE SUMMARY FOR THE SEASON, FROM
9/1/2017 TO 11/30/2017...

CLIMATE NORMAL PERIOD 1981 TO 2010
CLIMATE RECORD PERIOD 1949 TO 2017

WEATHER         OBSERVED          NORMAL  DEPART  LAST YEAR`S
                 VALUE   DATE(S)  VALUE   FROM    VALUE  DATE(S)
                                          NORMAL
................................................................
TEMPERATURE (F)
HIGHEST            91   09/25                         91  09/09
LOWEST             14   11/11                         20  11/28
AVG. MAXIMUM     66.3              63.5     2.8     65.6
AVG. MINIMUM     43.1              40.4     2.7     41.2
MEAN             54.7              51.9     2.8     53.4
DAYS MAX >= 90      2               0.9     1.1        2
DAYS MAX <= 32      0               0.3    -0.3        0
DAYS MIN <= 32     21              25.7    -4.7       30
DAYS MIN <= 0       0               0.0     0.0        0

PRECIPITATION (INCHES)
RECORD
 MAXIMUM        22.90   2005
 MINIMUM         3.86   1964
TOTALS           6.44             12.22   -5.78     8.20
DAILY AVG.       0.07              0.13   -0.06     0.09
DAYS >= .01        29              28.1     0.9       24
DAYS >= .10        12              18.1    -6.1       13
DAYS >= .50         3               7.8    -4.8        6
DAYS >= 1.00        1               3.2    -2.2        2
GREATEST
 24 HR. TOTAL    1.89   10/29 TO 10/29

DEGREE_DAYS
HEATING TOTAL    1063              1261    -198
 SINCE 7/1       1083              1278    -195
COOLING TOTAL     144                68      76
 SINCE 1/1        718               672      46

FREEZE DATES
RECORD
 EARLIEST     09/15/1963
 LATEST       05/25/1949
EARLIEST                        10/09
LATEST                          04/29
.................................................................

WIND (MPH)
AVERAGE WIND SPEED              4.2
HIGHEST WIND SPEED/DIRECTION    31/270    DATE  11/19
HIGHEST GUST SPEED/DIRECTION    42/210    DATE  10/29


WEATHER CONDITIONS. NUMBER OF DAYS WITH
THUNDERSTORM              4     MIXED PRECIP               0
HEAVY RAIN                7     RAIN                      12
LIGHT RAIN               27     FREEZING RAIN              0
LT FREEZING RAIN          0     HAIL                       0
HEAVY SNOW                0     SNOW                       0
LIGHT SNOW                1     SLEET                      0
FOG                      51     FOG W/VIS <= 1/4 MILE     11
HAZE                      8

-  INDICATES NEGATIVE NUMBERS.
R  INDICATES RECORD WAS SET OR TIED.
MM INDICATES DATA IS MISSING.
T  INDICATES TRACE AMOUNT.

$$

RECORDS FOR KPOU DATE BACK TO 1949...
HOWEVER...DATA IS MISSING FROM JANUARY 1993 - JULY 2000.
