000
CXUS51 KALY 012242
CLSPOU

CLIMATE REPORT
NATIONAL WEATHER SERVICE ALBANY NY
633 PM EDT THU SEP 1 2016

...................................

...THE POUGHKEEPSIE NY CLIMATE SUMMARY FOR THE SEASON, FROM
6/1/2016 TO 8/31/2016...

CLIMATE NORMAL PERIOD 1981 TO 2010
CLIMATE RECORD PERIOD 1949 TO 2016

WEATHER         OBSERVED          NORMAL  DEPART  LAST YEAR`S
                 VALUE   DATE(S)  VALUE   FROM    VALUE  DATE(S)
                                          NORMAL
................................................................
TEMPERATURE (F)
HIGHEST            98   07/22                         96  07/29
                                                          07/19
LOWEST             45   06/11                         40  06/07
AVG. MAXIMUM     86.0              82.2     3.8     83.4
AVG. MINIMUM     61.9              58.8     3.1     60.1
MEAN             73.9              70.5     3.4     71.7
DAYS MAX >= 90     25              12.5    12.5       15
DAYS MAX <= 32      0               0.0     0.0        0
DAYS MIN <= 32      0               0.0     0.0        0
DAYS MIN <= 0       0               0.0     0.0        0

PRECIPITATION (INCHES)
RECORD
 MAXIMUM        20.77   1975
 MINIMUM         2.87   1966
TOTALS          10.16             13.28   -3.12     8.29
DAILY AVG.       0.11              0.14   -0.03     0.09
DAYS >= .01        31              32.7    -1.7       30
DAYS >= .10        17              21.9    -4.9       18
DAYS >= .50         8               8.9    -0.9        4
DAYS >= 1.00        2               3.4    -1.4        1
GREATEST
 24 HR. TOTAL    2.26   07/31 TO 08/01

DEGREE_DAYS
HEATING TOTAL      10                65     -55
 SINCE 7/1          2                17     -15
COOLING TOTAL     861               567     294
 SINCE 1/1        942               604     338

FREEZE DATES
RECORD
 EARLIEST     09/15/1963
 LATEST       05/25/1949
EARLIEST                        10/09
LATEST                          04/29
.................................................................

WIND (MPH)
AVERAGE WIND SPEED              4.1
HIGHEST WIND SPEED/DIRECTION    33/310    DATE  07/25
HIGHEST GUST SPEED/DIRECTION    45/320    DATE  07/25


WEATHER CONDITIONS. NUMBER OF DAYS WITH
THUNDERSTORM             14     MIXED PRECIP               0
HEAVY RAIN               10     RAIN                      14
LIGHT RAIN               29     FREEZING RAIN              0
LT FREEZING RAIN          0     HAIL                       0
HEAVY SNOW                0     SNOW                       0
LIGHT SNOW                0     SLEET                      0
FOG                      31     FOG W/VIS <= 1/4 MILE      2
HAZE                     10

-  INDICATES NEGATIVE NUMBERS.
R  INDICATES RECORD WAS SET OR TIED.
MM INDICATES DATA IS MISSING.
T  INDICATES TRACE AMOUNT.

RECORDS FOR POUGHKEEPSIE DATE BACK TO 1949...HOWEVER DATA IS
MISSING FROM JANUARY 1993 THROUGH JULY 2000.

$$
